{"id":9790,"date":"2020-12-02T10:40:41","date_gmt":"2020-12-02T08:40:41","guid":{"rendered":"http:\/\/turismevalles.com.mialias.net\/valles_oriental\/granollers\/"},"modified":"2022-02-25T14:41:15","modified_gmt":"2022-02-25T13:41:15","slug":"granollers","status":"publish","type":"valles_oriental","link":"https:\/\/turismevalles.com\/en\/valles_oriental\/granollers\/","title":{"rendered":"Granollers"},"content":{"rendered":"\n<p>Granollers city is located in the centre of Vall\u00e8s Oriental. This city is the capital of the county. Its privileged geographic location has always helped agriculture and especially commercial development.&#13;\n&#13;\n<\/p>\n\n<p>Testimonies are preserved since Roman times, with an important town located near the Via Augusta and a crossroads. The present town is of medieval foundation and grew around the parish church of Sant Esteve and the old road of Barcelona. It consolidated its commercial character with an important weekly market of agricultural and artisan products that was developed in the Greater Place and to those around it. In that one the Porxada (1586-1587) was built, initially like market of grain and that nowadays has become a symbol of the town.<\/p>\n\n<p>Modern city, it grew as a commercial centre from the beginning of the XX century and conserves outstanding residential and public buildings, most of them are built from 1907.<\/p>\n\n<p>Currently, Granollers maintains an important economic activity of which the commerce continues being an outstanding sector.<\/p>\n\n<p><a href=\"http:\/\/www.museugranollers.org\/\">More information<\/a><\/p>\n","protected":false},"featured_media":56787,"template":"","poblacions":[405],"valles_oriental_contingut":[322],"tipologia_estada":[1665,1667,1616,268],"class_list":["post-9790","valles_oriental","type-valles_oriental","status-publish","has-post-thumbnail","hentry","poblacions-granollers-en","valles_oriental_contingut-modernism","tipologia_estada-pet-friendly","tipologia_estada-senior-en","tipologia_estada-single-en","tipologia_estada-with-couple","generate-columns","tablet-grid-50","mobile-grid-100","grid-parent","grid-33"],"acf":[],"yoast_head":"<!-- This site is optimized with the Yoast SEO plugin v26.4 - https:\/\/yoast.com\/wordpress\/plugins\/seo\/ -->\n<title>Granollers - Turisme Vall\u00e8s<\/title>\n<meta name=\"robots\" content=\"index, follow, max-snippet:-1, max-image-preview:large, max-video-preview:-1\" \/>\n<link rel=\"canonical\" href=\"https:\/\/turismevalles.com\/valles_oriental\/granollers\/\" \/>\n<meta property=\"og:locale\" content=\"en_US\" \/>\n<meta property=\"og:type\" content=\"article\" \/>\n<meta property=\"og:title\" content=\"Granollers - Turisme Vall\u00e8s\" \/>\n<meta property=\"og:description\" content=\"Granollers city is located in the centre of Vall\u00e8s Oriental. This city is the capital of the county. Its privileged geographic location has always helped ... Veure m\u00e9s\" \/>\n<meta property=\"og:url\" content=\"https:\/\/turismevalles.com\/valles_oriental\/granollers\/\" \/>\n<meta property=\"og:site_name\" content=\"Turisme Vall\u00e8s\" \/>\n<meta property=\"article:modified_time\" content=\"2022-02-25T13:41:15+00:00\" \/>\n<meta property=\"og:image\" content=\"https:\/\/turismevalles.com\/wp-content\/uploads\/2020\/11\/Imatges-Granollers-03-Manel-Cuesta-1-scaled-e1720425961439.jpg\" \/>\n\t<meta property=\"og:image:width\" content=\"2560\" \/>\n\t<meta property=\"og:image:height\" content=\"1714\" \/>\n\t<meta property=\"og:image:type\" content=\"image\/jpeg\" \/>\n<meta name=\"twitter:card\" content=\"summary_large_image\" \/>\n<meta name=\"twitter:label1\" content=\"Est. reading time\" \/>\n\t<meta name=\"twitter:data1\" content=\"1 minute\" \/>\n<script type=\"application\/ld+json\" class=\"yoast-schema-graph\">{\"@context\":\"https:\/\/schema.org\",\"@graph\":[{\"@type\":\"WebPage\",\"@id\":\"https:\/\/turismevalles.com\/valles_oriental\/granollers\/\",\"url\":\"https:\/\/turismevalles.com\/valles_oriental\/granollers\/\",\"name\":\"Granollers - Turisme Vall\u00e8s\",\"isPartOf\":{\"@id\":\"https:\/\/turismevalles.com\/en\/#website\"},\"primaryImageOfPage\":{\"@id\":\"https:\/\/turismevalles.com\/valles_oriental\/granollers\/#primaryimage\"},\"image\":{\"@id\":\"https:\/\/turismevalles.com\/valles_oriental\/granollers\/#primaryimage\"},\"thumbnailUrl\":\"https:\/\/turismevalles.com\/wp-content\/uploads\/2020\/11\/Imatges-Granollers-03-Manel-Cuesta-1-scaled-e1720425961439.jpg\",\"datePublished\":\"2020-12-02T08:40:41+00:00\",\"dateModified\":\"2022-02-25T13:41:15+00:00\",\"breadcrumb\":{\"@id\":\"https:\/\/turismevalles.com\/valles_oriental\/granollers\/#breadcrumb\"},\"inLanguage\":\"en-US\",\"potentialAction\":[{\"@type\":\"ReadAction\",\"target\":[\"https:\/\/turismevalles.com\/valles_oriental\/granollers\/\"]}]},{\"@type\":\"ImageObject\",\"inLanguage\":\"en-US\",\"@id\":\"https:\/\/turismevalles.com\/valles_oriental\/granollers\/#primaryimage\",\"url\":\"https:\/\/turismevalles.com\/wp-content\/uploads\/2020\/11\/Imatges-Granollers-03-Manel-Cuesta-1-scaled-e1720425961439.jpg\",\"contentUrl\":\"https:\/\/turismevalles.com\/wp-content\/uploads\/2020\/11\/Imatges-Granollers-03-Manel-Cuesta-1-scaled-e1720425961439.jpg\",\"width\":2560,\"height\":1714,\"caption\":\"SONY DSC\"},{\"@type\":\"BreadcrumbList\",\"@id\":\"https:\/\/turismevalles.com\/valles_oriental\/granollers\/#breadcrumb\",\"itemListElement\":[{\"@type\":\"ListItem\",\"position\":1,\"name\":\"Home\",\"item\":\"https:\/\/turismevalles.com\/en\/\"},{\"@type\":\"ListItem\",\"position\":2,\"name\":\"Vall\u00e8s Oriental\",\"item\":\"https:\/\/turismevalles.com\/valles_oriental\/\"},{\"@type\":\"ListItem\",\"position\":3,\"name\":\"Granollers\"}]},{\"@type\":\"WebSite\",\"@id\":\"https:\/\/turismevalles.com\/en\/#website\",\"url\":\"https:\/\/turismevalles.com\/en\/\",\"name\":\"Turisme Vall\u00e8s\",\"description\":\"\",\"publisher\":{\"@id\":\"https:\/\/turismevalles.com\/en\/#organization\"},\"potentialAction\":[{\"@type\":\"SearchAction\",\"target\":{\"@type\":\"EntryPoint\",\"urlTemplate\":\"https:\/\/turismevalles.com\/en\/?s={search_term_string}\"},\"query-input\":{\"@type\":\"PropertyValueSpecification\",\"valueRequired\":true,\"valueName\":\"search_term_string\"}}],\"inLanguage\":\"en-US\"},{\"@type\":\"Organization\",\"@id\":\"https:\/\/turismevalles.com\/en\/#organization\",\"name\":\"Turisme Vall\u00e8s\",\"url\":\"https:\/\/turismevalles.com\/en\/\",\"logo\":{\"@type\":\"ImageObject\",\"inLanguage\":\"en-US\",\"@id\":\"https:\/\/turismevalles.com\/en\/#\/schema\/logo\/image\/\",\"url\":\"https:\/\/turismevalles.com\/wp-content\/uploads\/2020\/08\/cropped-logo_ca-2.png\",\"contentUrl\":\"https:\/\/turismevalles.com\/wp-content\/uploads\/2020\/08\/cropped-logo_ca-2.png\",\"width\":314,\"height\":85,\"caption\":\"Turisme Vall\u00e8s\"},\"image\":{\"@id\":\"https:\/\/turismevalles.com\/en\/#\/schema\/logo\/image\/\"}}]}<\/script>\n<!-- \/ Yoast SEO plugin. -->","yoast_head_json":{"title":"Granollers - Turisme Vall\u00e8s","robots":{"index":"index","follow":"follow","max-snippet":"max-snippet:-1","max-image-preview":"max-image-preview:large","max-video-preview":"max-video-preview:-1"},"canonical":"https:\/\/turismevalles.com\/valles_oriental\/granollers\/","og_locale":"en_US","og_type":"article","og_title":"Granollers - Turisme Vall\u00e8s","og_description":"Granollers city is located in the centre of Vall\u00e8s Oriental. This city is the capital of the county. Its privileged geographic location has always helped ... Veure m\u00e9s","og_url":"https:\/\/turismevalles.com\/valles_oriental\/granollers\/","og_site_name":"Turisme Vall\u00e8s","article_modified_time":"2022-02-25T13:41:15+00:00","og_image":[{"width":2560,"height":1714,"url":"https:\/\/turismevalles.com\/wp-content\/uploads\/2020\/11\/Imatges-Granollers-03-Manel-Cuesta-1-scaled-e1720425961439.jpg","type":"image\/jpeg"}],"twitter_card":"summary_large_image","twitter_misc":{"Est. reading time":"1 minute"},"schema":{"@context":"https:\/\/schema.org","@graph":[{"@type":"WebPage","@id":"https:\/\/turismevalles.com\/valles_oriental\/granollers\/","url":"https:\/\/turismevalles.com\/valles_oriental\/granollers\/","name":"Granollers - Turisme Vall\u00e8s","isPartOf":{"@id":"https:\/\/turismevalles.com\/en\/#website"},"primaryImageOfPage":{"@id":"https:\/\/turismevalles.com\/valles_oriental\/granollers\/#primaryimage"},"image":{"@id":"https:\/\/turismevalles.com\/valles_oriental\/granollers\/#primaryimage"},"thumbnailUrl":"https:\/\/turismevalles.com\/wp-content\/uploads\/2020\/11\/Imatges-Granollers-03-Manel-Cuesta-1-scaled-e1720425961439.jpg","datePublished":"2020-12-02T08:40:41+00:00","dateModified":"2022-02-25T13:41:15+00:00","breadcrumb":{"@id":"https:\/\/turismevalles.com\/valles_oriental\/granollers\/#breadcrumb"},"inLanguage":"en-US","potentialAction":[{"@type":"ReadAction","target":["https:\/\/turismevalles.com\/valles_oriental\/granollers\/"]}]},{"@type":"ImageObject","inLanguage":"en-US","@id":"https:\/\/turismevalles.com\/valles_oriental\/granollers\/#primaryimage","url":"https:\/\/turismevalles.com\/wp-content\/uploads\/2020\/11\/Imatges-Granollers-03-Manel-Cuesta-1-scaled-e1720425961439.jpg","contentUrl":"https:\/\/turismevalles.com\/wp-content\/uploads\/2020\/11\/Imatges-Granollers-03-Manel-Cuesta-1-scaled-e1720425961439.jpg","width":2560,"height":1714,"caption":"SONY DSC"},{"@type":"BreadcrumbList","@id":"https:\/\/turismevalles.com\/valles_oriental\/granollers\/#breadcrumb","itemListElement":[{"@type":"ListItem","position":1,"name":"Home","item":"https:\/\/turismevalles.com\/en\/"},{"@type":"ListItem","position":2,"name":"Vall\u00e8s Oriental","item":"https:\/\/turismevalles.com\/valles_oriental\/"},{"@type":"ListItem","position":3,"name":"Granollers"}]},{"@type":"WebSite","@id":"https:\/\/turismevalles.com\/en\/#website","url":"https:\/\/turismevalles.com\/en\/","name":"Turisme Vall\u00e8s","description":"","publisher":{"@id":"https:\/\/turismevalles.com\/en\/#organization"},"potentialAction":[{"@type":"SearchAction","target":{"@type":"EntryPoint","urlTemplate":"https:\/\/turismevalles.com\/en\/?s={search_term_string}"},"query-input":{"@type":"PropertyValueSpecification","valueRequired":true,"valueName":"search_term_string"}}],"inLanguage":"en-US"},{"@type":"Organization","@id":"https:\/\/turismevalles.com\/en\/#organization","name":"Turisme Vall\u00e8s","url":"https:\/\/turismevalles.com\/en\/","logo":{"@type":"ImageObject","inLanguage":"en-US","@id":"https:\/\/turismevalles.com\/en\/#\/schema\/logo\/image\/","url":"https:\/\/turismevalles.com\/wp-content\/uploads\/2020\/08\/cropped-logo_ca-2.png","contentUrl":"https:\/\/turismevalles.com\/wp-content\/uploads\/2020\/08\/cropped-logo_ca-2.png","width":314,"height":85,"caption":"Turisme Vall\u00e8s"},"image":{"@id":"https:\/\/turismevalles.com\/en\/#\/schema\/logo\/image\/"}}]}},"uagb_featured_image_src":{"full":["https:\/\/turismevalles.com\/wp-content\/uploads\/2020\/11\/Imatges-Granollers-03-Manel-Cuesta-1-scaled-e1720425961439.jpg",2560,1714,false],"thumbnail":["https:\/\/turismevalles.com\/wp-content\/uploads\/2020\/11\/Imatges-Granollers-03-Manel-Cuesta-1-150x150.jpg",150,150,true],"medium":["https:\/\/turismevalles.com\/wp-content\/uploads\/2020\/11\/Imatges-Granollers-03-Manel-Cuesta-1-300x201.jpg",300,201,true],"medium_large":["https:\/\/turismevalles.com\/wp-content\/uploads\/2020\/11\/Imatges-Granollers-03-Manel-Cuesta-1-768x514.jpg",768,514,true],"large":["https:\/\/turismevalles.com\/wp-content\/uploads\/2020\/11\/Imatges-Granollers-03-Manel-Cuesta-1-1024x685.jpg",1024,685,true],"thumblist":["https:\/\/turismevalles.com\/wp-content\/uploads\/2020\/11\/Imatges-Granollers-03-Manel-Cuesta-1-300x300.jpg",300,300,true],"meccarouselthumb":["https:\/\/turismevalles.com\/wp-content\/uploads\/2020\/11\/Imatges-Granollers-03-Manel-Cuesta-1-474x324.jpg",474,324,true],"gridsquare":["https:\/\/turismevalles.com\/wp-content\/uploads\/2020\/11\/Imatges-Granollers-03-Manel-Cuesta-1-391x260.jpg",391,260,true],"tileview":["https:\/\/turismevalles.com\/wp-content\/uploads\/2020\/11\/Imatges-Granollers-03-Manel-Cuesta-1-300x400.jpg",300,400,true],"1536x1536":["https:\/\/turismevalles.com\/wp-content\/uploads\/2020\/11\/Imatges-Granollers-03-Manel-Cuesta-1-1536x1028.jpg",1536,1028,true],"2048x2048":["https:\/\/turismevalles.com\/wp-content\/uploads\/2020\/11\/Imatges-Granollers-03-Manel-Cuesta-1-2048x1371.jpg",2048,1371,true]},"uagb_author_info":{"display_name":"Turisme Valles","author_link":"https:\/\/turismevalles.com\/en\/author\/"},"uagb_comment_info":0,"uagb_excerpt":"Granollers city is located in the centre of Vall\u00e8s Oriental. This city is the capital of the county. Its privileged geographic location has always helped ... Veure m\u00e9s","_links":{"self":[{"href":"https:\/\/turismevalles.com\/en\/wp-json\/wp\/v2\/valles_oriental\/9790","targetHints":{"allow":["GET"]}}],"collection":[{"href":"https:\/\/turismevalles.com\/en\/wp-json\/wp\/v2\/valles_oriental"}],"about":[{"href":"https:\/\/turismevalles.com\/en\/wp-json\/wp\/v2\/types\/valles_oriental"}],"wp:featuredmedia":[{"embeddable":true,"href":"https:\/\/turismevalles.com\/en\/wp-json\/wp\/v2\/media\/56787"}],"wp:attachment":[{"href":"https:\/\/turismevalles.com\/en\/wp-json\/wp\/v2\/media?parent=9790"}],"wp:term":[{"taxonomy":"poblacions","embeddable":true,"href":"https:\/\/turismevalles.com\/en\/wp-json\/wp\/v2\/poblacions?post=9790"},{"taxonomy":"valles_oriental_contingut","embeddable":true,"href":"https:\/\/turismevalles.com\/en\/wp-json\/wp\/v2\/valles_oriental_contingut?post=9790"},{"taxonomy":"tipologia_estada","embeddable":true,"href":"https:\/\/turismevalles.com\/en\/wp-json\/wp\/v2\/tipologia_estada?post=9790"}],"curies":[{"name":"wp","href":"https:\/\/api.w.org\/{rel}","templated":true}]}}

<p>Granollers city is located in the centre of Vallès Oriental. This city is the capital of the county. Its privileged geographic location has always helped agriculture and especially commercial development.&#13;
&#13;
</p>

<p>Testimonies are preserved since Roman times, with an important town located near the Via Augusta and a crossroads. The present town is of medieval foundation and grew around the parish church of Sant Esteve and the old road of Barcelona. It consolidated its commercial character with an important weekly market of agricultural and artisan products that was developed in the Greater Place and to those around it. In that one the Porxada (1586-1587) was built, initially like market of grain and that nowadays has become a symbol of the town.</p>

<p>Modern city, it grew as a commercial centre from the beginning of the XX century and conserves outstanding residential and public buildings, most of them are built from 1907.</p>

<p>Currently, Granollers maintains an important economic activity of which the commerce continues being an outstanding sector.</p>

<p><a href="http://www.museugranollers.org/">More information</a></p>

<!-- This site is optimized with the Yoast SEO plugin v26.4 - https://yoast.com/wordpress/plugins/seo/ -->
<title>Granollers - Turisme Vallès</title>
<meta name="robots" content="index, follow, max-snippet:-1, max-image-preview:large, max-video-preview:-1" />
<link rel="canonical" href="https://turismevalles.com/valles_oriental/granollers/" />
<meta property="og:locale" content="en_US" />
<meta property="og:type" content="article" />
<meta property="og:title" content="Granollers - Turisme Vallès" />
<meta property="og:description" content="Granollers city is located in the centre of Vallès Oriental. This city is the capital of the county. Its privileged geographic location has always helped ... Veure més" />
<meta property="og:url" content="https://turismevalles.com/valles_oriental/granollers/" />
<meta property="og:site_name" content="Turisme Vallès" />
<meta property="article:modified_time" content="2022-02-25T13:41:15+00:00" />
<meta property="og:image" content="https://turismevalles.com/wp-content/uploads/2020/11/Imatges-Granollers-03-Manel-Cuesta-1-scaled-e1720425961439.jpg" />
	<meta property="og:image:width" content="2560" />
	<meta property="og:image:height" content="1714" />
	<meta property="og:image:type" content="image/jpeg" />
<meta name="twitter:card" content="summary_large_image" />
<meta name="twitter:label1" content="Est. reading time" />
	<meta name="twitter:data1" content="1 minute" />
<script type="application/ld+json" class="yoast-schema-graph">{"@context":"https://schema.org","@graph":[{"@type":"WebPage","@id":"https://turismevalles.com/valles_oriental/granollers/","url":"https://turismevalles.com/valles_oriental/granollers/","name":"Granollers - Turisme Vallès","isPartOf":{"@id":"https://turismevalles.com/en/#website"},"primaryImageOfPage":{"@id":"https://turismevalles.com/valles_oriental/granollers/#primaryimage"},"image":{"@id":"https://turismevalles.com/valles_oriental/granollers/#primaryimage"},"thumbnailUrl":"https://turismevalles.com/wp-content/uploads/2020/11/Imatges-Granollers-03-Manel-Cuesta-1-scaled-e1720425961439.jpg","datePublished":"2020-12-02T08:40:41+00:00","dateModified":"2022-02-25T13:41:15+00:00","breadcrumb":{"@id":"https://turismevalles.com/valles_oriental/granollers/#breadcrumb"},"inLanguage":"en-US","potentialAction":[{"@type":"ReadAction","target":["https://turismevalles.com/valles_oriental/granollers/"]}]},{"@type":"ImageObject","inLanguage":"en-US","@id":"https://turismevalles.com/valles_oriental/granollers/#primaryimage","url":"https://turismevalles.com/wp-content/uploads/2020/11/Imatges-Granollers-03-Manel-Cuesta-1-scaled-e1720425961439.jpg","contentUrl":"https://turismevalles.com/wp-content/uploads/2020/11/Imatges-Granollers-03-Manel-Cuesta-1-scaled-e1720425961439.jpg","width":2560,"height":1714,"caption":"SONY DSC"},{"@type":"BreadcrumbList","@id":"https://turismevalles.com/valles_oriental/granollers/#breadcrumb","itemListElement":[{"@type":"ListItem","position":1,"name":"Home","item":"https://turismevalles.com/en/"},{"@type":"ListItem","position":2,"name":"Vallès Oriental","item":"https://turismevalles.com/valles_oriental/"},{"@type":"ListItem","position":3,"name":"Granollers"}]},{"@type":"WebSite","@id":"https://turismevalles.com/en/#website","url":"https://turismevalles.com/en/","name":"Turisme Vallès","description":"","publisher":{"@id":"https://turismevalles.com/en/#organization"},"potentialAction":[{"@type":"SearchAction","target":{"@type":"EntryPoint","urlTemplate":"https://turismevalles.com/en/?s={search_term_string}"},"query-input":{"@type":"PropertyValueSpecification","valueRequired":true,"valueName":"search_term_string"}}],"inLanguage":"en-US"},{"@type":"Organization","@id":"https://turismevalles.com/en/#organization","name":"Turisme Vallès","url":"https://turismevalles.com/en/","logo":{"@type":"ImageObject","inLanguage":"en-US","@id":"https://turismevalles.com/en/#/schema/logo/image/","url":"https://turismevalles.com/wp-content/uploads/2020/08/cropped-logo_ca-2.png","contentUrl":"https://turismevalles.com/wp-content/uploads/2020/08/cropped-logo_ca-2.png","width":314,"height":85,"caption":"Turisme Vallès"},"image":{"@id":"https://turismevalles.com/en/#/schema/logo/image/"}}]}</script>
<!-- / Yoast SEO plugin. -->

Granollers - Turisme Vallès

Granollers city is located in the centre of Vallès Oriental. This city is the capital of the county. Its privileged geographic location has always helped ... Veure més

Turisme Vallès

Vallès Oriental
