{"id":9801,"date":"2020-12-02T10:56:46","date_gmt":"2020-12-02T08:56:46","guid":{"rendered":"http:\/\/turismevalles.com.mialias.net\/valles_oriental\/figaro-montmany\/"},"modified":"2020-12-02T10:57:20","modified_gmt":"2020-12-02T08:57:20","slug":"figaro-montmany","status":"publish","type":"valles_oriental","link":"https:\/\/turismevalles.com\/en\/valles_oriental\/figaro-montmany\/","title":{"rendered":"Figar\u00f3-Montmany"},"content":{"rendered":"\n<p><strong>Figar\u00f3-Montmany<\/strong>\u00a0is the present name of the municipality that reproduces the medieval limits of Montmany\u00a0 castle and the churches of Montmany, Vallc\u00e0rquera and Monteugues.<\/p>\n\n<p>The town centre of Figar\u00f3 developed in the fourteenth century around the Figero family\u2019s inn. Later it became one of the main centres of services for public ways that went from Barcelona to Vic and to Congost area. When the railway was settled, Figar\u00f3 became a summer holiday destination consolidated by town-planning and architectural projects by\u00a0<strong>M. J. Raspall\u00a0<\/strong>and other architects of the time.<\/p>\n\n<p>The architectonic language from the holiday destination legacy combines modernism with Noucentist movement elements which contrast violently with the mountainous and rugged setting of both Montseny and Bert\u00ed\u2019s cliffs.&#13;\n<\/p>\n\n<p>A self-guided signposted itinerary called Passeig Urb\u00e0 del Figar\u00f3 enables you to track down the main elements from this period. At present Figar\u00f3 keeps the tradition of being a summer holiday town as well as a place to go on excursions for nature and heritage, it is also favoured by its proximity to Montseny Nature Park and to Bert\u00ed\u2019s nature spot of interest and also by being half way between Vic and Barcelona.&#13;\n&#13;\n<a href=\"http:\/\/www.elfigaro.net\/\">More information<\/a>&#13;\n<\/p>\n","protected":false},"featured_media":56811,"template":"","poblacions":[443],"valles_oriental_contingut":[322],"tipologia_estada":[],"class_list":["post-9801","valles_oriental","type-valles_oriental","status-publish","has-post-thumbnail","hentry","poblacions-figaro-montmany-en","valles_oriental_contingut-modernism","generate-columns","tablet-grid-50","mobile-grid-100","grid-parent","grid-33"],"acf":[],"yoast_head":"<!-- This site is optimized with the Yoast SEO plugin v26.4 - https:\/\/yoast.com\/wordpress\/plugins\/seo\/ -->\n<title>Figar\u00f3-Montmany - Turisme Vall\u00e8s<\/title>\n<meta name=\"robots\" content=\"index, follow, max-snippet:-1, max-image-preview:large, max-video-preview:-1\" \/>\n<link rel=\"canonical\" href=\"https:\/\/turismevalles.com\/valles_oriental\/figaro-montmany\/\" \/>\n<meta property=\"og:locale\" content=\"en_US\" \/>\n<meta property=\"og:type\" content=\"article\" \/>\n<meta property=\"og:title\" content=\"Figar\u00f3-Montmany - Turisme Vall\u00e8s\" \/>\n<meta property=\"og:description\" content=\"Figar\u00f3-Montmany\u00a0is the present name of the municipality that reproduces the medieval limits of Montmany\u00a0 castle and the churches of Montmany, Vallc\u00e0rquera and Monteugues. The town ... Veure m\u00e9s\" \/>\n<meta property=\"og:url\" content=\"https:\/\/turismevalles.com\/valles_oriental\/figaro-montmany\/\" \/>\n<meta property=\"og:site_name\" content=\"Turisme Vall\u00e8s\" \/>\n<meta property=\"article:modified_time\" content=\"2020-12-02T08:57:20+00:00\" \/>\n<meta property=\"og:image\" content=\"https:\/\/turismevalles.com\/wp-content\/uploads\/2020\/11\/Villa-Pepita-Villa-Rosita-07-Manel-Cuesta-scaled.jpg\" \/>\n\t<meta property=\"og:image:width\" content=\"1707\" \/>\n\t<meta property=\"og:image:height\" content=\"2560\" \/>\n\t<meta property=\"og:image:type\" content=\"image\/jpeg\" \/>\n<meta name=\"twitter:card\" content=\"summary_large_image\" \/>\n<meta name=\"twitter:label1\" content=\"Est. reading time\" \/>\n\t<meta name=\"twitter:data1\" content=\"1 minute\" \/>\n<script type=\"application\/ld+json\" class=\"yoast-schema-graph\">{\"@context\":\"https:\/\/schema.org\",\"@graph\":[{\"@type\":\"WebPage\",\"@id\":\"https:\/\/turismevalles.com\/valles_oriental\/figaro-montmany\/\",\"url\":\"https:\/\/turismevalles.com\/valles_oriental\/figaro-montmany\/\",\"name\":\"Figar\u00f3-Montmany - Turisme Vall\u00e8s\",\"isPartOf\":{\"@id\":\"https:\/\/turismevalles.com\/en\/#website\"},\"primaryImageOfPage\":{\"@id\":\"https:\/\/turismevalles.com\/valles_oriental\/figaro-montmany\/#primaryimage\"},\"image\":{\"@id\":\"https:\/\/turismevalles.com\/valles_oriental\/figaro-montmany\/#primaryimage\"},\"thumbnailUrl\":\"https:\/\/turismevalles.com\/wp-content\/uploads\/2020\/11\/Villa-Pepita-Villa-Rosita-07-Manel-Cuesta-scaled.jpg\",\"datePublished\":\"2020-12-02T08:56:46+00:00\",\"dateModified\":\"2020-12-02T08:57:20+00:00\",\"breadcrumb\":{\"@id\":\"https:\/\/turismevalles.com\/valles_oriental\/figaro-montmany\/#breadcrumb\"},\"inLanguage\":\"en-US\",\"potentialAction\":[{\"@type\":\"ReadAction\",\"target\":[\"https:\/\/turismevalles.com\/valles_oriental\/figaro-montmany\/\"]}]},{\"@type\":\"ImageObject\",\"inLanguage\":\"en-US\",\"@id\":\"https:\/\/turismevalles.com\/valles_oriental\/figaro-montmany\/#primaryimage\",\"url\":\"https:\/\/turismevalles.com\/wp-content\/uploads\/2020\/11\/Villa-Pepita-Villa-Rosita-07-Manel-Cuesta-scaled.jpg\",\"contentUrl\":\"https:\/\/turismevalles.com\/wp-content\/uploads\/2020\/11\/Villa-Pepita-Villa-Rosita-07-Manel-Cuesta-scaled.jpg\",\"width\":1707,\"height\":2560,\"caption\":\"Villa Rosita - Arquitectura modernista de Figar\u00f3-Montmany\"},{\"@type\":\"BreadcrumbList\",\"@id\":\"https:\/\/turismevalles.com\/valles_oriental\/figaro-montmany\/#breadcrumb\",\"itemListElement\":[{\"@type\":\"ListItem\",\"position\":1,\"name\":\"Home\",\"item\":\"https:\/\/turismevalles.com\/en\/\"},{\"@type\":\"ListItem\",\"position\":2,\"name\":\"Vall\u00e8s Oriental\",\"item\":\"https:\/\/turismevalles.com\/valles_oriental\/\"},{\"@type\":\"ListItem\",\"position\":3,\"name\":\"Figar\u00f3-Montmany\"}]},{\"@type\":\"WebSite\",\"@id\":\"https:\/\/turismevalles.com\/en\/#website\",\"url\":\"https:\/\/turismevalles.com\/en\/\",\"name\":\"Turisme Vall\u00e8s\",\"description\":\"\",\"publisher\":{\"@id\":\"https:\/\/turismevalles.com\/en\/#organization\"},\"potentialAction\":[{\"@type\":\"SearchAction\",\"target\":{\"@type\":\"EntryPoint\",\"urlTemplate\":\"https:\/\/turismevalles.com\/en\/?s={search_term_string}\"},\"query-input\":{\"@type\":\"PropertyValueSpecification\",\"valueRequired\":true,\"valueName\":\"search_term_string\"}}],\"inLanguage\":\"en-US\"},{\"@type\":\"Organization\",\"@id\":\"https:\/\/turismevalles.com\/en\/#organization\",\"name\":\"Turisme Vall\u00e8s\",\"url\":\"https:\/\/turismevalles.com\/en\/\",\"logo\":{\"@type\":\"ImageObject\",\"inLanguage\":\"en-US\",\"@id\":\"https:\/\/turismevalles.com\/en\/#\/schema\/logo\/image\/\",\"url\":\"https:\/\/turismevalles.com\/wp-content\/uploads\/2020\/08\/cropped-logo_ca-2.png\",\"contentUrl\":\"https:\/\/turismevalles.com\/wp-content\/uploads\/2020\/08\/cropped-logo_ca-2.png\",\"width\":314,\"height\":85,\"caption\":\"Turisme Vall\u00e8s\"},\"image\":{\"@id\":\"https:\/\/turismevalles.com\/en\/#\/schema\/logo\/image\/\"}}]}<\/script>\n<!-- \/ Yoast SEO plugin. -->","yoast_head_json":{"title":"Figar\u00f3-Montmany - Turisme Vall\u00e8s","robots":{"index":"index","follow":"follow","max-snippet":"max-snippet:-1","max-image-preview":"max-image-preview:large","max-video-preview":"max-video-preview:-1"},"canonical":"https:\/\/turismevalles.com\/valles_oriental\/figaro-montmany\/","og_locale":"en_US","og_type":"article","og_title":"Figar\u00f3-Montmany - Turisme Vall\u00e8s","og_description":"Figar\u00f3-Montmany\u00a0is the present name of the municipality that reproduces the medieval limits of Montmany\u00a0 castle and the churches of Montmany, Vallc\u00e0rquera and Monteugues. The town ... Veure m\u00e9s","og_url":"https:\/\/turismevalles.com\/valles_oriental\/figaro-montmany\/","og_site_name":"Turisme Vall\u00e8s","article_modified_time":"2020-12-02T08:57:20+00:00","og_image":[{"width":1707,"height":2560,"url":"https:\/\/turismevalles.com\/wp-content\/uploads\/2020\/11\/Villa-Pepita-Villa-Rosita-07-Manel-Cuesta-scaled.jpg","type":"image\/jpeg"}],"twitter_card":"summary_large_image","twitter_misc":{"Est. reading time":"1 minute"},"schema":{"@context":"https:\/\/schema.org","@graph":[{"@type":"WebPage","@id":"https:\/\/turismevalles.com\/valles_oriental\/figaro-montmany\/","url":"https:\/\/turismevalles.com\/valles_oriental\/figaro-montmany\/","name":"Figar\u00f3-Montmany - Turisme Vall\u00e8s","isPartOf":{"@id":"https:\/\/turismevalles.com\/en\/#website"},"primaryImageOfPage":{"@id":"https:\/\/turismevalles.com\/valles_oriental\/figaro-montmany\/#primaryimage"},"image":{"@id":"https:\/\/turismevalles.com\/valles_oriental\/figaro-montmany\/#primaryimage"},"thumbnailUrl":"https:\/\/turismevalles.com\/wp-content\/uploads\/2020\/11\/Villa-Pepita-Villa-Rosita-07-Manel-Cuesta-scaled.jpg","datePublished":"2020-12-02T08:56:46+00:00","dateModified":"2020-12-02T08:57:20+00:00","breadcrumb":{"@id":"https:\/\/turismevalles.com\/valles_oriental\/figaro-montmany\/#breadcrumb"},"inLanguage":"en-US","potentialAction":[{"@type":"ReadAction","target":["https:\/\/turismevalles.com\/valles_oriental\/figaro-montmany\/"]}]},{"@type":"ImageObject","inLanguage":"en-US","@id":"https:\/\/turismevalles.com\/valles_oriental\/figaro-montmany\/#primaryimage","url":"https:\/\/turismevalles.com\/wp-content\/uploads\/2020\/11\/Villa-Pepita-Villa-Rosita-07-Manel-Cuesta-scaled.jpg","contentUrl":"https:\/\/turismevalles.com\/wp-content\/uploads\/2020\/11\/Villa-Pepita-Villa-Rosita-07-Manel-Cuesta-scaled.jpg","width":1707,"height":2560,"caption":"Villa Rosita - Arquitectura modernista de Figar\u00f3-Montmany"},{"@type":"BreadcrumbList","@id":"https:\/\/turismevalles.com\/valles_oriental\/figaro-montmany\/#breadcrumb","itemListElement":[{"@type":"ListItem","position":1,"name":"Home","item":"https:\/\/turismevalles.com\/en\/"},{"@type":"ListItem","position":2,"name":"Vall\u00e8s Oriental","item":"https:\/\/turismevalles.com\/valles_oriental\/"},{"@type":"ListItem","position":3,"name":"Figar\u00f3-Montmany"}]},{"@type":"WebSite","@id":"https:\/\/turismevalles.com\/en\/#website","url":"https:\/\/turismevalles.com\/en\/","name":"Turisme Vall\u00e8s","description":"","publisher":{"@id":"https:\/\/turismevalles.com\/en\/#organization"},"potentialAction":[{"@type":"SearchAction","target":{"@type":"EntryPoint","urlTemplate":"https:\/\/turismevalles.com\/en\/?s={search_term_string}"},"query-input":{"@type":"PropertyValueSpecification","valueRequired":true,"valueName":"search_term_string"}}],"inLanguage":"en-US"},{"@type":"Organization","@id":"https:\/\/turismevalles.com\/en\/#organization","name":"Turisme Vall\u00e8s","url":"https:\/\/turismevalles.com\/en\/","logo":{"@type":"ImageObject","inLanguage":"en-US","@id":"https:\/\/turismevalles.com\/en\/#\/schema\/logo\/image\/","url":"https:\/\/turismevalles.com\/wp-content\/uploads\/2020\/08\/cropped-logo_ca-2.png","contentUrl":"https:\/\/turismevalles.com\/wp-content\/uploads\/2020\/08\/cropped-logo_ca-2.png","width":314,"height":85,"caption":"Turisme Vall\u00e8s"},"image":{"@id":"https:\/\/turismevalles.com\/en\/#\/schema\/logo\/image\/"}}]}},"uagb_featured_image_src":{"full":["https:\/\/turismevalles.com\/wp-content\/uploads\/2020\/11\/Villa-Pepita-Villa-Rosita-07-Manel-Cuesta-scaled.jpg",1707,2560,false],"thumbnail":["https:\/\/turismevalles.com\/wp-content\/uploads\/2020\/11\/Villa-Pepita-Villa-Rosita-07-Manel-Cuesta-150x150.jpg",150,150,true],"medium":["https:\/\/turismevalles.com\/wp-content\/uploads\/2020\/11\/Villa-Pepita-Villa-Rosita-07-Manel-Cuesta-200x300.jpg",200,300,true],"medium_large":["https:\/\/turismevalles.com\/wp-content\/uploads\/2020\/11\/Villa-Pepita-Villa-Rosita-07-Manel-Cuesta-768x1152.jpg",768,1152,true],"large":["https:\/\/turismevalles.com\/wp-content\/uploads\/2020\/11\/Villa-Pepita-Villa-Rosita-07-Manel-Cuesta-683x1024.jpg",683,1024,true],"thumblist":["https:\/\/turismevalles.com\/wp-content\/uploads\/2020\/11\/Villa-Pepita-Villa-Rosita-07-Manel-Cuesta-300x300.jpg",300,300,true],"meccarouselthumb":["https:\/\/turismevalles.com\/wp-content\/uploads\/2020\/11\/Villa-Pepita-Villa-Rosita-07-Manel-Cuesta-474x324.jpg",474,324,true],"gridsquare":["https:\/\/turismevalles.com\/wp-content\/uploads\/2020\/11\/Villa-Pepita-Villa-Rosita-07-Manel-Cuesta-391x260.jpg",391,260,true],"tileview":["https:\/\/turismevalles.com\/wp-content\/uploads\/2020\/11\/Villa-Pepita-Villa-Rosita-07-Manel-Cuesta-300x400.jpg",300,400,true],"1536x1536":["https:\/\/turismevalles.com\/wp-content\/uploads\/2020\/11\/Villa-Pepita-Villa-Rosita-07-Manel-Cuesta-1024x1536.jpg",1024,1536,true],"2048x2048":["https:\/\/turismevalles.com\/wp-content\/uploads\/2020\/11\/Villa-Pepita-Villa-Rosita-07-Manel-Cuesta-1365x2048.jpg",1365,2048,true]},"uagb_author_info":{"display_name":"Turisme Valles","author_link":"https:\/\/turismevalles.com\/en\/author\/"},"uagb_comment_info":0,"uagb_excerpt":"Figar\u00f3-Montmany\u00a0is the present name of the municipality that reproduces the medieval limits of Montmany\u00a0 castle and the churches of Montmany, Vallc\u00e0rquera and Monteugues. The town ... Veure m\u00e9s","_links":{"self":[{"href":"https:\/\/turismevalles.com\/en\/wp-json\/wp\/v2\/valles_oriental\/9801","targetHints":{"allow":["GET"]}}],"collection":[{"href":"https:\/\/turismevalles.com\/en\/wp-json\/wp\/v2\/valles_oriental"}],"about":[{"href":"https:\/\/turismevalles.com\/en\/wp-json\/wp\/v2\/types\/valles_oriental"}],"wp:featuredmedia":[{"embeddable":true,"href":"https:\/\/turismevalles.com\/en\/wp-json\/wp\/v2\/media\/56811"}],"wp:attachment":[{"href":"https:\/\/turismevalles.com\/en\/wp-json\/wp\/v2\/media?parent=9801"}],"wp:term":[{"taxonomy":"poblacions","embeddable":true,"href":"https:\/\/turismevalles.com\/en\/wp-json\/wp\/v2\/poblacions?post=9801"},{"taxonomy":"valles_oriental_contingut","embeddable":true,"href":"https:\/\/turismevalles.com\/en\/wp-json\/wp\/v2\/valles_oriental_contingut?post=9801"},{"taxonomy":"tipologia_estada","embeddable":true,"href":"https:\/\/turismevalles.com\/en\/wp-json\/wp\/v2\/tipologia_estada?post=9801"}],"curies":[{"name":"wp","href":"https:\/\/api.w.org\/{rel}","templated":true}]}}

Figaró-Montmany

<p><strong>Figaró-Montmany</strong> is the present name of the municipality that reproduces the medieval limits of Montmany  castle and the churches of Montmany, Vallcàrquera and Monteugues.</p>

<p>The town centre of Figaró developed in the fourteenth century around the Figero family’s inn. Later it became one of the main centres of services for public ways that went from Barcelona to Vic and to Congost area. When the railway was settled, Figaró became a summer holiday destination consolidated by town-planning and architectural projects by <strong>M. J. Raspall </strong>and other architects of the time.</p>

<p>The architectonic language from the holiday destination legacy combines modernism with Noucentist movement elements which contrast violently with the mountainous and rugged setting of both Montseny and Bertí’s cliffs.&#13;
</p>

<p>A self-guided signposted itinerary called Passeig Urbà del Figaró enables you to track down the main elements from this period. At present Figaró keeps the tradition of being a summer holiday town as well as a place to go on excursions for nature and heritage, it is also favoured by its proximity to Montseny Nature Park and to Bertí’s nature spot of interest and also by being half way between Vic and Barcelona.&#13;
&#13;
<a href="http://www.elfigaro.net/">More information</a>&#13;
</p>

<!-- This site is optimized with the Yoast SEO plugin v26.4 - https://yoast.com/wordpress/plugins/seo/ -->
<title>Figaró-Montmany - Turisme Vallès</title>
<meta name="robots" content="index, follow, max-snippet:-1, max-image-preview:large, max-video-preview:-1" />
<link rel="canonical" href="https://turismevalles.com/valles_oriental/figaro-montmany/" />
<meta property="og:locale" content="en_US" />
<meta property="og:type" content="article" />
<meta property="og:title" content="Figaró-Montmany - Turisme Vallès" />
<meta property="og:description" content="Figaró-Montmany is the present name of the municipality that reproduces the medieval limits of Montmany  castle and the churches of Montmany, Vallcàrquera and Monteugues. The town ... Veure més" />
<meta property="og:url" content="https://turismevalles.com/valles_oriental/figaro-montmany/" />
<meta property="og:site_name" content="Turisme Vallès" />
<meta property="article:modified_time" content="2020-12-02T08:57:20+00:00" />
<meta property="og:image" content="https://turismevalles.com/wp-content/uploads/2020/11/Villa-Pepita-Villa-Rosita-07-Manel-Cuesta-scaled.jpg" />
	<meta property="og:image:width" content="1707" />
	<meta property="og:image:height" content="2560" />
	<meta property="og:image:type" content="image/jpeg" />
<meta name="twitter:card" content="summary_large_image" />
<meta name="twitter:label1" content="Est. reading time" />
	<meta name="twitter:data1" content="1 minute" />
<script type="application/ld+json" class="yoast-schema-graph">{"@context":"https://schema.org","@graph":[{"@type":"WebPage","@id":"https://turismevalles.com/valles_oriental/figaro-montmany/","url":"https://turismevalles.com/valles_oriental/figaro-montmany/","name":"Figaró-Montmany - Turisme Vallès","isPartOf":{"@id":"https://turismevalles.com/en/#website"},"primaryImageOfPage":{"@id":"https://turismevalles.com/valles_oriental/figaro-montmany/#primaryimage"},"image":{"@id":"https://turismevalles.com/valles_oriental/figaro-montmany/#primaryimage"},"thumbnailUrl":"https://turismevalles.com/wp-content/uploads/2020/11/Villa-Pepita-Villa-Rosita-07-Manel-Cuesta-scaled.jpg","datePublished":"2020-12-02T08:56:46+00:00","dateModified":"2020-12-02T08:57:20+00:00","breadcrumb":{"@id":"https://turismevalles.com/valles_oriental/figaro-montmany/#breadcrumb"},"inLanguage":"en-US","potentialAction":[{"@type":"ReadAction","target":["https://turismevalles.com/valles_oriental/figaro-montmany/"]}]},{"@type":"ImageObject","inLanguage":"en-US","@id":"https://turismevalles.com/valles_oriental/figaro-montmany/#primaryimage","url":"https://turismevalles.com/wp-content/uploads/2020/11/Villa-Pepita-Villa-Rosita-07-Manel-Cuesta-scaled.jpg","contentUrl":"https://turismevalles.com/wp-content/uploads/2020/11/Villa-Pepita-Villa-Rosita-07-Manel-Cuesta-scaled.jpg","width":1707,"height":2560,"caption":"Villa Rosita - Arquitectura modernista de Figaró-Montmany"},{"@type":"BreadcrumbList","@id":"https://turismevalles.com/valles_oriental/figaro-montmany/#breadcrumb","itemListElement":[{"@type":"ListItem","position":1,"name":"Home","item":"https://turismevalles.com/en/"},{"@type":"ListItem","position":2,"name":"Vallès Oriental","item":"https://turismevalles.com/valles_oriental/"},{"@type":"ListItem","position":3,"name":"Figaró-Montmany"}]},{"@type":"WebSite","@id":"https://turismevalles.com/en/#website","url":"https://turismevalles.com/en/","name":"Turisme Vallès","description":"","publisher":{"@id":"https://turismevalles.com/en/#organization"},"potentialAction":[{"@type":"SearchAction","target":{"@type":"EntryPoint","urlTemplate":"https://turismevalles.com/en/?s={search_term_string}"},"query-input":{"@type":"PropertyValueSpecification","valueRequired":true,"valueName":"search_term_string"}}],"inLanguage":"en-US"},{"@type":"Organization","@id":"https://turismevalles.com/en/#organization","name":"Turisme Vallès","url":"https://turismevalles.com/en/","logo":{"@type":"ImageObject","inLanguage":"en-US","@id":"https://turismevalles.com/en/#/schema/logo/image/","url":"https://turismevalles.com/wp-content/uploads/2020/08/cropped-logo_ca-2.png","contentUrl":"https://turismevalles.com/wp-content/uploads/2020/08/cropped-logo_ca-2.png","width":314,"height":85,"caption":"Turisme Vallès"},"image":{"@id":"https://turismevalles.com/en/#/schema/logo/image/"}}]}</script>
<!-- / Yoast SEO plugin. -->

Figaró-Montmany - Turisme Vallès

Figaró-Montmany is the present name of the municipality that reproduces the medieval limits of Montmany  castle and the churches of Montmany, Vallcàrquera and Monteugues. The town ... Veure més

Turisme Vallès

Villa Rosita - Arquitectura modernista de Figaró-Montmany

Vallès Oriental
