{"id":9804,"date":"2020-12-02T11:01:24","date_gmt":"2020-12-02T09:01:24","guid":{"rendered":"http:\/\/turismevalles.com.mialias.net\/valles_oriental\/lametlla-del-valles\/"},"modified":"2020-12-02T11:01:25","modified_gmt":"2020-12-02T09:01:25","slug":"lametlla-del-valles","status":"publish","type":"valles_oriental","link":"https:\/\/turismevalles.com\/en\/valles_oriental\/lametlla-del-valles\/","title":{"rendered":"L&#8217;Ametlla del Vall\u00e8s"},"content":{"rendered":"\n<p>L&#8217;<strong>Ametlla del Vall\u00e8s<\/strong>\u00a0is located between the valleys of Congost and Tenes. It was under the domination of Montbui castle during its medieval origins. With a rural and scattered settlement, the centre of the city developed during the sixteenth century near the church.<\/p>\n\n<p>Its rural character changed as late as the beginnings of the twentieth century when it became a summer holiday village and later on a place for second residences. The residential character of the town was reinforced with town-planning and architectural projects by\u00a0<strong>M. J. Raspall<\/strong>, municipal architect of l&#8217;Ametlla from 1906 when he had just finished his degree and until 1912. This architect\u2019s works correspond to his first stage, which is considered the most modernist, with renovations and new constructions as outstanding as\u00a0<strong>Can Millet<\/strong>,\u00a0<strong>El Caf\u00e8<\/strong>\u00a0or the\u00a0<strong>town hall<\/strong>.<\/p>\n\n<p><a href=\"http:\/\/www.ametlla.org\/\">More information<\/a><\/p>\n","protected":false},"featured_media":7678,"template":"","poblacions":[],"valles_oriental_contingut":[322],"tipologia_estada":[],"class_list":["post-9804","valles_oriental","type-valles_oriental","status-publish","has-post-thumbnail","hentry","valles_oriental_contingut-modernism","generate-columns","tablet-grid-50","mobile-grid-100","grid-parent","grid-33"],"acf":[],"yoast_head":"<!-- This site is optimized with the Yoast SEO plugin v26.4 - https:\/\/yoast.com\/wordpress\/plugins\/seo\/ -->\n<title>L&#039;Ametlla del Vall\u00e8s - Turisme Vall\u00e8s<\/title>\n<meta name=\"robots\" content=\"index, follow, max-snippet:-1, max-image-preview:large, max-video-preview:-1\" \/>\n<link rel=\"canonical\" href=\"https:\/\/turismevalles.com\/en\/valles_oriental\/lametlla-del-valles\/\" \/>\n<meta property=\"og:locale\" content=\"en_US\" \/>\n<meta property=\"og:type\" content=\"article\" \/>\n<meta property=\"og:title\" content=\"L&#039;Ametlla del Vall\u00e8s - Turisme Vall\u00e8s\" \/>\n<meta property=\"og:description\" content=\"L&#8217;Ametlla del Vall\u00e8s\u00a0is located between the valleys of Congost and Tenes. It was under the domination of Montbui castle during its medieval origins. With a ... Veure m\u00e9s\" \/>\n<meta property=\"og:url\" content=\"https:\/\/turismevalles.com\/en\/valles_oriental\/lametlla-del-valles\/\" \/>\n<meta property=\"og:site_name\" content=\"Turisme Vall\u00e8s\" \/>\n<meta property=\"article:modified_time\" content=\"2020-12-02T09:01:25+00:00\" \/>\n<meta property=\"og:image\" content=\"https:\/\/turismevalles.com\/wp-content\/uploads\/2020\/11\/turismevalles133.jpg\" \/>\n\t<meta property=\"og:image:width\" content=\"640\" \/>\n\t<meta property=\"og:image:height\" content=\"427\" \/>\n\t<meta property=\"og:image:type\" content=\"image\/jpeg\" \/>\n<meta name=\"twitter:card\" content=\"summary_large_image\" \/>\n<meta name=\"twitter:label1\" content=\"Est. reading time\" \/>\n\t<meta name=\"twitter:data1\" content=\"1 minute\" \/>\n<script type=\"application\/ld+json\" class=\"yoast-schema-graph\">{\"@context\":\"https:\/\/schema.org\",\"@graph\":[{\"@type\":\"WebPage\",\"@id\":\"https:\/\/turismevalles.com\/en\/valles_oriental\/lametlla-del-valles\/\",\"url\":\"https:\/\/turismevalles.com\/en\/valles_oriental\/lametlla-del-valles\/\",\"name\":\"L'Ametlla del Vall\u00e8s - Turisme Vall\u00e8s\",\"isPartOf\":{\"@id\":\"https:\/\/turismevalles.com\/en\/#website\"},\"primaryImageOfPage\":{\"@id\":\"https:\/\/turismevalles.com\/en\/valles_oriental\/lametlla-del-valles\/#primaryimage\"},\"image\":{\"@id\":\"https:\/\/turismevalles.com\/en\/valles_oriental\/lametlla-del-valles\/#primaryimage\"},\"thumbnailUrl\":\"https:\/\/turismevalles.com\/wp-content\/uploads\/2020\/11\/turismevalles133.jpg\",\"datePublished\":\"2020-12-02T09:01:24+00:00\",\"dateModified\":\"2020-12-02T09:01:25+00:00\",\"breadcrumb\":{\"@id\":\"https:\/\/turismevalles.com\/en\/valles_oriental\/lametlla-del-valles\/#breadcrumb\"},\"inLanguage\":\"en-US\",\"potentialAction\":[{\"@type\":\"ReadAction\",\"target\":[\"https:\/\/turismevalles.com\/en\/valles_oriental\/lametlla-del-valles\/\"]}]},{\"@type\":\"ImageObject\",\"inLanguage\":\"en-US\",\"@id\":\"https:\/\/turismevalles.com\/en\/valles_oriental\/lametlla-del-valles\/#primaryimage\",\"url\":\"https:\/\/turismevalles.com\/wp-content\/uploads\/2020\/11\/turismevalles133.jpg\",\"contentUrl\":\"https:\/\/turismevalles.com\/wp-content\/uploads\/2020\/11\/turismevalles133.jpg\",\"width\":640,\"height\":427},{\"@type\":\"BreadcrumbList\",\"@id\":\"https:\/\/turismevalles.com\/en\/valles_oriental\/lametlla-del-valles\/#breadcrumb\",\"itemListElement\":[{\"@type\":\"ListItem\",\"position\":1,\"name\":\"Home\",\"item\":\"https:\/\/turismevalles.com\/en\/\"},{\"@type\":\"ListItem\",\"position\":2,\"name\":\"Vall\u00e8s Oriental\",\"item\":\"https:\/\/turismevalles.com\/valles_oriental\/\"},{\"@type\":\"ListItem\",\"position\":3,\"name\":\"L&#8217;Ametlla del Vall\u00e8s\"}]},{\"@type\":\"WebSite\",\"@id\":\"https:\/\/turismevalles.com\/en\/#website\",\"url\":\"https:\/\/turismevalles.com\/en\/\",\"name\":\"Turisme Vall\u00e8s\",\"description\":\"\",\"publisher\":{\"@id\":\"https:\/\/turismevalles.com\/en\/#organization\"},\"potentialAction\":[{\"@type\":\"SearchAction\",\"target\":{\"@type\":\"EntryPoint\",\"urlTemplate\":\"https:\/\/turismevalles.com\/en\/?s={search_term_string}\"},\"query-input\":{\"@type\":\"PropertyValueSpecification\",\"valueRequired\":true,\"valueName\":\"search_term_string\"}}],\"inLanguage\":\"en-US\"},{\"@type\":\"Organization\",\"@id\":\"https:\/\/turismevalles.com\/en\/#organization\",\"name\":\"Turisme Vall\u00e8s\",\"url\":\"https:\/\/turismevalles.com\/en\/\",\"logo\":{\"@type\":\"ImageObject\",\"inLanguage\":\"en-US\",\"@id\":\"https:\/\/turismevalles.com\/en\/#\/schema\/logo\/image\/\",\"url\":\"https:\/\/turismevalles.com\/wp-content\/uploads\/2020\/08\/cropped-logo_ca-2.png\",\"contentUrl\":\"https:\/\/turismevalles.com\/wp-content\/uploads\/2020\/08\/cropped-logo_ca-2.png\",\"width\":314,\"height\":85,\"caption\":\"Turisme Vall\u00e8s\"},\"image\":{\"@id\":\"https:\/\/turismevalles.com\/en\/#\/schema\/logo\/image\/\"}}]}<\/script>\n<!-- \/ Yoast SEO plugin. -->","yoast_head_json":{"title":"L'Ametlla del Vall\u00e8s - Turisme Vall\u00e8s","robots":{"index":"index","follow":"follow","max-snippet":"max-snippet:-1","max-image-preview":"max-image-preview:large","max-video-preview":"max-video-preview:-1"},"canonical":"https:\/\/turismevalles.com\/en\/valles_oriental\/lametlla-del-valles\/","og_locale":"en_US","og_type":"article","og_title":"L'Ametlla del Vall\u00e8s - Turisme Vall\u00e8s","og_description":"L&#8217;Ametlla del Vall\u00e8s\u00a0is located between the valleys of Congost and Tenes. It was under the domination of Montbui castle during its medieval origins. With a ... Veure m\u00e9s","og_url":"https:\/\/turismevalles.com\/en\/valles_oriental\/lametlla-del-valles\/","og_site_name":"Turisme Vall\u00e8s","article_modified_time":"2020-12-02T09:01:25+00:00","og_image":[{"width":640,"height":427,"url":"https:\/\/turismevalles.com\/wp-content\/uploads\/2020\/11\/turismevalles133.jpg","type":"image\/jpeg"}],"twitter_card":"summary_large_image","twitter_misc":{"Est. reading time":"1 minute"},"schema":{"@context":"https:\/\/schema.org","@graph":[{"@type":"WebPage","@id":"https:\/\/turismevalles.com\/en\/valles_oriental\/lametlla-del-valles\/","url":"https:\/\/turismevalles.com\/en\/valles_oriental\/lametlla-del-valles\/","name":"L'Ametlla del Vall\u00e8s - Turisme Vall\u00e8s","isPartOf":{"@id":"https:\/\/turismevalles.com\/en\/#website"},"primaryImageOfPage":{"@id":"https:\/\/turismevalles.com\/en\/valles_oriental\/lametlla-del-valles\/#primaryimage"},"image":{"@id":"https:\/\/turismevalles.com\/en\/valles_oriental\/lametlla-del-valles\/#primaryimage"},"thumbnailUrl":"https:\/\/turismevalles.com\/wp-content\/uploads\/2020\/11\/turismevalles133.jpg","datePublished":"2020-12-02T09:01:24+00:00","dateModified":"2020-12-02T09:01:25+00:00","breadcrumb":{"@id":"https:\/\/turismevalles.com\/en\/valles_oriental\/lametlla-del-valles\/#breadcrumb"},"inLanguage":"en-US","potentialAction":[{"@type":"ReadAction","target":["https:\/\/turismevalles.com\/en\/valles_oriental\/lametlla-del-valles\/"]}]},{"@type":"ImageObject","inLanguage":"en-US","@id":"https:\/\/turismevalles.com\/en\/valles_oriental\/lametlla-del-valles\/#primaryimage","url":"https:\/\/turismevalles.com\/wp-content\/uploads\/2020\/11\/turismevalles133.jpg","contentUrl":"https:\/\/turismevalles.com\/wp-content\/uploads\/2020\/11\/turismevalles133.jpg","width":640,"height":427},{"@type":"BreadcrumbList","@id":"https:\/\/turismevalles.com\/en\/valles_oriental\/lametlla-del-valles\/#breadcrumb","itemListElement":[{"@type":"ListItem","position":1,"name":"Home","item":"https:\/\/turismevalles.com\/en\/"},{"@type":"ListItem","position":2,"name":"Vall\u00e8s Oriental","item":"https:\/\/turismevalles.com\/valles_oriental\/"},{"@type":"ListItem","position":3,"name":"L&#8217;Ametlla del Vall\u00e8s"}]},{"@type":"WebSite","@id":"https:\/\/turismevalles.com\/en\/#website","url":"https:\/\/turismevalles.com\/en\/","name":"Turisme Vall\u00e8s","description":"","publisher":{"@id":"https:\/\/turismevalles.com\/en\/#organization"},"potentialAction":[{"@type":"SearchAction","target":{"@type":"EntryPoint","urlTemplate":"https:\/\/turismevalles.com\/en\/?s={search_term_string}"},"query-input":{"@type":"PropertyValueSpecification","valueRequired":true,"valueName":"search_term_string"}}],"inLanguage":"en-US"},{"@type":"Organization","@id":"https:\/\/turismevalles.com\/en\/#organization","name":"Turisme Vall\u00e8s","url":"https:\/\/turismevalles.com\/en\/","logo":{"@type":"ImageObject","inLanguage":"en-US","@id":"https:\/\/turismevalles.com\/en\/#\/schema\/logo\/image\/","url":"https:\/\/turismevalles.com\/wp-content\/uploads\/2020\/08\/cropped-logo_ca-2.png","contentUrl":"https:\/\/turismevalles.com\/wp-content\/uploads\/2020\/08\/cropped-logo_ca-2.png","width":314,"height":85,"caption":"Turisme Vall\u00e8s"},"image":{"@id":"https:\/\/turismevalles.com\/en\/#\/schema\/logo\/image\/"}}]}},"uagb_featured_image_src":{"full":["https:\/\/turismevalles.com\/wp-content\/uploads\/2020\/11\/turismevalles133.jpg",640,427,false],"thumbnail":["https:\/\/turismevalles.com\/wp-content\/uploads\/2020\/11\/turismevalles133-150x150.jpg",150,150,true],"medium":["https:\/\/turismevalles.com\/wp-content\/uploads\/2020\/11\/turismevalles133-300x200.jpg",300,200,true],"medium_large":["https:\/\/turismevalles.com\/wp-content\/uploads\/2020\/11\/turismevalles133.jpg",640,427,false],"large":["https:\/\/turismevalles.com\/wp-content\/uploads\/2020\/11\/turismevalles133.jpg",640,427,false],"thumblist":["https:\/\/turismevalles.com\/wp-content\/uploads\/2020\/11\/turismevalles133.jpg",300,200,false],"meccarouselthumb":["https:\/\/turismevalles.com\/wp-content\/uploads\/2020\/11\/turismevalles133.jpg",474,316,false],"gridsquare":["https:\/\/turismevalles.com\/wp-content\/uploads\/2020\/11\/turismevalles133.jpg",391,260,false],"tileview":["https:\/\/turismevalles.com\/wp-content\/uploads\/2020\/11\/turismevalles133.jpg",300,200,false],"1536x1536":["https:\/\/turismevalles.com\/wp-content\/uploads\/2020\/11\/turismevalles133.jpg",640,427,false],"2048x2048":["https:\/\/turismevalles.com\/wp-content\/uploads\/2020\/11\/turismevalles133.jpg",640,427,false]},"uagb_author_info":{"display_name":"Turisme Valles","author_link":"https:\/\/turismevalles.com\/en\/author\/"},"uagb_comment_info":0,"uagb_excerpt":"L&#8217;Ametlla del Vall\u00e8s\u00a0is located between the valleys of Congost and Tenes. It was under the domination of Montbui castle during its medieval origins. With a ... Veure m\u00e9s","_links":{"self":[{"href":"https:\/\/turismevalles.com\/en\/wp-json\/wp\/v2\/valles_oriental\/9804","targetHints":{"allow":["GET"]}}],"collection":[{"href":"https:\/\/turismevalles.com\/en\/wp-json\/wp\/v2\/valles_oriental"}],"about":[{"href":"https:\/\/turismevalles.com\/en\/wp-json\/wp\/v2\/types\/valles_oriental"}],"wp:featuredmedia":[{"embeddable":true,"href":"https:\/\/turismevalles.com\/en\/wp-json\/wp\/v2\/media\/7678"}],"wp:attachment":[{"href":"https:\/\/turismevalles.com\/en\/wp-json\/wp\/v2\/media?parent=9804"}],"wp:term":[{"taxonomy":"poblacions","embeddable":true,"href":"https:\/\/turismevalles.com\/en\/wp-json\/wp\/v2\/poblacions?post=9804"},{"taxonomy":"valles_oriental_contingut","embeddable":true,"href":"https:\/\/turismevalles.com\/en\/wp-json\/wp\/v2\/valles_oriental_contingut?post=9804"},{"taxonomy":"tipologia_estada","embeddable":true,"href":"https:\/\/turismevalles.com\/en\/wp-json\/wp\/v2\/tipologia_estada?post=9804"}],"curies":[{"name":"wp","href":"https:\/\/api.w.org\/{rel}","templated":true}]}}

L&#8217;Ametlla del Vallès

<p>L&#8217;<strong>Ametlla del Vallès</strong> is located between the valleys of Congost and Tenes. It was under the domination of Montbui castle during its medieval origins. With a rural and scattered settlement, the centre of the city developed during the sixteenth century near the church.</p>

<p>Its rural character changed as late as the beginnings of the twentieth century when it became a summer holiday village and later on a place for second residences. The residential character of the town was reinforced with town-planning and architectural projects by <strong>M. J. Raspall</strong>, municipal architect of l&#8217;Ametlla from 1906 when he had just finished his degree and until 1912. This architect’s works correspond to his first stage, which is considered the most modernist, with renovations and new constructions as outstanding as <strong>Can Millet</strong>, <strong>El Cafè</strong> or the <strong>town hall</strong>.</p>

<p><a href="http://www.ametlla.org/">More information</a></p>

<!-- This site is optimized with the Yoast SEO plugin v26.4 - https://yoast.com/wordpress/plugins/seo/ -->
<title>L&#039;Ametlla del Vallès - Turisme Vallès</title>
<meta name="robots" content="index, follow, max-snippet:-1, max-image-preview:large, max-video-preview:-1" />
<link rel="canonical" href="https://turismevalles.com/en/valles_oriental/lametlla-del-valles/" />
<meta property="og:locale" content="en_US" />
<meta property="og:type" content="article" />
<meta property="og:title" content="L&#039;Ametlla del Vallès - Turisme Vallès" />
<meta property="og:description" content="L&#8217;Ametlla del Vallès is located between the valleys of Congost and Tenes. It was under the domination of Montbui castle during its medieval origins. With a ... Veure més" />
<meta property="og:url" content="https://turismevalles.com/en/valles_oriental/lametlla-del-valles/" />
<meta property="og:site_name" content="Turisme Vallès" />
<meta property="article:modified_time" content="2020-12-02T09:01:25+00:00" />
<meta property="og:image" content="https://turismevalles.com/wp-content/uploads/2020/11/turismevalles133.jpg" />
	<meta property="og:image:width" content="640" />
	<meta property="og:image:height" content="427" />
	<meta property="og:image:type" content="image/jpeg" />
<meta name="twitter:card" content="summary_large_image" />
<meta name="twitter:label1" content="Est. reading time" />
	<meta name="twitter:data1" content="1 minute" />
<script type="application/ld+json" class="yoast-schema-graph">{"@context":"https://schema.org","@graph":[{"@type":"WebPage","@id":"https://turismevalles.com/en/valles_oriental/lametlla-del-valles/","url":"https://turismevalles.com/en/valles_oriental/lametlla-del-valles/","name":"L'Ametlla del Vallès - Turisme Vallès","isPartOf":{"@id":"https://turismevalles.com/en/#website"},"primaryImageOfPage":{"@id":"https://turismevalles.com/en/valles_oriental/lametlla-del-valles/#primaryimage"},"image":{"@id":"https://turismevalles.com/en/valles_oriental/lametlla-del-valles/#primaryimage"},"thumbnailUrl":"https://turismevalles.com/wp-content/uploads/2020/11/turismevalles133.jpg","datePublished":"2020-12-02T09:01:24+00:00","dateModified":"2020-12-02T09:01:25+00:00","breadcrumb":{"@id":"https://turismevalles.com/en/valles_oriental/lametlla-del-valles/#breadcrumb"},"inLanguage":"en-US","potentialAction":[{"@type":"ReadAction","target":["https://turismevalles.com/en/valles_oriental/lametlla-del-valles/"]}]},{"@type":"ImageObject","inLanguage":"en-US","@id":"https://turismevalles.com/en/valles_oriental/lametlla-del-valles/#primaryimage","url":"https://turismevalles.com/wp-content/uploads/2020/11/turismevalles133.jpg","contentUrl":"https://turismevalles.com/wp-content/uploads/2020/11/turismevalles133.jpg","width":640,"height":427},{"@type":"BreadcrumbList","@id":"https://turismevalles.com/en/valles_oriental/lametlla-del-valles/#breadcrumb","itemListElement":[{"@type":"ListItem","position":1,"name":"Home","item":"https://turismevalles.com/en/"},{"@type":"ListItem","position":2,"name":"Vallès Oriental","item":"https://turismevalles.com/valles_oriental/"},{"@type":"ListItem","position":3,"name":"L&#8217;Ametlla del Vallès"}]},{"@type":"WebSite","@id":"https://turismevalles.com/en/#website","url":"https://turismevalles.com/en/","name":"Turisme Vallès","description":"","publisher":{"@id":"https://turismevalles.com/en/#organization"},"potentialAction":[{"@type":"SearchAction","target":{"@type":"EntryPoint","urlTemplate":"https://turismevalles.com/en/?s={search_term_string}"},"query-input":{"@type":"PropertyValueSpecification","valueRequired":true,"valueName":"search_term_string"}}],"inLanguage":"en-US"},{"@type":"Organization","@id":"https://turismevalles.com/en/#organization","name":"Turisme Vallès","url":"https://turismevalles.com/en/","logo":{"@type":"ImageObject","inLanguage":"en-US","@id":"https://turismevalles.com/en/#/schema/logo/image/","url":"https://turismevalles.com/wp-content/uploads/2020/08/cropped-logo_ca-2.png","contentUrl":"https://turismevalles.com/wp-content/uploads/2020/08/cropped-logo_ca-2.png","width":314,"height":85,"caption":"Turisme Vallès"},"image":{"@id":"https://turismevalles.com/en/#/schema/logo/image/"}}]}</script>
<!-- / Yoast SEO plugin. -->

L'Ametlla del Vallès - Turisme Vallès

L&#8217;Ametlla del Vallès is located between the valleys of Congost and Tenes. It was under the domination of Montbui castle during its medieval origins. With a ... Veure més

Turisme Vallès

Vallès Oriental
