{"version":"1.0","provider_name":"Turisme Vall\u00e8s","provider_url":"https:\/\/turismevalles.com\/es\/","title":"Jornadas Europeas de Patrimonio - Vall\u00e8s Oriental - Turisme Vall\u00e8s","type":"rich","width":600,"height":338,"html":"<blockquote class=\"wp-embedded-content\" data-secret=\"x20nP34ZBV\"><a href=\"https:\/\/turismevalles.com\/es\/events\/jornades-europees-de-patrimoni-valles-oriental\/\">Jornadas Europeas de Patrimonio &#8211; Vall\u00e8s Oriental<\/a><\/blockquote><iframe sandbox=\"allow-scripts\" security=\"restricted\" src=\"https:\/\/turismevalles.com\/es\/events\/jornades-europees-de-patrimoni-valles-oriental\/embed\/#?secret=x20nP34ZBV\" width=\"600\" height=\"338\" title=\"\u00abJornadas Europeas de Patrimonio &#8211; Vall\u00e8s Oriental\u00bb \u2014 Turisme Vall\u00e8s\" data-secret=\"x20nP34ZBV\" frameborder=\"0\" marginwidth=\"0\" marginheight=\"0\" scrolling=\"no\" class=\"wp-embedded-content\"><\/iframe><script>\n\/*! This file is auto-generated *\/\n!function(d,l){\"use strict\";l.querySelector&&d.addEventListener&&\"undefined\"!=typeof URL&&(d.wp=d.wp||{},d.wp.receiveEmbedMessage||(d.wp.receiveEmbedMessage=function(e){var t=e.data;if((t||t.secret||t.message||t.value)&&!\/[^a-zA-Z0-9]\/.test(t.secret)){for(var s,r,n,a=l.querySelectorAll('iframe[data-secret=\"'+t.secret+'\"]'),o=l.querySelectorAll('blockquote[data-secret=\"'+t.secret+'\"]'),c=new RegExp(\"^https?:$\",\"i\"),i=0;i<o.length;i++)o[i].style.display=\"none\";for(i=0;i<a.length;i++)s=a[i],e.source===s.contentWindow&&(s.removeAttribute(\"style\"),\"height\"===t.message?(1e3<(r=parseInt(t.value,10))?r=1e3:~~r<200&&(r=200),s.height=r):\"link\"===t.message&&(r=new URL(s.getAttribute(\"src\")),n=new URL(t.value),c.test(n.protocol))&&n.host===r.host&&l.activeElement===s&&(d.top.location.href=t.value))}},d.addEventListener(\"message\",d.wp.receiveEmbedMessage,!1),l.addEventListener(\"DOMContentLoaded\",function(){for(var e,t,s=l.querySelectorAll(\"iframe.wp-embedded-content\"),r=0;r<s.length;r++)(t=(e=s[r]).getAttribute(\"data-secret\"))||(t=Math.random().toString(36).substring(2,12),e.src+=\"#?secret=\"+t,e.setAttribute(\"data-secret\",t)),e.contentWindow.postMessage({message:\"ready\",secret:t},\"*\")},!1)))}(window,document);\n<\/script>\n","thumbnail_url":"https:\/\/turismevalles.com\/wp-content\/uploads\/2022\/09\/Destacada-jornades-patrimoni.jpg","thumbnail_width":685,"thumbnail_height":497,"description":"Els dies 7, 8 i 9 d\u2019octubre us convidem a viure noves activitats i experi\u00e8ncies en aquesta jornada de descobertes del nostre patrimoni cultural. Un gran ventall de propostes que es podran consultar, organitzades tem\u00e0ticament i geogr\u00e0ficament, en l\u2019agenda en l\u00ednia. Les Jornades Europees de Patrimoni s\u00f3n un esdeveniment obert a tothom i una gran oportunitat per donar a con\u00e8ixer la riquesa i l\u2019atractiu del nostre patrimoni cultural, amb l\u2019objectiu principal d\u2019estr\u00e8nyer els vincles entre aquest i la societat."}

Turisme Vallès

Jornadas Europeas de Patrimonio - Vallès Oriental - Turisme Vallès

<blockquote class="wp-embedded-content" data-secret="x20nP34ZBV"><a href="https://turismevalles.com/es/events/jornades-europees-de-patrimoni-valles-oriental/">Jornadas Europeas de Patrimonio &#8211; Vallès Oriental</a></blockquote><iframe sandbox="allow-scripts" security="restricted" src="https://turismevalles.com/es/events/jornades-europees-de-patrimoni-valles-oriental/embed/#?secret=x20nP34ZBV" width="600" height="338" title="«Jornadas Europeas de Patrimonio &#8211; Vallès Oriental» — Turisme Vallès" data-secret="x20nP34ZBV" frameborder="0" marginwidth="0" marginheight="0" scrolling="no" class="wp-embedded-content"></iframe><script>
/*! This file is auto-generated */
!function(d,l){"use strict";l.querySelector&&d.addEventListener&&"undefined"!=typeof URL&&(d.wp=d.wp||{},d.wp.receiveEmbedMessage||(d.wp.receiveEmbedMessage=function(e){var t=e.data;if((t||t.secret||t.message||t.value)&&!/[^a-zA-Z0-9]/.test(t.secret)){for(var s,r,n,a=l.querySelectorAll('iframe[data-secret="'+t.secret+'"]'),o=l.querySelectorAll('blockquote[data-secret="'+t.secret+'"]'),c=new RegExp("^https?:$","i"),i=0;i<o.length;i++)o[i].style.display="none";for(i=0;i<a.length;i++)s=a[i],e.source===s.contentWindow&&(s.removeAttribute("style"),"height"===t.message?(1e3<(r=parseInt(t.value,10))?r=1e3:~~r<200&&(r=200),s.height=r):"link"===t.message&&(r=new URL(s.getAttribute("src")),n=new URL(t.value),c.test(n.protocol))&&n.host===r.host&&l.activeElement===s&&(d.top.location.href=t.value))}},d.addEventListener("message",d.wp.receiveEmbedMessage,!1),l.addEventListener("DOMContentLoaded",function(){for(var e,t,s=l.querySelectorAll("iframe.wp-embedded-content"),r=0;r<s.length;r++)(t=(e=s[r]).getAttribute("data-secret"))||(t=Math.random().toString(36).substring(2,12),e.src+="#?secret="+t,e.setAttribute("data-secret",t)),e.contentWindow.postMessage({message:"ready",secret:t},"*")},!1)))}(window,document);
</script>

Els dies 7, 8 i 9 d’octubre us convidem a viure noves activitats i experiències en aquesta jornada de descobertes del nostre patrimoni cultural. Un gran ventall de propostes que es podran consultar, organitzades temàticament i geogràficament, en l’agenda en línia. Les Jornades Europees de Patrimoni són un esdeveniment obert a tothom i una gran oportunitat per donar a conèixer la riquesa i l’atractiu del nostre patrimoni cultural, amb l’objectiu principal d’estrènyer els vincles entre aquest i la societat.
