{"id":60335,"date":"2025-01-17T13:06:42","date_gmt":"2025-01-17T12:06:42","guid":{"rendered":"https:\/\/turismevalles.com\/?post_type=activitats&#038;p=60335"},"modified":"2025-01-17T13:08:43","modified_gmt":"2025-01-17T12:08:43","slug":"visita-la-fundacio-cacaolat","status":"publish","type":"activitats","link":"https:\/\/turismevalles.com\/es\/actividades\/visita-la-fundacio-cacaolat\/","title":{"rendered":"Visita la Fundaci\u00f3n Cacaolat"},"content":{"rendered":"\n<p>La Fundaci\u00f3n Marc Viader abre las puertas al espacio \u201cMarc Viader y Bas\u201d, dedicado a la industrial lechero de Cardedeu , con una exposici\u00f3n que nos permite conocer m\u00e1s de cerca la figura de Marc Viader y Bas como comerciante, ganadero e industrial, al mismo tiempo que la exposici\u00f3n permite hacer un viaje a los or\u00edgenes del Cacaolat, el popular batido de leche y cacao, creado por la familia Viader en los a\u00f1os 30 del siglo XX, el primero de su g\u00e9nero en el mundo.<\/p>\n\n\n\n<p>Tambi\u00e9n se exhiben documentos y fotograf\u00edas de la Granja M. Viader de la calle Xucl\u00e0, de la Granja Viader de Cardedeu y de Letona S.A.<\/p>\n\n\n\n<h6 class=\"wp-block-heading\"><strong>Horas concertadas<\/strong><br><strong>Precio: 10\u20ac por persona (grupo m\u00e1ximo de 10 personas)<\/strong><br><strong>Reserva al museo o llamando al 93871307<\/strong><br><strong>Salida des del Museo<\/strong><\/h6>\n\n\n\n<p><a href=\"https:\/\/museudecardedeu.cat\/la-fundacio-marc-viader-obre-les-seves-portes-per-la-fira-de-nadal\/\" target=\"_blank\" rel=\"noreferrer noopener\">M\u00e1s informaci\u00f3n<\/a><\/p>\n","protected":false},"featured_media":60332,"template":"","poblacions":[428],"tipus_turisme":[248,249],"tipus_menjar":[2707],"tipologia_estada":[],"class_list":["post-60335","activitats","type-activitats","status-publish","has-post-thumbnail","hentry","poblacions-cardedeu-es","tipus_turisme-turismo-cultural","tipus_turisme-turisme-gastronomic-es","tipus_menjar-rutas-gastronomicas","generate-columns","tablet-grid-50","mobile-grid-100","grid-parent","grid-33"],"acf":{"photo_gallery":{"imatges":[[]]}},"yoast_head":"<!-- This site is optimized with the Yoast SEO plugin v26.4 - https:\/\/yoast.com\/wordpress\/plugins\/seo\/ -->\n<title>Visita la Fundaci\u00f3n Cacaolat - Turisme Vall\u00e8s<\/title>\n<meta name=\"robots\" content=\"index, follow, max-snippet:-1, max-image-preview:large, max-video-preview:-1\" \/>\n<link rel=\"canonical\" href=\"https:\/\/turismevalles.com\/actividades\/visita-la-fundacio-cacaolat\/\" \/>\n<meta property=\"og:locale\" content=\"es_ES\" \/>\n<meta property=\"og:type\" content=\"article\" \/>\n<meta property=\"og:title\" content=\"Visita la Fundaci\u00f3n Cacaolat - Turisme Vall\u00e8s\" \/>\n<meta property=\"og:description\" content=\"La Fundaci\u00f3n Marc Viader abre las puertas al espacio \u201cMarc Viader y Bas\u201d, dedicado a la industrial lechero de Cardedeu , con una exposici\u00f3n que ... Veure m\u00e9s\" \/>\n<meta property=\"og:url\" content=\"https:\/\/turismevalles.com\/actividades\/visita-la-fundacio-cacaolat\/\" \/>\n<meta property=\"og:site_name\" content=\"Turisme Vall\u00e8s\" \/>\n<meta property=\"article:modified_time\" content=\"2025-01-17T12:08:43+00:00\" \/>\n<meta property=\"og:image\" content=\"https:\/\/turismevalles.com\/wp-content\/uploads\/2025\/01\/IMG20241015124304-scaled.jpg\" \/>\n\t<meta property=\"og:image:width\" content=\"1920\" \/>\n\t<meta property=\"og:image:height\" content=\"2560\" \/>\n\t<meta property=\"og:image:type\" content=\"image\/jpeg\" \/>\n<meta name=\"twitter:card\" content=\"summary_large_image\" \/>\n<meta name=\"twitter:label1\" content=\"Tiempo de lectura\" \/>\n\t<meta name=\"twitter:data1\" content=\"1 minuto\" \/>\n<script type=\"application\/ld+json\" class=\"yoast-schema-graph\">{\"@context\":\"https:\/\/schema.org\",\"@graph\":[{\"@type\":\"WebPage\",\"@id\":\"https:\/\/turismevalles.com\/actividades\/visita-la-fundacio-cacaolat\/\",\"url\":\"https:\/\/turismevalles.com\/actividades\/visita-la-fundacio-cacaolat\/\",\"name\":\"Visita la Fundaci\u00f3n Cacaolat - Turisme Vall\u00e8s\",\"isPartOf\":{\"@id\":\"https:\/\/turismevalles.com\/en\/#website\"},\"primaryImageOfPage\":{\"@id\":\"https:\/\/turismevalles.com\/actividades\/visita-la-fundacio-cacaolat\/#primaryimage\"},\"image\":{\"@id\":\"https:\/\/turismevalles.com\/actividades\/visita-la-fundacio-cacaolat\/#primaryimage\"},\"thumbnailUrl\":\"https:\/\/turismevalles.com\/wp-content\/uploads\/2025\/01\/IMG20241015124304-scaled.jpg\",\"datePublished\":\"2025-01-17T12:06:42+00:00\",\"dateModified\":\"2025-01-17T12:08:43+00:00\",\"breadcrumb\":{\"@id\":\"https:\/\/turismevalles.com\/actividades\/visita-la-fundacio-cacaolat\/#breadcrumb\"},\"inLanguage\":\"es\",\"potentialAction\":[{\"@type\":\"ReadAction\",\"target\":[\"https:\/\/turismevalles.com\/actividades\/visita-la-fundacio-cacaolat\/\"]}]},{\"@type\":\"ImageObject\",\"inLanguage\":\"es\",\"@id\":\"https:\/\/turismevalles.com\/actividades\/visita-la-fundacio-cacaolat\/#primaryimage\",\"url\":\"https:\/\/turismevalles.com\/wp-content\/uploads\/2025\/01\/IMG20241015124304-scaled.jpg\",\"contentUrl\":\"https:\/\/turismevalles.com\/wp-content\/uploads\/2025\/01\/IMG20241015124304-scaled.jpg\",\"width\":1920,\"height\":2560,\"caption\":\"oplus_34\"},{\"@type\":\"BreadcrumbList\",\"@id\":\"https:\/\/turismevalles.com\/actividades\/visita-la-fundacio-cacaolat\/#breadcrumb\",\"itemListElement\":[{\"@type\":\"ListItem\",\"position\":1,\"name\":\"Inicio\",\"item\":\"https:\/\/turismevalles.com\/es\/\"},{\"@type\":\"ListItem\",\"position\":2,\"name\":\"Activities\",\"item\":\"https:\/\/turismevalles.com\/en\/activities\/\"},{\"@type\":\"ListItem\",\"position\":3,\"name\":\"Visita la Fundaci\u00f3n Cacaolat\"}]},{\"@type\":\"WebSite\",\"@id\":\"https:\/\/turismevalles.com\/en\/#website\",\"url\":\"https:\/\/turismevalles.com\/en\/\",\"name\":\"Turisme Vall\u00e8s\",\"description\":\"\",\"publisher\":{\"@id\":\"https:\/\/turismevalles.com\/en\/#organization\"},\"potentialAction\":[{\"@type\":\"SearchAction\",\"target\":{\"@type\":\"EntryPoint\",\"urlTemplate\":\"https:\/\/turismevalles.com\/en\/?s={search_term_string}\"},\"query-input\":{\"@type\":\"PropertyValueSpecification\",\"valueRequired\":true,\"valueName\":\"search_term_string\"}}],\"inLanguage\":\"es\"},{\"@type\":\"Organization\",\"@id\":\"https:\/\/turismevalles.com\/en\/#organization\",\"name\":\"Turisme Vall\u00e8s\",\"url\":\"https:\/\/turismevalles.com\/en\/\",\"logo\":{\"@type\":\"ImageObject\",\"inLanguage\":\"es\",\"@id\":\"https:\/\/turismevalles.com\/en\/#\/schema\/logo\/image\/\",\"url\":\"https:\/\/turismevalles.com\/wp-content\/uploads\/2020\/08\/cropped-logo_ca-2.png\",\"contentUrl\":\"https:\/\/turismevalles.com\/wp-content\/uploads\/2020\/08\/cropped-logo_ca-2.png\",\"width\":314,\"height\":85,\"caption\":\"Turisme Vall\u00e8s\"},\"image\":{\"@id\":\"https:\/\/turismevalles.com\/en\/#\/schema\/logo\/image\/\"}}]}<\/script>\n<!-- \/ Yoast SEO plugin. -->","yoast_head_json":{"title":"Visita la Fundaci\u00f3n Cacaolat - Turisme Vall\u00e8s","robots":{"index":"index","follow":"follow","max-snippet":"max-snippet:-1","max-image-preview":"max-image-preview:large","max-video-preview":"max-video-preview:-1"},"canonical":"https:\/\/turismevalles.com\/actividades\/visita-la-fundacio-cacaolat\/","og_locale":"es_ES","og_type":"article","og_title":"Visita la Fundaci\u00f3n Cacaolat - Turisme Vall\u00e8s","og_description":"La Fundaci\u00f3n Marc Viader abre las puertas al espacio \u201cMarc Viader y Bas\u201d, dedicado a la industrial lechero de Cardedeu , con una exposici\u00f3n que ... Veure m\u00e9s","og_url":"https:\/\/turismevalles.com\/actividades\/visita-la-fundacio-cacaolat\/","og_site_name":"Turisme Vall\u00e8s","article_modified_time":"2025-01-17T12:08:43+00:00","og_image":[{"width":1920,"height":2560,"url":"https:\/\/turismevalles.com\/wp-content\/uploads\/2025\/01\/IMG20241015124304-scaled.jpg","type":"image\/jpeg"}],"twitter_card":"summary_large_image","twitter_misc":{"Tiempo de lectura":"1 minuto"},"schema":{"@context":"https:\/\/schema.org","@graph":[{"@type":"WebPage","@id":"https:\/\/turismevalles.com\/actividades\/visita-la-fundacio-cacaolat\/","url":"https:\/\/turismevalles.com\/actividades\/visita-la-fundacio-cacaolat\/","name":"Visita la Fundaci\u00f3n Cacaolat - Turisme Vall\u00e8s","isPartOf":{"@id":"https:\/\/turismevalles.com\/en\/#website"},"primaryImageOfPage":{"@id":"https:\/\/turismevalles.com\/actividades\/visita-la-fundacio-cacaolat\/#primaryimage"},"image":{"@id":"https:\/\/turismevalles.com\/actividades\/visita-la-fundacio-cacaolat\/#primaryimage"},"thumbnailUrl":"https:\/\/turismevalles.com\/wp-content\/uploads\/2025\/01\/IMG20241015124304-scaled.jpg","datePublished":"2025-01-17T12:06:42+00:00","dateModified":"2025-01-17T12:08:43+00:00","breadcrumb":{"@id":"https:\/\/turismevalles.com\/actividades\/visita-la-fundacio-cacaolat\/#breadcrumb"},"inLanguage":"es","potentialAction":[{"@type":"ReadAction","target":["https:\/\/turismevalles.com\/actividades\/visita-la-fundacio-cacaolat\/"]}]},{"@type":"ImageObject","inLanguage":"es","@id":"https:\/\/turismevalles.com\/actividades\/visita-la-fundacio-cacaolat\/#primaryimage","url":"https:\/\/turismevalles.com\/wp-content\/uploads\/2025\/01\/IMG20241015124304-scaled.jpg","contentUrl":"https:\/\/turismevalles.com\/wp-content\/uploads\/2025\/01\/IMG20241015124304-scaled.jpg","width":1920,"height":2560,"caption":"oplus_34"},{"@type":"BreadcrumbList","@id":"https:\/\/turismevalles.com\/actividades\/visita-la-fundacio-cacaolat\/#breadcrumb","itemListElement":[{"@type":"ListItem","position":1,"name":"Inicio","item":"https:\/\/turismevalles.com\/es\/"},{"@type":"ListItem","position":2,"name":"Activities","item":"https:\/\/turismevalles.com\/en\/activities\/"},{"@type":"ListItem","position":3,"name":"Visita la Fundaci\u00f3n Cacaolat"}]},{"@type":"WebSite","@id":"https:\/\/turismevalles.com\/en\/#website","url":"https:\/\/turismevalles.com\/en\/","name":"Turisme Vall\u00e8s","description":"","publisher":{"@id":"https:\/\/turismevalles.com\/en\/#organization"},"potentialAction":[{"@type":"SearchAction","target":{"@type":"EntryPoint","urlTemplate":"https:\/\/turismevalles.com\/en\/?s={search_term_string}"},"query-input":{"@type":"PropertyValueSpecification","valueRequired":true,"valueName":"search_term_string"}}],"inLanguage":"es"},{"@type":"Organization","@id":"https:\/\/turismevalles.com\/en\/#organization","name":"Turisme Vall\u00e8s","url":"https:\/\/turismevalles.com\/en\/","logo":{"@type":"ImageObject","inLanguage":"es","@id":"https:\/\/turismevalles.com\/en\/#\/schema\/logo\/image\/","url":"https:\/\/turismevalles.com\/wp-content\/uploads\/2020\/08\/cropped-logo_ca-2.png","contentUrl":"https:\/\/turismevalles.com\/wp-content\/uploads\/2020\/08\/cropped-logo_ca-2.png","width":314,"height":85,"caption":"Turisme Vall\u00e8s"},"image":{"@id":"https:\/\/turismevalles.com\/en\/#\/schema\/logo\/image\/"}}]}},"uagb_featured_image_src":{"full":["https:\/\/turismevalles.com\/wp-content\/uploads\/2025\/01\/IMG20241015124304-scaled.jpg",1920,2560,false],"thumbnail":["https:\/\/turismevalles.com\/wp-content\/uploads\/2025\/01\/IMG20241015124304-150x150.jpg",150,150,true],"medium":["https:\/\/turismevalles.com\/wp-content\/uploads\/2025\/01\/IMG20241015124304-225x300.jpg",225,300,true],"medium_large":["https:\/\/turismevalles.com\/wp-content\/uploads\/2025\/01\/IMG20241015124304-768x1024.jpg",768,1024,true],"large":["https:\/\/turismevalles.com\/wp-content\/uploads\/2025\/01\/IMG20241015124304-768x1024.jpg",768,1024,true],"thumblist":["https:\/\/turismevalles.com\/wp-content\/uploads\/2025\/01\/IMG20241015124304-300x300.jpg",300,300,true],"meccarouselthumb":["https:\/\/turismevalles.com\/wp-content\/uploads\/2025\/01\/IMG20241015124304-474x324.jpg",474,324,true],"gridsquare":["https:\/\/turismevalles.com\/wp-content\/uploads\/2025\/01\/IMG20241015124304-391x260.jpg",391,260,true],"tileview":["https:\/\/turismevalles.com\/wp-content\/uploads\/2025\/01\/IMG20241015124304-300x400.jpg",300,400,true],"1536x1536":["https:\/\/turismevalles.com\/wp-content\/uploads\/2025\/01\/IMG20241015124304-1152x1536.jpg",1152,1536,true],"2048x2048":["https:\/\/turismevalles.com\/wp-content\/uploads\/2025\/01\/IMG20241015124304-1536x2048.jpg",1536,2048,true]},"uagb_author_info":{"display_name":"Turisme Valles","author_link":"https:\/\/turismevalles.com\/es\/author\/"},"uagb_comment_info":0,"uagb_excerpt":"La Fundaci\u00f3n Marc Viader abre las puertas al espacio \u201cMarc Viader y Bas\u201d, dedicado a la industrial lechero de Cardedeu , con una exposici\u00f3n que ... Veure m\u00e9s","_links":{"self":[{"href":"https:\/\/turismevalles.com\/es\/wp-json\/wp\/v2\/activitats\/60335","targetHints":{"allow":["GET"]}}],"collection":[{"href":"https:\/\/turismevalles.com\/es\/wp-json\/wp\/v2\/activitats"}],"about":[{"href":"https:\/\/turismevalles.com\/es\/wp-json\/wp\/v2\/types\/activitats"}],"wp:featuredmedia":[{"embeddable":true,"href":"https:\/\/turismevalles.com\/es\/wp-json\/wp\/v2\/media\/60332"}],"wp:attachment":[{"href":"https:\/\/turismevalles.com\/es\/wp-json\/wp\/v2\/media?parent=60335"}],"wp:term":[{"taxonomy":"poblacions","embeddable":true,"href":"https:\/\/turismevalles.com\/es\/wp-json\/wp\/v2\/poblacions?post=60335"},{"taxonomy":"tipus_turisme","embeddable":true,"href":"https:\/\/turismevalles.com\/es\/wp-json\/wp\/v2\/tipus_turisme?post=60335"},{"taxonomy":"tipus_menjar","embeddable":true,"href":"https:\/\/turismevalles.com\/es\/wp-json\/wp\/v2\/tipus_menjar?post=60335"},{"taxonomy":"tipologia_estada","embeddable":true,"href":"https:\/\/turismevalles.com\/es\/wp-json\/wp\/v2\/tipologia_estada?post=60335"}],"curies":[{"name":"wp","href":"https:\/\/api.w.org\/{rel}","templated":true}]}}

Visita la Fundación Cacaolat

<p>La Fundación Marc Viader abre las puertas al espacio “Marc Viader y Bas”, dedicado a la industrial lechero de Cardedeu , con una exposición que nos permite conocer más de cerca la figura de Marc Viader y Bas como comerciante, ganadero e industrial, al mismo tiempo que la exposición permite hacer un viaje a los orígenes del Cacaolat, el popular batido de leche y cacao, creado por la familia Viader en los años 30 del siglo XX, el primero de su género en el mundo.</p>



<p>También se exhiben documentos y fotografías de la Granja M. Viader de la calle Xuclà, de la Granja Viader de Cardedeu y de Letona S.A.</p>



<h6 class="wp-block-heading"><strong>Horas concertadas</strong><br><strong>Precio: 10€ por persona (grupo máximo de 10 personas)</strong><br><strong>Reserva al museo o llamando al 93871307</strong><br><strong>Salida des del Museo</strong></h6>



<p><a href="https://museudecardedeu.cat/la-fundacio-marc-viader-obre-les-seves-portes-per-la-fira-de-nadal/" target="_blank" rel="noreferrer noopener">Más información</a></p>

<!-- This site is optimized with the Yoast SEO plugin v26.4 - https://yoast.com/wordpress/plugins/seo/ -->
<title>Visita la Fundación Cacaolat - Turisme Vallès</title>
<meta name="robots" content="index, follow, max-snippet:-1, max-image-preview:large, max-video-preview:-1" />
<link rel="canonical" href="https://turismevalles.com/actividades/visita-la-fundacio-cacaolat/" />
<meta property="og:locale" content="es_ES" />
<meta property="og:type" content="article" />
<meta property="og:title" content="Visita la Fundación Cacaolat - Turisme Vallès" />
<meta property="og:description" content="La Fundación Marc Viader abre las puertas al espacio “Marc Viader y Bas”, dedicado a la industrial lechero de Cardedeu , con una exposición que ... Veure més" />
<meta property="og:url" content="https://turismevalles.com/actividades/visita-la-fundacio-cacaolat/" />
<meta property="og:site_name" content="Turisme Vallès" />
<meta property="article:modified_time" content="2025-01-17T12:08:43+00:00" />
<meta property="og:image" content="https://turismevalles.com/wp-content/uploads/2025/01/IMG20241015124304-scaled.jpg" />
	<meta property="og:image:width" content="1920" />
	<meta property="og:image:height" content="2560" />
	<meta property="og:image:type" content="image/jpeg" />
<meta name="twitter:card" content="summary_large_image" />
<meta name="twitter:label1" content="Tiempo de lectura" />
	<meta name="twitter:data1" content="1 minuto" />
<script type="application/ld+json" class="yoast-schema-graph">{"@context":"https://schema.org","@graph":[{"@type":"WebPage","@id":"https://turismevalles.com/actividades/visita-la-fundacio-cacaolat/","url":"https://turismevalles.com/actividades/visita-la-fundacio-cacaolat/","name":"Visita la Fundación Cacaolat - Turisme Vallès","isPartOf":{"@id":"https://turismevalles.com/en/#website"},"primaryImageOfPage":{"@id":"https://turismevalles.com/actividades/visita-la-fundacio-cacaolat/#primaryimage"},"image":{"@id":"https://turismevalles.com/actividades/visita-la-fundacio-cacaolat/#primaryimage"},"thumbnailUrl":"https://turismevalles.com/wp-content/uploads/2025/01/IMG20241015124304-scaled.jpg","datePublished":"2025-01-17T12:06:42+00:00","dateModified":"2025-01-17T12:08:43+00:00","breadcrumb":{"@id":"https://turismevalles.com/actividades/visita-la-fundacio-cacaolat/#breadcrumb"},"inLanguage":"es","potentialAction":[{"@type":"ReadAction","target":["https://turismevalles.com/actividades/visita-la-fundacio-cacaolat/"]}]},{"@type":"ImageObject","inLanguage":"es","@id":"https://turismevalles.com/actividades/visita-la-fundacio-cacaolat/#primaryimage","url":"https://turismevalles.com/wp-content/uploads/2025/01/IMG20241015124304-scaled.jpg","contentUrl":"https://turismevalles.com/wp-content/uploads/2025/01/IMG20241015124304-scaled.jpg","width":1920,"height":2560,"caption":"oplus_34"},{"@type":"BreadcrumbList","@id":"https://turismevalles.com/actividades/visita-la-fundacio-cacaolat/#breadcrumb","itemListElement":[{"@type":"ListItem","position":1,"name":"Inicio","item":"https://turismevalles.com/es/"},{"@type":"ListItem","position":2,"name":"Activities","item":"https://turismevalles.com/en/activities/"},{"@type":"ListItem","position":3,"name":"Visita la Fundación Cacaolat"}]},{"@type":"WebSite","@id":"https://turismevalles.com/en/#website","url":"https://turismevalles.com/en/","name":"Turisme Vallès","description":"","publisher":{"@id":"https://turismevalles.com/en/#organization"},"potentialAction":[{"@type":"SearchAction","target":{"@type":"EntryPoint","urlTemplate":"https://turismevalles.com/en/?s={search_term_string}"},"query-input":{"@type":"PropertyValueSpecification","valueRequired":true,"valueName":"search_term_string"}}],"inLanguage":"es"},{"@type":"Organization","@id":"https://turismevalles.com/en/#organization","name":"Turisme Vallès","url":"https://turismevalles.com/en/","logo":{"@type":"ImageObject","inLanguage":"es","@id":"https://turismevalles.com/en/#/schema/logo/image/","url":"https://turismevalles.com/wp-content/uploads/2020/08/cropped-logo_ca-2.png","contentUrl":"https://turismevalles.com/wp-content/uploads/2020/08/cropped-logo_ca-2.png","width":314,"height":85,"caption":"Turisme Vallès"},"image":{"@id":"https://turismevalles.com/en/#/schema/logo/image/"}}]}</script>
<!-- / Yoast SEO plugin. -->

Visita la Fundación Cacaolat - Turisme Vallès

La Fundación Marc Viader abre las puertas al espacio “Marc Viader y Bas”, dedicado a la industrial lechero de Cardedeu , con una exposición que ... Veure més

Turisme Vallès
