{"id":14484,"date":"2021-07-13T18:19:05","date_gmt":"2021-07-13T16:19:05","guid":{"rendered":"http:\/\/turismevalles.com.mialias.net\/events\/feria-del-tomate\/"},"modified":"2021-07-13T18:19:05","modified_gmt":"2021-07-13T16:19:05","slug":"feria-del-tomate","status":"publish","type":"mec-events","link":"https:\/\/turismevalles.com\/es\/events\/feria-del-tomate\/","title":{"rendered":"Feria del Tomate"},"content":{"rendered":"<header class=\"entry-header\">\n<h1>El 24 y 25 de julio celebramos la 11\u00aa FERIA DEL TOMATE DE VARIEDADES LOCALES DEL VALL\u00c8S en Sta Eul\u00e0lia de Ron\u00e7ana y el 2\u00ba Concurso de cocina del tomate de variedades locales en crudo y cocinado<\/h1>\n<h1 class=\"entry-title\"><strong style=\"font-size: 16px;\"><span class=\"has-inline-color has-vivid-green-cyan-color\">Ven y prueba los tomates de variedades locales recien recolectados de los huertos de los productores del Vall\u00e8s Oriental<\/span><\/strong><\/h1>\n<\/header>\n<div class=\"entry-content\">\n<p>La Feria la organiza el Consell Comarcal con el Ayuntamiento de Santa Eul\u00e0lia de Ron\u00e7ana y con la colaboraci\u00f3n de Llavors Orientals, Slow Food Vall\u00e8s y el Gremio de Hostaleria del Vall\u00e8s Oriental.<\/p>\n<p>En la feria se podr\u00e1 participar a las diferentes actividades programadas que permitiran a los visitantes: probar las diferentes variedades, aprender a cocinar o mejorar las t\u00e9cnicas de cultivo de su huerto.<\/p>\n<p>Consulta el <a href=\"https:\/\/productesdelvalles.wordpress.com\/2021\/07\/06\/el-24-i-25-de-juliol-celebrem-la-11a-fira-del-tomaquet-de-varietats-locals-del-valles-a-sta-eulalia-de-roncana-i-el-2on-concurs-de-cuina-del-tomaquet-de-varietats-locals-en-cru-i-cuinat\/\" target=\"_blank\" rel=\"noopener\">programa de actividades<\/a>.<\/p>\n<\/div>\n","protected":false},"excerpt":{"rendered":"<p>El 24 y 25 de julio celebramos la 11\u00aa FERIA DEL TOMATE DE VARIEDADES LOCALES DEL VALL\u00c8S en Sta Eul\u00e0lia de Ron\u00e7ana y el 2\u00ba &#8230; <a title=\"Feria del Tomate\" class=\"read-more\" href=\"https:\/\/turismevalles.com\/es\/events\/feria-del-tomate\/\" aria-label=\"M\u00e1s en Feria del Tomate\">Veure m\u00e9s<\/a><\/p>\n","protected":false},"author":5,"featured_media":14480,"comment_status":"open","ping_status":"closed","template":"","tags":[],"poblacions":[899],"mec_category":[970,938],"class_list":["post-14484","mec-events","type-mec-events","status-publish","has-post-thumbnail","hentry","poblacions-santa-eulalia-de-roncana-es","mec_category-activitats-en-familia-es","mec_category-gastronomia-es","generate-columns","tablet-grid-50","mobile-grid-100","grid-parent","grid-33"],"acf":[],"yoast_head":"<!-- This site is optimized with the Yoast SEO plugin v26.4 - https:\/\/yoast.com\/wordpress\/plugins\/seo\/ -->\n<title>Feria del Tomate - Turisme Vall\u00e8s<\/title>\n<meta name=\"robots\" content=\"index, follow, max-snippet:-1, max-image-preview:large, max-video-preview:-1\" \/>\n<link rel=\"canonical\" href=\"https:\/\/turismevalles.com\/es\/events\/feria-del-tomate\/\" \/>\n<meta property=\"og:locale\" content=\"es_ES\" \/>\n<meta property=\"og:type\" content=\"article\" \/>\n<meta property=\"og:title\" content=\"Feria del Tomate - Turisme Vall\u00e8s\" \/>\n<meta property=\"og:description\" content=\"El 24 y 25 de julio celebramos la 11\u00aa FERIA DEL TOMATE DE VARIEDADES LOCALES DEL VALL\u00c8S en Sta Eul\u00e0lia de Ron\u00e7ana y el 2\u00ba ... Veure m\u00e9s\" \/>\n<meta property=\"og:url\" content=\"https:\/\/turismevalles.com\/es\/events\/feria-del-tomate\/\" \/>\n<meta property=\"og:site_name\" content=\"Turisme Vall\u00e8s\" \/>\n<meta property=\"og:image\" content=\"https:\/\/turismevalles.com\/wp-content\/uploads\/2021\/07\/fira_tomaquet_cartell_2021.jpg\" \/>\n\t<meta property=\"og:image:width\" content=\"768\" \/>\n\t<meta property=\"og:image:height\" content=\"1062\" \/>\n\t<meta property=\"og:image:type\" content=\"image\/jpeg\" \/>\n<meta name=\"twitter:card\" content=\"summary_large_image\" \/>\n<meta name=\"twitter:label1\" content=\"Tiempo de lectura\" \/>\n\t<meta name=\"twitter:data1\" content=\"1 minuto\" \/>\n<script type=\"application\/ld+json\" class=\"yoast-schema-graph\">{\"@context\":\"https:\/\/schema.org\",\"@graph\":[{\"@type\":\"WebPage\",\"@id\":\"https:\/\/turismevalles.com\/es\/events\/feria-del-tomate\/\",\"url\":\"https:\/\/turismevalles.com\/es\/events\/feria-del-tomate\/\",\"name\":\"Feria del Tomate - Turisme Vall\u00e8s\",\"isPartOf\":{\"@id\":\"https:\/\/turismevalles.com\/en\/#website\"},\"primaryImageOfPage\":{\"@id\":\"https:\/\/turismevalles.com\/es\/events\/feria-del-tomate\/#primaryimage\"},\"image\":{\"@id\":\"https:\/\/turismevalles.com\/es\/events\/feria-del-tomate\/#primaryimage\"},\"thumbnailUrl\":\"https:\/\/turismevalles.com\/wp-content\/uploads\/2021\/07\/fira_tomaquet_cartell_2021.jpg\",\"datePublished\":\"2021-07-13T16:19:05+00:00\",\"breadcrumb\":{\"@id\":\"https:\/\/turismevalles.com\/es\/events\/feria-del-tomate\/#breadcrumb\"},\"inLanguage\":\"es\",\"potentialAction\":[{\"@type\":\"ReadAction\",\"target\":[\"https:\/\/turismevalles.com\/es\/events\/feria-del-tomate\/\"]}]},{\"@type\":\"ImageObject\",\"inLanguage\":\"es\",\"@id\":\"https:\/\/turismevalles.com\/es\/events\/feria-del-tomate\/#primaryimage\",\"url\":\"https:\/\/turismevalles.com\/wp-content\/uploads\/2021\/07\/fira_tomaquet_cartell_2021.jpg\",\"contentUrl\":\"https:\/\/turismevalles.com\/wp-content\/uploads\/2021\/07\/fira_tomaquet_cartell_2021.jpg\",\"width\":768,\"height\":1062},{\"@type\":\"BreadcrumbList\",\"@id\":\"https:\/\/turismevalles.com\/es\/events\/feria-del-tomate\/#breadcrumb\",\"itemListElement\":[{\"@type\":\"ListItem\",\"position\":1,\"name\":\"Inicio\",\"item\":\"https:\/\/turismevalles.com\/es\/\"},{\"@type\":\"ListItem\",\"position\":2,\"name\":\"Esdeveniments\",\"item\":\"https:\/\/turismevalles.com\/events\/\"},{\"@type\":\"ListItem\",\"position\":3,\"name\":\"Feria del Tomate\"}]},{\"@type\":\"WebSite\",\"@id\":\"https:\/\/turismevalles.com\/en\/#website\",\"url\":\"https:\/\/turismevalles.com\/en\/\",\"name\":\"Turisme Vall\u00e8s\",\"description\":\"\",\"publisher\":{\"@id\":\"https:\/\/turismevalles.com\/en\/#organization\"},\"potentialAction\":[{\"@type\":\"SearchAction\",\"target\":{\"@type\":\"EntryPoint\",\"urlTemplate\":\"https:\/\/turismevalles.com\/en\/?s={search_term_string}\"},\"query-input\":{\"@type\":\"PropertyValueSpecification\",\"valueRequired\":true,\"valueName\":\"search_term_string\"}}],\"inLanguage\":\"es\"},{\"@type\":\"Organization\",\"@id\":\"https:\/\/turismevalles.com\/en\/#organization\",\"name\":\"Turisme Vall\u00e8s\",\"url\":\"https:\/\/turismevalles.com\/en\/\",\"logo\":{\"@type\":\"ImageObject\",\"inLanguage\":\"es\",\"@id\":\"https:\/\/turismevalles.com\/en\/#\/schema\/logo\/image\/\",\"url\":\"https:\/\/turismevalles.com\/wp-content\/uploads\/2020\/08\/cropped-logo_ca-2.png\",\"contentUrl\":\"https:\/\/turismevalles.com\/wp-content\/uploads\/2020\/08\/cropped-logo_ca-2.png\",\"width\":314,\"height\":85,\"caption\":\"Turisme Vall\u00e8s\"},\"image\":{\"@id\":\"https:\/\/turismevalles.com\/en\/#\/schema\/logo\/image\/\"}}]}<\/script>\n<!-- \/ Yoast SEO plugin. -->","yoast_head_json":{"title":"Feria del Tomate - Turisme Vall\u00e8s","robots":{"index":"index","follow":"follow","max-snippet":"max-snippet:-1","max-image-preview":"max-image-preview:large","max-video-preview":"max-video-preview:-1"},"canonical":"https:\/\/turismevalles.com\/es\/events\/feria-del-tomate\/","og_locale":"es_ES","og_type":"article","og_title":"Feria del Tomate - Turisme Vall\u00e8s","og_description":"El 24 y 25 de julio celebramos la 11\u00aa FERIA DEL TOMATE DE VARIEDADES LOCALES DEL VALL\u00c8S en Sta Eul\u00e0lia de Ron\u00e7ana y el 2\u00ba ... Veure m\u00e9s","og_url":"https:\/\/turismevalles.com\/es\/events\/feria-del-tomate\/","og_site_name":"Turisme Vall\u00e8s","og_image":[{"width":768,"height":1062,"url":"https:\/\/turismevalles.com\/wp-content\/uploads\/2021\/07\/fira_tomaquet_cartell_2021.jpg","type":"image\/jpeg"}],"twitter_card":"summary_large_image","twitter_misc":{"Tiempo de lectura":"1 minuto"},"schema":{"@context":"https:\/\/schema.org","@graph":[{"@type":"WebPage","@id":"https:\/\/turismevalles.com\/es\/events\/feria-del-tomate\/","url":"https:\/\/turismevalles.com\/es\/events\/feria-del-tomate\/","name":"Feria del Tomate - Turisme Vall\u00e8s","isPartOf":{"@id":"https:\/\/turismevalles.com\/en\/#website"},"primaryImageOfPage":{"@id":"https:\/\/turismevalles.com\/es\/events\/feria-del-tomate\/#primaryimage"},"image":{"@id":"https:\/\/turismevalles.com\/es\/events\/feria-del-tomate\/#primaryimage"},"thumbnailUrl":"https:\/\/turismevalles.com\/wp-content\/uploads\/2021\/07\/fira_tomaquet_cartell_2021.jpg","datePublished":"2021-07-13T16:19:05+00:00","breadcrumb":{"@id":"https:\/\/turismevalles.com\/es\/events\/feria-del-tomate\/#breadcrumb"},"inLanguage":"es","potentialAction":[{"@type":"ReadAction","target":["https:\/\/turismevalles.com\/es\/events\/feria-del-tomate\/"]}]},{"@type":"ImageObject","inLanguage":"es","@id":"https:\/\/turismevalles.com\/es\/events\/feria-del-tomate\/#primaryimage","url":"https:\/\/turismevalles.com\/wp-content\/uploads\/2021\/07\/fira_tomaquet_cartell_2021.jpg","contentUrl":"https:\/\/turismevalles.com\/wp-content\/uploads\/2021\/07\/fira_tomaquet_cartell_2021.jpg","width":768,"height":1062},{"@type":"BreadcrumbList","@id":"https:\/\/turismevalles.com\/es\/events\/feria-del-tomate\/#breadcrumb","itemListElement":[{"@type":"ListItem","position":1,"name":"Inicio","item":"https:\/\/turismevalles.com\/es\/"},{"@type":"ListItem","position":2,"name":"Esdeveniments","item":"https:\/\/turismevalles.com\/events\/"},{"@type":"ListItem","position":3,"name":"Feria del Tomate"}]},{"@type":"WebSite","@id":"https:\/\/turismevalles.com\/en\/#website","url":"https:\/\/turismevalles.com\/en\/","name":"Turisme Vall\u00e8s","description":"","publisher":{"@id":"https:\/\/turismevalles.com\/en\/#organization"},"potentialAction":[{"@type":"SearchAction","target":{"@type":"EntryPoint","urlTemplate":"https:\/\/turismevalles.com\/en\/?s={search_term_string}"},"query-input":{"@type":"PropertyValueSpecification","valueRequired":true,"valueName":"search_term_string"}}],"inLanguage":"es"},{"@type":"Organization","@id":"https:\/\/turismevalles.com\/en\/#organization","name":"Turisme Vall\u00e8s","url":"https:\/\/turismevalles.com\/en\/","logo":{"@type":"ImageObject","inLanguage":"es","@id":"https:\/\/turismevalles.com\/en\/#\/schema\/logo\/image\/","url":"https:\/\/turismevalles.com\/wp-content\/uploads\/2020\/08\/cropped-logo_ca-2.png","contentUrl":"https:\/\/turismevalles.com\/wp-content\/uploads\/2020\/08\/cropped-logo_ca-2.png","width":314,"height":85,"caption":"Turisme Vall\u00e8s"},"image":{"@id":"https:\/\/turismevalles.com\/en\/#\/schema\/logo\/image\/"}}]}},"uagb_featured_image_src":{"full":["https:\/\/turismevalles.com\/wp-content\/uploads\/2021\/07\/fira_tomaquet_cartell_2021.jpg",768,1062,false],"thumbnail":["https:\/\/turismevalles.com\/wp-content\/uploads\/2021\/07\/fira_tomaquet_cartell_2021-150x150.jpg",150,150,true],"medium":["https:\/\/turismevalles.com\/wp-content\/uploads\/2021\/07\/fira_tomaquet_cartell_2021-217x300.jpg",217,300,true],"medium_large":["https:\/\/turismevalles.com\/wp-content\/uploads\/2021\/07\/fira_tomaquet_cartell_2021.jpg",768,1062,false],"large":["https:\/\/turismevalles.com\/wp-content\/uploads\/2021\/07\/fira_tomaquet_cartell_2021-741x1024.jpg",741,1024,true],"thumblist":["https:\/\/turismevalles.com\/wp-content\/uploads\/2021\/07\/fira_tomaquet_cartell_2021-300x300.jpg",300,300,true],"meccarouselthumb":["https:\/\/turismevalles.com\/wp-content\/uploads\/2021\/07\/fira_tomaquet_cartell_2021-474x324.jpg",474,324,true],"gridsquare":["https:\/\/turismevalles.com\/wp-content\/uploads\/2021\/07\/fira_tomaquet_cartell_2021-391x260.jpg",391,260,true],"tileview":["https:\/\/turismevalles.com\/wp-content\/uploads\/2021\/07\/fira_tomaquet_cartell_2021-300x400.jpg",300,400,true],"1536x1536":["https:\/\/turismevalles.com\/wp-content\/uploads\/2021\/07\/fira_tomaquet_cartell_2021.jpg",768,1062,false],"2048x2048":["https:\/\/turismevalles.com\/wp-content\/uploads\/2021\/07\/fira_tomaquet_cartell_2021.jpg",768,1062,false]},"uagb_author_info":{"display_name":"Turisme Valles","author_link":"https:\/\/turismevalles.com\/es\/author\/turismevallesoriental\/"},"uagb_comment_info":0,"uagb_excerpt":"El 24 y 25 de julio celebramos la 11\u00aa FERIA DEL TOMATE DE VARIEDADES LOCALES DEL VALL\u00c8S en Sta Eul\u00e0lia de Ron\u00e7ana y el 2\u00ba ... Veure m\u00e9s","_links":{"self":[{"href":"https:\/\/turismevalles.com\/es\/wp-json\/wp\/v2\/mec-events\/14484","targetHints":{"allow":["GET"]}}],"collection":[{"href":"https:\/\/turismevalles.com\/es\/wp-json\/wp\/v2\/mec-events"}],"about":[{"href":"https:\/\/turismevalles.com\/es\/wp-json\/wp\/v2\/types\/mec-events"}],"author":[{"embeddable":true,"href":"https:\/\/turismevalles.com\/es\/wp-json\/wp\/v2\/users\/5"}],"replies":[{"embeddable":true,"href":"https:\/\/turismevalles.com\/es\/wp-json\/wp\/v2\/comments?post=14484"}],"wp:featuredmedia":[{"embeddable":true,"href":"https:\/\/turismevalles.com\/es\/wp-json\/wp\/v2\/media\/14480"}],"wp:attachment":[{"href":"https:\/\/turismevalles.com\/es\/wp-json\/wp\/v2\/media?parent=14484"}],"wp:term":[{"taxonomy":"post_tag","embeddable":true,"href":"https:\/\/turismevalles.com\/es\/wp-json\/wp\/v2\/tags?post=14484"},{"taxonomy":"poblacions","embeddable":true,"href":"https:\/\/turismevalles.com\/es\/wp-json\/wp\/v2\/poblacions?post=14484"},{"taxonomy":"mec_category","embeddable":true,"href":"https:\/\/turismevalles.com\/es\/wp-json\/wp\/v2\/mec_category?post=14484"}],"curies":[{"name":"wp","href":"https:\/\/api.w.org\/{rel}","templated":true}]}}

<header class="entry-header">
<h1>El 24 y 25 de julio celebramos la 11ª FERIA DEL TOMATE DE VARIEDADES LOCALES DEL VALLÈS en Sta Eulàlia de Ronçana y el 2º Concurso de cocina del tomate de variedades locales en crudo y cocinado</h1>
<h1 class="entry-title"><strong style="font-size: 16px;"><span class="has-inline-color has-vivid-green-cyan-color">Ven y prueba los tomates de variedades locales recien recolectados de los huertos de los productores del Vallès Oriental</span></strong></h1>
</header>
<div class="entry-content">
<p>La Feria la organiza el Consell Comarcal con el Ayuntamiento de Santa Eulàlia de Ronçana y con la colaboración de Llavors Orientals, Slow Food Vallès y el Gremio de Hostaleria del Vallès Oriental.</p>
<p>En la feria se podrá participar a las diferentes actividades programadas que permitiran a los visitantes: probar las diferentes variedades, aprender a cocinar o mejorar las técnicas de cultivo de su huerto.</p>
<p>Consulta el <a href="https://productesdelvalles.wordpress.com/2021/07/06/el-24-i-25-de-juliol-celebrem-la-11a-fira-del-tomaquet-de-varietats-locals-del-valles-a-sta-eulalia-de-roncana-i-el-2on-concurs-de-cuina-del-tomaquet-de-varietats-locals-en-cru-i-cuinat/" target="_blank" rel="noopener">programa de actividades</a>.</p>
</div>

<p>El 24 y 25 de julio celebramos la 11ª FERIA DEL TOMATE DE VARIEDADES LOCALES DEL VALLÈS en Sta Eulàlia de Ronçana y el 2º &#8230; <a title="Feria del Tomate" class="read-more" href="https://turismevalles.com/es/events/feria-del-tomate/" aria-label="Más en Feria del Tomate">Veure més</a></p>

<!-- This site is optimized with the Yoast SEO plugin v26.4 - https://yoast.com/wordpress/plugins/seo/ -->
<title>Feria del Tomate - Turisme Vallès</title>
<meta name="robots" content="index, follow, max-snippet:-1, max-image-preview:large, max-video-preview:-1" />
<link rel="canonical" href="https://turismevalles.com/es/events/feria-del-tomate/" />
<meta property="og:locale" content="es_ES" />
<meta property="og:type" content="article" />
<meta property="og:title" content="Feria del Tomate - Turisme Vallès" />
<meta property="og:description" content="El 24 y 25 de julio celebramos la 11ª FERIA DEL TOMATE DE VARIEDADES LOCALES DEL VALLÈS en Sta Eulàlia de Ronçana y el 2º ... Veure més" />
<meta property="og:url" content="https://turismevalles.com/es/events/feria-del-tomate/" />
<meta property="og:site_name" content="Turisme Vallès" />
<meta property="og:image" content="https://turismevalles.com/wp-content/uploads/2021/07/fira_tomaquet_cartell_2021.jpg" />
	<meta property="og:image:width" content="768" />
	<meta property="og:image:height" content="1062" />
	<meta property="og:image:type" content="image/jpeg" />
<meta name="twitter:card" content="summary_large_image" />
<meta name="twitter:label1" content="Tiempo de lectura" />
	<meta name="twitter:data1" content="1 minuto" />
<script type="application/ld+json" class="yoast-schema-graph">{"@context":"https://schema.org","@graph":[{"@type":"WebPage","@id":"https://turismevalles.com/es/events/feria-del-tomate/","url":"https://turismevalles.com/es/events/feria-del-tomate/","name":"Feria del Tomate - Turisme Vallès","isPartOf":{"@id":"https://turismevalles.com/en/#website"},"primaryImageOfPage":{"@id":"https://turismevalles.com/es/events/feria-del-tomate/#primaryimage"},"image":{"@id":"https://turismevalles.com/es/events/feria-del-tomate/#primaryimage"},"thumbnailUrl":"https://turismevalles.com/wp-content/uploads/2021/07/fira_tomaquet_cartell_2021.jpg","datePublished":"2021-07-13T16:19:05+00:00","breadcrumb":{"@id":"https://turismevalles.com/es/events/feria-del-tomate/#breadcrumb"},"inLanguage":"es","potentialAction":[{"@type":"ReadAction","target":["https://turismevalles.com/es/events/feria-del-tomate/"]}]},{"@type":"ImageObject","inLanguage":"es","@id":"https://turismevalles.com/es/events/feria-del-tomate/#primaryimage","url":"https://turismevalles.com/wp-content/uploads/2021/07/fira_tomaquet_cartell_2021.jpg","contentUrl":"https://turismevalles.com/wp-content/uploads/2021/07/fira_tomaquet_cartell_2021.jpg","width":768,"height":1062},{"@type":"BreadcrumbList","@id":"https://turismevalles.com/es/events/feria-del-tomate/#breadcrumb","itemListElement":[{"@type":"ListItem","position":1,"name":"Inicio","item":"https://turismevalles.com/es/"},{"@type":"ListItem","position":2,"name":"Esdeveniments","item":"https://turismevalles.com/events/"},{"@type":"ListItem","position":3,"name":"Feria del Tomate"}]},{"@type":"WebSite","@id":"https://turismevalles.com/en/#website","url":"https://turismevalles.com/en/","name":"Turisme Vallès","description":"","publisher":{"@id":"https://turismevalles.com/en/#organization"},"potentialAction":[{"@type":"SearchAction","target":{"@type":"EntryPoint","urlTemplate":"https://turismevalles.com/en/?s={search_term_string}"},"query-input":{"@type":"PropertyValueSpecification","valueRequired":true,"valueName":"search_term_string"}}],"inLanguage":"es"},{"@type":"Organization","@id":"https://turismevalles.com/en/#organization","name":"Turisme Vallès","url":"https://turismevalles.com/en/","logo":{"@type":"ImageObject","inLanguage":"es","@id":"https://turismevalles.com/en/#/schema/logo/image/","url":"https://turismevalles.com/wp-content/uploads/2020/08/cropped-logo_ca-2.png","contentUrl":"https://turismevalles.com/wp-content/uploads/2020/08/cropped-logo_ca-2.png","width":314,"height":85,"caption":"Turisme Vallès"},"image":{"@id":"https://turismevalles.com/en/#/schema/logo/image/"}}]}</script>
<!-- / Yoast SEO plugin. -->

Feria del Tomate - Turisme Vallès

El 24 y 25 de julio celebramos la 11ª FERIA DEL TOMATE DE VARIEDADES LOCALES DEL VALLÈS en Sta Eulàlia de Ronçana y el 2º ... Veure més

Turisme Vallès
