{"id":20305,"date":"2022-07-08T12:16:04","date_gmt":"2022-07-08T10:16:04","guid":{"rendered":"http:\/\/turismevalles.com.mialias.net\/events\/vetllada-musical-al-jardi-santa-eulalia-de-roncana\/"},"modified":"2022-07-08T12:17:22","modified_gmt":"2022-07-08T10:17:22","slug":"velada-musical-al-jardi-santa-eulalia-de-roncana","status":"publish","type":"mec-events","link":"https:\/\/turismevalles.com\/es\/events\/velada-musical-al-jardi-santa-eulalia-de-roncana\/","title":{"rendered":"Vetllada musical al jardi &#8211; Santa Eul\u00e0lia de Ron\u00e7ana"},"content":{"rendered":"<p><img loading=\"lazy\" decoding=\"async\" class=\"aligncenter size-full wp-image-20297\" src=\"http:\/\/turismevalles.com\/wp-content\/uploads\/2022\/07\/jardi.jpg\" alt=\"\" width=\"547\" height=\"760\" srcset=\"https:\/\/turismevalles.com\/wp-content\/uploads\/2022\/07\/jardi.jpg 547w, https:\/\/turismevalles.com\/wp-content\/uploads\/2022\/07\/jardi-216x300.jpg 216w\" sizes=\"auto, (max-width: 547px) 100vw, 547px\" \/><\/p>\n","protected":false},"excerpt":{"rendered":"","protected":false},"author":5,"featured_media":20304,"comment_status":"open","ping_status":"closed","template":"","tags":[1966,1135,1968],"poblacions":[899],"mec_category":[970,1094,1603],"class_list":["post-20305","mec-events","type-mec-events","status-publish","has-post-thumbnail","hentry","tag-jardi-es","tag-musica-es","tag-velada","poblacions-santa-eulalia-de-roncana-es","mec_category-activitats-en-familia-es","mec_category-conciertos","mec_category-natura-es","generate-columns","tablet-grid-50","mobile-grid-100","grid-parent","grid-33"],"acf":[],"yoast_head":"<!-- This site is optimized with the Yoast SEO plugin v26.4 - https:\/\/yoast.com\/wordpress\/plugins\/seo\/ -->\n<title>Vetllada musical al jardi - Santa Eul\u00e0lia de Ron\u00e7ana - Turisme Vall\u00e8s<\/title>\n<meta name=\"description\" content=\"Vetada al Jard\u00edn a Santa Eul\u00e0lia de Ron\u00e7ana\" \/>\n<meta name=\"robots\" content=\"index, follow, max-snippet:-1, max-image-preview:large, max-video-preview:-1\" \/>\n<link rel=\"canonical\" href=\"https:\/\/turismevalles.com\/es\/events\/velada-musical-al-jardi-santa-eulalia-de-roncana\/\" \/>\n<meta property=\"og:locale\" content=\"es_ES\" \/>\n<meta property=\"og:type\" content=\"article\" \/>\n<meta property=\"og:title\" content=\"Vetllada musical al jardi - Santa Eul\u00e0lia de Ron\u00e7ana - Turisme Vall\u00e8s\" \/>\n<meta property=\"og:description\" content=\"Vetada al Jard\u00edn a Santa Eul\u00e0lia de Ron\u00e7ana\" \/>\n<meta property=\"og:url\" content=\"https:\/\/turismevalles.com\/es\/events\/velada-musical-al-jardi-santa-eulalia-de-roncana\/\" \/>\n<meta property=\"og:site_name\" content=\"Turisme Vall\u00e8s\" \/>\n<meta property=\"article:modified_time\" content=\"2022-07-08T10:17:22+00:00\" \/>\n<meta property=\"og:image\" content=\"https:\/\/turismevalles.com\/wp-content\/uploads\/2022\/07\/destacada-vetllada-jardi.jpg\" \/>\n\t<meta property=\"og:image:width\" content=\"528\" \/>\n\t<meta property=\"og:image:height\" content=\"105\" \/>\n\t<meta property=\"og:image:type\" content=\"image\/jpeg\" \/>\n<meta name=\"twitter:card\" content=\"summary_large_image\" \/>\n<meta name=\"twitter:label1\" content=\"Tiempo de lectura\" \/>\n\t<meta name=\"twitter:data1\" content=\"1 minuto\" \/>\n<script type=\"application\/ld+json\" class=\"yoast-schema-graph\">{\"@context\":\"https:\/\/schema.org\",\"@graph\":[{\"@type\":\"WebPage\",\"@id\":\"https:\/\/turismevalles.com\/es\/events\/velada-musical-al-jardi-santa-eulalia-de-roncana\/\",\"url\":\"https:\/\/turismevalles.com\/es\/events\/velada-musical-al-jardi-santa-eulalia-de-roncana\/\",\"name\":\"Vetllada musical al jardi - Santa Eul\u00e0lia de Ron\u00e7ana - Turisme Vall\u00e8s\",\"isPartOf\":{\"@id\":\"https:\/\/turismevalles.com\/en\/#website\"},\"primaryImageOfPage\":{\"@id\":\"https:\/\/turismevalles.com\/es\/events\/velada-musical-al-jardi-santa-eulalia-de-roncana\/#primaryimage\"},\"image\":{\"@id\":\"https:\/\/turismevalles.com\/es\/events\/velada-musical-al-jardi-santa-eulalia-de-roncana\/#primaryimage\"},\"thumbnailUrl\":\"https:\/\/turismevalles.com\/wp-content\/uploads\/2022\/07\/destacada-vetllada-jardi.jpg\",\"datePublished\":\"2022-07-08T10:16:04+00:00\",\"dateModified\":\"2022-07-08T10:17:22+00:00\",\"description\":\"Vetada al Jard\u00edn a Santa Eul\u00e0lia de Ron\u00e7ana\",\"breadcrumb\":{\"@id\":\"https:\/\/turismevalles.com\/es\/events\/velada-musical-al-jardi-santa-eulalia-de-roncana\/#breadcrumb\"},\"inLanguage\":\"es\",\"potentialAction\":[{\"@type\":\"ReadAction\",\"target\":[\"https:\/\/turismevalles.com\/es\/events\/velada-musical-al-jardi-santa-eulalia-de-roncana\/\"]}]},{\"@type\":\"ImageObject\",\"inLanguage\":\"es\",\"@id\":\"https:\/\/turismevalles.com\/es\/events\/velada-musical-al-jardi-santa-eulalia-de-roncana\/#primaryimage\",\"url\":\"https:\/\/turismevalles.com\/wp-content\/uploads\/2022\/07\/destacada-vetllada-jardi.jpg\",\"contentUrl\":\"https:\/\/turismevalles.com\/wp-content\/uploads\/2022\/07\/destacada-vetllada-jardi.jpg\",\"width\":528,\"height\":105},{\"@type\":\"BreadcrumbList\",\"@id\":\"https:\/\/turismevalles.com\/es\/events\/velada-musical-al-jardi-santa-eulalia-de-roncana\/#breadcrumb\",\"itemListElement\":[{\"@type\":\"ListItem\",\"position\":1,\"name\":\"Inicio\",\"item\":\"https:\/\/turismevalles.com\/es\/\"},{\"@type\":\"ListItem\",\"position\":2,\"name\":\"Esdeveniments\",\"item\":\"https:\/\/turismevalles.com\/events\/\"},{\"@type\":\"ListItem\",\"position\":3,\"name\":\"Vetllada musical al jardi &#8211; Santa Eul\u00e0lia de Ron\u00e7ana\"}]},{\"@type\":\"WebSite\",\"@id\":\"https:\/\/turismevalles.com\/en\/#website\",\"url\":\"https:\/\/turismevalles.com\/en\/\",\"name\":\"Turisme Vall\u00e8s\",\"description\":\"\",\"publisher\":{\"@id\":\"https:\/\/turismevalles.com\/en\/#organization\"},\"potentialAction\":[{\"@type\":\"SearchAction\",\"target\":{\"@type\":\"EntryPoint\",\"urlTemplate\":\"https:\/\/turismevalles.com\/en\/?s={search_term_string}\"},\"query-input\":{\"@type\":\"PropertyValueSpecification\",\"valueRequired\":true,\"valueName\":\"search_term_string\"}}],\"inLanguage\":\"es\"},{\"@type\":\"Organization\",\"@id\":\"https:\/\/turismevalles.com\/en\/#organization\",\"name\":\"Turisme Vall\u00e8s\",\"url\":\"https:\/\/turismevalles.com\/en\/\",\"logo\":{\"@type\":\"ImageObject\",\"inLanguage\":\"es\",\"@id\":\"https:\/\/turismevalles.com\/en\/#\/schema\/logo\/image\/\",\"url\":\"https:\/\/turismevalles.com\/wp-content\/uploads\/2020\/08\/cropped-logo_ca-2.png\",\"contentUrl\":\"https:\/\/turismevalles.com\/wp-content\/uploads\/2020\/08\/cropped-logo_ca-2.png\",\"width\":314,\"height\":85,\"caption\":\"Turisme Vall\u00e8s\"},\"image\":{\"@id\":\"https:\/\/turismevalles.com\/en\/#\/schema\/logo\/image\/\"}}]}<\/script>\n<!-- \/ Yoast SEO plugin. -->","yoast_head_json":{"title":"Vetllada musical al jardi - Santa Eul\u00e0lia de Ron\u00e7ana - Turisme Vall\u00e8s","description":"Vetada al Jard\u00edn a Santa Eul\u00e0lia de Ron\u00e7ana","robots":{"index":"index","follow":"follow","max-snippet":"max-snippet:-1","max-image-preview":"max-image-preview:large","max-video-preview":"max-video-preview:-1"},"canonical":"https:\/\/turismevalles.com\/es\/events\/velada-musical-al-jardi-santa-eulalia-de-roncana\/","og_locale":"es_ES","og_type":"article","og_title":"Vetllada musical al jardi - Santa Eul\u00e0lia de Ron\u00e7ana - Turisme Vall\u00e8s","og_description":"Vetada al Jard\u00edn a Santa Eul\u00e0lia de Ron\u00e7ana","og_url":"https:\/\/turismevalles.com\/es\/events\/velada-musical-al-jardi-santa-eulalia-de-roncana\/","og_site_name":"Turisme Vall\u00e8s","article_modified_time":"2022-07-08T10:17:22+00:00","og_image":[{"width":528,"height":105,"url":"https:\/\/turismevalles.com\/wp-content\/uploads\/2022\/07\/destacada-vetllada-jardi.jpg","type":"image\/jpeg"}],"twitter_card":"summary_large_image","twitter_misc":{"Tiempo de lectura":"1 minuto"},"schema":{"@context":"https:\/\/schema.org","@graph":[{"@type":"WebPage","@id":"https:\/\/turismevalles.com\/es\/events\/velada-musical-al-jardi-santa-eulalia-de-roncana\/","url":"https:\/\/turismevalles.com\/es\/events\/velada-musical-al-jardi-santa-eulalia-de-roncana\/","name":"Vetllada musical al jardi - Santa Eul\u00e0lia de Ron\u00e7ana - Turisme Vall\u00e8s","isPartOf":{"@id":"https:\/\/turismevalles.com\/en\/#website"},"primaryImageOfPage":{"@id":"https:\/\/turismevalles.com\/es\/events\/velada-musical-al-jardi-santa-eulalia-de-roncana\/#primaryimage"},"image":{"@id":"https:\/\/turismevalles.com\/es\/events\/velada-musical-al-jardi-santa-eulalia-de-roncana\/#primaryimage"},"thumbnailUrl":"https:\/\/turismevalles.com\/wp-content\/uploads\/2022\/07\/destacada-vetllada-jardi.jpg","datePublished":"2022-07-08T10:16:04+00:00","dateModified":"2022-07-08T10:17:22+00:00","description":"Vetada al Jard\u00edn a Santa Eul\u00e0lia de Ron\u00e7ana","breadcrumb":{"@id":"https:\/\/turismevalles.com\/es\/events\/velada-musical-al-jardi-santa-eulalia-de-roncana\/#breadcrumb"},"inLanguage":"es","potentialAction":[{"@type":"ReadAction","target":["https:\/\/turismevalles.com\/es\/events\/velada-musical-al-jardi-santa-eulalia-de-roncana\/"]}]},{"@type":"ImageObject","inLanguage":"es","@id":"https:\/\/turismevalles.com\/es\/events\/velada-musical-al-jardi-santa-eulalia-de-roncana\/#primaryimage","url":"https:\/\/turismevalles.com\/wp-content\/uploads\/2022\/07\/destacada-vetllada-jardi.jpg","contentUrl":"https:\/\/turismevalles.com\/wp-content\/uploads\/2022\/07\/destacada-vetllada-jardi.jpg","width":528,"height":105},{"@type":"BreadcrumbList","@id":"https:\/\/turismevalles.com\/es\/events\/velada-musical-al-jardi-santa-eulalia-de-roncana\/#breadcrumb","itemListElement":[{"@type":"ListItem","position":1,"name":"Inicio","item":"https:\/\/turismevalles.com\/es\/"},{"@type":"ListItem","position":2,"name":"Esdeveniments","item":"https:\/\/turismevalles.com\/events\/"},{"@type":"ListItem","position":3,"name":"Vetllada musical al jardi &#8211; Santa Eul\u00e0lia de Ron\u00e7ana"}]},{"@type":"WebSite","@id":"https:\/\/turismevalles.com\/en\/#website","url":"https:\/\/turismevalles.com\/en\/","name":"Turisme Vall\u00e8s","description":"","publisher":{"@id":"https:\/\/turismevalles.com\/en\/#organization"},"potentialAction":[{"@type":"SearchAction","target":{"@type":"EntryPoint","urlTemplate":"https:\/\/turismevalles.com\/en\/?s={search_term_string}"},"query-input":{"@type":"PropertyValueSpecification","valueRequired":true,"valueName":"search_term_string"}}],"inLanguage":"es"},{"@type":"Organization","@id":"https:\/\/turismevalles.com\/en\/#organization","name":"Turisme Vall\u00e8s","url":"https:\/\/turismevalles.com\/en\/","logo":{"@type":"ImageObject","inLanguage":"es","@id":"https:\/\/turismevalles.com\/en\/#\/schema\/logo\/image\/","url":"https:\/\/turismevalles.com\/wp-content\/uploads\/2020\/08\/cropped-logo_ca-2.png","contentUrl":"https:\/\/turismevalles.com\/wp-content\/uploads\/2020\/08\/cropped-logo_ca-2.png","width":314,"height":85,"caption":"Turisme Vall\u00e8s"},"image":{"@id":"https:\/\/turismevalles.com\/en\/#\/schema\/logo\/image\/"}}]}},"uagb_featured_image_src":{"full":["https:\/\/turismevalles.com\/wp-content\/uploads\/2022\/07\/destacada-vetllada-jardi.jpg",528,105,false],"thumbnail":["https:\/\/turismevalles.com\/wp-content\/uploads\/2022\/07\/destacada-vetllada-jardi-150x105.jpg",150,105,true],"medium":["https:\/\/turismevalles.com\/wp-content\/uploads\/2022\/07\/destacada-vetllada-jardi-300x60.jpg",300,60,true],"medium_large":["https:\/\/turismevalles.com\/wp-content\/uploads\/2022\/07\/destacada-vetllada-jardi.jpg",528,105,false],"large":["https:\/\/turismevalles.com\/wp-content\/uploads\/2022\/07\/destacada-vetllada-jardi.jpg",528,105,false],"thumblist":["https:\/\/turismevalles.com\/wp-content\/uploads\/2022\/07\/destacada-vetllada-jardi-300x105.jpg",300,105,true],"meccarouselthumb":["https:\/\/turismevalles.com\/wp-content\/uploads\/2022\/07\/destacada-vetllada-jardi-474x105.jpg",474,105,true],"gridsquare":["https:\/\/turismevalles.com\/wp-content\/uploads\/2022\/07\/destacada-vetllada-jardi-391x105.jpg",391,105,true],"tileview":["https:\/\/turismevalles.com\/wp-content\/uploads\/2022\/07\/destacada-vetllada-jardi-300x105.jpg",300,105,true],"1536x1536":["https:\/\/turismevalles.com\/wp-content\/uploads\/2022\/07\/destacada-vetllada-jardi.jpg",528,105,false],"2048x2048":["https:\/\/turismevalles.com\/wp-content\/uploads\/2022\/07\/destacada-vetllada-jardi.jpg",528,105,false]},"uagb_author_info":{"display_name":"Turisme Valles","author_link":"https:\/\/turismevalles.com\/es\/author\/turismevallesoriental\/"},"uagb_comment_info":0,"uagb_excerpt":null,"_links":{"self":[{"href":"https:\/\/turismevalles.com\/es\/wp-json\/wp\/v2\/mec-events\/20305","targetHints":{"allow":["GET"]}}],"collection":[{"href":"https:\/\/turismevalles.com\/es\/wp-json\/wp\/v2\/mec-events"}],"about":[{"href":"https:\/\/turismevalles.com\/es\/wp-json\/wp\/v2\/types\/mec-events"}],"author":[{"embeddable":true,"href":"https:\/\/turismevalles.com\/es\/wp-json\/wp\/v2\/users\/5"}],"replies":[{"embeddable":true,"href":"https:\/\/turismevalles.com\/es\/wp-json\/wp\/v2\/comments?post=20305"}],"wp:featuredmedia":[{"embeddable":true,"href":"https:\/\/turismevalles.com\/es\/wp-json\/wp\/v2\/media\/20304"}],"wp:attachment":[{"href":"https:\/\/turismevalles.com\/es\/wp-json\/wp\/v2\/media?parent=20305"}],"wp:term":[{"taxonomy":"post_tag","embeddable":true,"href":"https:\/\/turismevalles.com\/es\/wp-json\/wp\/v2\/tags?post=20305"},{"taxonomy":"poblacions","embeddable":true,"href":"https:\/\/turismevalles.com\/es\/wp-json\/wp\/v2\/poblacions?post=20305"},{"taxonomy":"mec_category","embeddable":true,"href":"https:\/\/turismevalles.com\/es\/wp-json\/wp\/v2\/mec_category?post=20305"}],"curies":[{"name":"wp","href":"https:\/\/api.w.org\/{rel}","templated":true}]}}

Vetllada musical al jardi &#8211; Santa Eulàlia de Ronçana

<!-- This site is optimized with the Yoast SEO plugin v26.4 - https://yoast.com/wordpress/plugins/seo/ -->
<title>Vetllada musical al jardi - Santa Eulàlia de Ronçana - Turisme Vallès</title>
<meta name="description" content="Vetada al Jardín a Santa Eulàlia de Ronçana" />
<meta name="robots" content="index, follow, max-snippet:-1, max-image-preview:large, max-video-preview:-1" />
<link rel="canonical" href="https://turismevalles.com/es/events/velada-musical-al-jardi-santa-eulalia-de-roncana/" />
<meta property="og:locale" content="es_ES" />
<meta property="og:type" content="article" />
<meta property="og:title" content="Vetllada musical al jardi - Santa Eulàlia de Ronçana - Turisme Vallès" />
<meta property="og:description" content="Vetada al Jardín a Santa Eulàlia de Ronçana" />
<meta property="og:url" content="https://turismevalles.com/es/events/velada-musical-al-jardi-santa-eulalia-de-roncana/" />
<meta property="og:site_name" content="Turisme Vallès" />
<meta property="article:modified_time" content="2022-07-08T10:17:22+00:00" />
<meta property="og:image" content="https://turismevalles.com/wp-content/uploads/2022/07/destacada-vetllada-jardi.jpg" />
	<meta property="og:image:width" content="528" />
	<meta property="og:image:height" content="105" />
	<meta property="og:image:type" content="image/jpeg" />
<meta name="twitter:card" content="summary_large_image" />
<meta name="twitter:label1" content="Tiempo de lectura" />
	<meta name="twitter:data1" content="1 minuto" />
<script type="application/ld+json" class="yoast-schema-graph">{"@context":"https://schema.org","@graph":[{"@type":"WebPage","@id":"https://turismevalles.com/es/events/velada-musical-al-jardi-santa-eulalia-de-roncana/","url":"https://turismevalles.com/es/events/velada-musical-al-jardi-santa-eulalia-de-roncana/","name":"Vetllada musical al jardi - Santa Eulàlia de Ronçana - Turisme Vallès","isPartOf":{"@id":"https://turismevalles.com/en/#website"},"primaryImageOfPage":{"@id":"https://turismevalles.com/es/events/velada-musical-al-jardi-santa-eulalia-de-roncana/#primaryimage"},"image":{"@id":"https://turismevalles.com/es/events/velada-musical-al-jardi-santa-eulalia-de-roncana/#primaryimage"},"thumbnailUrl":"https://turismevalles.com/wp-content/uploads/2022/07/destacada-vetllada-jardi.jpg","datePublished":"2022-07-08T10:16:04+00:00","dateModified":"2022-07-08T10:17:22+00:00","description":"Vetada al Jardín a Santa Eulàlia de Ronçana","breadcrumb":{"@id":"https://turismevalles.com/es/events/velada-musical-al-jardi-santa-eulalia-de-roncana/#breadcrumb"},"inLanguage":"es","potentialAction":[{"@type":"ReadAction","target":["https://turismevalles.com/es/events/velada-musical-al-jardi-santa-eulalia-de-roncana/"]}]},{"@type":"ImageObject","inLanguage":"es","@id":"https://turismevalles.com/es/events/velada-musical-al-jardi-santa-eulalia-de-roncana/#primaryimage","url":"https://turismevalles.com/wp-content/uploads/2022/07/destacada-vetllada-jardi.jpg","contentUrl":"https://turismevalles.com/wp-content/uploads/2022/07/destacada-vetllada-jardi.jpg","width":528,"height":105},{"@type":"BreadcrumbList","@id":"https://turismevalles.com/es/events/velada-musical-al-jardi-santa-eulalia-de-roncana/#breadcrumb","itemListElement":[{"@type":"ListItem","position":1,"name":"Inicio","item":"https://turismevalles.com/es/"},{"@type":"ListItem","position":2,"name":"Esdeveniments","item":"https://turismevalles.com/events/"},{"@type":"ListItem","position":3,"name":"Vetllada musical al jardi &#8211; Santa Eulàlia de Ronçana"}]},{"@type":"WebSite","@id":"https://turismevalles.com/en/#website","url":"https://turismevalles.com/en/","name":"Turisme Vallès","description":"","publisher":{"@id":"https://turismevalles.com/en/#organization"},"potentialAction":[{"@type":"SearchAction","target":{"@type":"EntryPoint","urlTemplate":"https://turismevalles.com/en/?s={search_term_string}"},"query-input":{"@type":"PropertyValueSpecification","valueRequired":true,"valueName":"search_term_string"}}],"inLanguage":"es"},{"@type":"Organization","@id":"https://turismevalles.com/en/#organization","name":"Turisme Vallès","url":"https://turismevalles.com/en/","logo":{"@type":"ImageObject","inLanguage":"es","@id":"https://turismevalles.com/en/#/schema/logo/image/","url":"https://turismevalles.com/wp-content/uploads/2020/08/cropped-logo_ca-2.png","contentUrl":"https://turismevalles.com/wp-content/uploads/2020/08/cropped-logo_ca-2.png","width":314,"height":85,"caption":"Turisme Vallès"},"image":{"@id":"https://turismevalles.com/en/#/schema/logo/image/"}}]}</script>
<!-- / Yoast SEO plugin. -->

Vetllada musical al jardi - Santa Eulàlia de Ronçana - Turisme Vallès

Vetada al Jardín a Santa Eulàlia de Ronçana

Turisme Vallès
