{"id":21224,"date":"2022-08-05T13:25:46","date_gmt":"2022-08-05T11:25:46","guid":{"rendered":"http:\/\/turismevalles.com.mialias.net\/events\/28e-encuentro-de-sant-corneli-en-cardedeu-28-encuentro-de-sant-corneli\/"},"modified":"2022-08-22T14:01:12","modified_gmt":"2022-08-22T12:01:12","slug":"28e-encuentro-de-sant-corneli-en-cardedeu-28-encuentro-de-sant-corneli","status":"publish","type":"mec-events","link":"https:\/\/turismevalles.com\/es\/events\/28e-encuentro-de-sant-corneli-en-cardedeu-28-encuentro-de-sant-corneli\/","title":{"rendered":"28\u00e8. Encuentro de Sant Corneli en Cardedeu 28. Encuentro de Sant Corneli"},"content":{"rendered":"<p>M\u00e1s informaci\u00f3n,<a href=\"http:\/\/www.cardedeu.cat\">www.cardedeu.cat<\/a><\/p>\n","protected":false},"excerpt":{"rendered":"<p>M\u00e1s informaci\u00f3n,www.cardedeu.cat<\/p>\n","protected":false},"author":5,"featured_media":21223,"comment_status":"open","ping_status":"closed","template":"","tags":[1922,1039],"poblacions":[428],"mec_category":[929],"class_list":["post-21224","mec-events","type-mec-events","status-publish","has-post-thumbnail","hentry","tag-concert-2-es","tag-cultura-es","poblacions-cardedeu-es","mec_category-cultura-es","generate-columns","tablet-grid-50","mobile-grid-100","grid-parent","grid-33"],"acf":[],"yoast_head":"<!-- This site is optimized with the Yoast SEO plugin v26.4 - https:\/\/yoast.com\/wordpress\/plugins\/seo\/ -->\n<title>28\u00e8. Encuentro de Sant Corneli en Cardedeu 28. Encuentro de Sant Corneli - Turisme Vall\u00e8s<\/title>\n<meta name=\"robots\" content=\"index, follow, max-snippet:-1, max-image-preview:large, max-video-preview:-1\" \/>\n<link rel=\"canonical\" href=\"https:\/\/turismevalles.com\/es\/events\/28e-encuentro-de-sant-corneli-en-cardedeu-28-encuentro-de-sant-corneli\/\" \/>\n<meta property=\"og:locale\" content=\"es_ES\" \/>\n<meta property=\"og:type\" content=\"article\" \/>\n<meta property=\"og:title\" content=\"28\u00e8. Encuentro de Sant Corneli en Cardedeu 28. Encuentro de Sant Corneli - Turisme Vall\u00e8s\" \/>\n<meta property=\"og:description\" content=\"M\u00e1s informaci\u00f3n,www.cardedeu.cat\" \/>\n<meta property=\"og:url\" content=\"https:\/\/turismevalles.com\/es\/events\/28e-encuentro-de-sant-corneli-en-cardedeu-28-encuentro-de-sant-corneli\/\" \/>\n<meta property=\"og:site_name\" content=\"Turisme Vall\u00e8s\" \/>\n<meta property=\"article:modified_time\" content=\"2022-08-22T12:01:12+00:00\" \/>\n<meta property=\"og:image\" content=\"https:\/\/turismevalles.com\/wp-content\/uploads\/2022\/08\/Aplec_Sant_Corneli_Carde10-1-rotated.jpg\" \/>\n\t<meta property=\"og:image:width\" content=\"1240\" \/>\n\t<meta property=\"og:image:height\" content=\"1754\" \/>\n\t<meta property=\"og:image:type\" content=\"image\/jpeg\" \/>\n<meta name=\"twitter:card\" content=\"summary_large_image\" \/>\n<script type=\"application\/ld+json\" class=\"yoast-schema-graph\">{\"@context\":\"https:\/\/schema.org\",\"@graph\":[{\"@type\":\"WebPage\",\"@id\":\"https:\/\/turismevalles.com\/es\/events\/28e-encuentro-de-sant-corneli-en-cardedeu-28-encuentro-de-sant-corneli\/\",\"url\":\"https:\/\/turismevalles.com\/es\/events\/28e-encuentro-de-sant-corneli-en-cardedeu-28-encuentro-de-sant-corneli\/\",\"name\":\"28\u00e8. Encuentro de Sant Corneli en Cardedeu 28. Encuentro de Sant Corneli - Turisme Vall\u00e8s\",\"isPartOf\":{\"@id\":\"https:\/\/turismevalles.com\/en\/#website\"},\"primaryImageOfPage\":{\"@id\":\"https:\/\/turismevalles.com\/es\/events\/28e-encuentro-de-sant-corneli-en-cardedeu-28-encuentro-de-sant-corneli\/#primaryimage\"},\"image\":{\"@id\":\"https:\/\/turismevalles.com\/es\/events\/28e-encuentro-de-sant-corneli-en-cardedeu-28-encuentro-de-sant-corneli\/#primaryimage\"},\"thumbnailUrl\":\"https:\/\/turismevalles.com\/wp-content\/uploads\/2022\/08\/Aplec_Sant_Corneli_Carde10-1-rotated.jpg\",\"datePublished\":\"2022-08-05T11:25:46+00:00\",\"dateModified\":\"2022-08-22T12:01:12+00:00\",\"breadcrumb\":{\"@id\":\"https:\/\/turismevalles.com\/es\/events\/28e-encuentro-de-sant-corneli-en-cardedeu-28-encuentro-de-sant-corneli\/#breadcrumb\"},\"inLanguage\":\"es\",\"potentialAction\":[{\"@type\":\"ReadAction\",\"target\":[\"https:\/\/turismevalles.com\/es\/events\/28e-encuentro-de-sant-corneli-en-cardedeu-28-encuentro-de-sant-corneli\/\"]}]},{\"@type\":\"ImageObject\",\"inLanguage\":\"es\",\"@id\":\"https:\/\/turismevalles.com\/es\/events\/28e-encuentro-de-sant-corneli-en-cardedeu-28-encuentro-de-sant-corneli\/#primaryimage\",\"url\":\"https:\/\/turismevalles.com\/wp-content\/uploads\/2022\/08\/Aplec_Sant_Corneli_Carde10-1-rotated.jpg\",\"contentUrl\":\"https:\/\/turismevalles.com\/wp-content\/uploads\/2022\/08\/Aplec_Sant_Corneli_Carde10-1-rotated.jpg\",\"width\":1240,\"height\":1754},{\"@type\":\"BreadcrumbList\",\"@id\":\"https:\/\/turismevalles.com\/es\/events\/28e-encuentro-de-sant-corneli-en-cardedeu-28-encuentro-de-sant-corneli\/#breadcrumb\",\"itemListElement\":[{\"@type\":\"ListItem\",\"position\":1,\"name\":\"Inicio\",\"item\":\"https:\/\/turismevalles.com\/es\/\"},{\"@type\":\"ListItem\",\"position\":2,\"name\":\"Esdeveniments\",\"item\":\"https:\/\/turismevalles.com\/events\/\"},{\"@type\":\"ListItem\",\"position\":3,\"name\":\"28\u00e8. Encuentro de Sant Corneli en Cardedeu 28. Encuentro de Sant Corneli\"}]},{\"@type\":\"WebSite\",\"@id\":\"https:\/\/turismevalles.com\/en\/#website\",\"url\":\"https:\/\/turismevalles.com\/en\/\",\"name\":\"Turisme Vall\u00e8s\",\"description\":\"\",\"publisher\":{\"@id\":\"https:\/\/turismevalles.com\/en\/#organization\"},\"potentialAction\":[{\"@type\":\"SearchAction\",\"target\":{\"@type\":\"EntryPoint\",\"urlTemplate\":\"https:\/\/turismevalles.com\/en\/?s={search_term_string}\"},\"query-input\":{\"@type\":\"PropertyValueSpecification\",\"valueRequired\":true,\"valueName\":\"search_term_string\"}}],\"inLanguage\":\"es\"},{\"@type\":\"Organization\",\"@id\":\"https:\/\/turismevalles.com\/en\/#organization\",\"name\":\"Turisme Vall\u00e8s\",\"url\":\"https:\/\/turismevalles.com\/en\/\",\"logo\":{\"@type\":\"ImageObject\",\"inLanguage\":\"es\",\"@id\":\"https:\/\/turismevalles.com\/en\/#\/schema\/logo\/image\/\",\"url\":\"https:\/\/turismevalles.com\/wp-content\/uploads\/2020\/08\/cropped-logo_ca-2.png\",\"contentUrl\":\"https:\/\/turismevalles.com\/wp-content\/uploads\/2020\/08\/cropped-logo_ca-2.png\",\"width\":314,\"height\":85,\"caption\":\"Turisme Vall\u00e8s\"},\"image\":{\"@id\":\"https:\/\/turismevalles.com\/en\/#\/schema\/logo\/image\/\"}}]}<\/script>\n<!-- \/ Yoast SEO plugin. -->","yoast_head_json":{"title":"28\u00e8. Encuentro de Sant Corneli en Cardedeu 28. Encuentro de Sant Corneli - Turisme Vall\u00e8s","robots":{"index":"index","follow":"follow","max-snippet":"max-snippet:-1","max-image-preview":"max-image-preview:large","max-video-preview":"max-video-preview:-1"},"canonical":"https:\/\/turismevalles.com\/es\/events\/28e-encuentro-de-sant-corneli-en-cardedeu-28-encuentro-de-sant-corneli\/","og_locale":"es_ES","og_type":"article","og_title":"28\u00e8. Encuentro de Sant Corneli en Cardedeu 28. Encuentro de Sant Corneli - Turisme Vall\u00e8s","og_description":"M\u00e1s informaci\u00f3n,www.cardedeu.cat","og_url":"https:\/\/turismevalles.com\/es\/events\/28e-encuentro-de-sant-corneli-en-cardedeu-28-encuentro-de-sant-corneli\/","og_site_name":"Turisme Vall\u00e8s","article_modified_time":"2022-08-22T12:01:12+00:00","og_image":[{"width":1240,"height":1754,"url":"https:\/\/turismevalles.com\/wp-content\/uploads\/2022\/08\/Aplec_Sant_Corneli_Carde10-1-rotated.jpg","type":"image\/jpeg"}],"twitter_card":"summary_large_image","schema":{"@context":"https:\/\/schema.org","@graph":[{"@type":"WebPage","@id":"https:\/\/turismevalles.com\/es\/events\/28e-encuentro-de-sant-corneli-en-cardedeu-28-encuentro-de-sant-corneli\/","url":"https:\/\/turismevalles.com\/es\/events\/28e-encuentro-de-sant-corneli-en-cardedeu-28-encuentro-de-sant-corneli\/","name":"28\u00e8. Encuentro de Sant Corneli en Cardedeu 28. Encuentro de Sant Corneli - Turisme Vall\u00e8s","isPartOf":{"@id":"https:\/\/turismevalles.com\/en\/#website"},"primaryImageOfPage":{"@id":"https:\/\/turismevalles.com\/es\/events\/28e-encuentro-de-sant-corneli-en-cardedeu-28-encuentro-de-sant-corneli\/#primaryimage"},"image":{"@id":"https:\/\/turismevalles.com\/es\/events\/28e-encuentro-de-sant-corneli-en-cardedeu-28-encuentro-de-sant-corneli\/#primaryimage"},"thumbnailUrl":"https:\/\/turismevalles.com\/wp-content\/uploads\/2022\/08\/Aplec_Sant_Corneli_Carde10-1-rotated.jpg","datePublished":"2022-08-05T11:25:46+00:00","dateModified":"2022-08-22T12:01:12+00:00","breadcrumb":{"@id":"https:\/\/turismevalles.com\/es\/events\/28e-encuentro-de-sant-corneli-en-cardedeu-28-encuentro-de-sant-corneli\/#breadcrumb"},"inLanguage":"es","potentialAction":[{"@type":"ReadAction","target":["https:\/\/turismevalles.com\/es\/events\/28e-encuentro-de-sant-corneli-en-cardedeu-28-encuentro-de-sant-corneli\/"]}]},{"@type":"ImageObject","inLanguage":"es","@id":"https:\/\/turismevalles.com\/es\/events\/28e-encuentro-de-sant-corneli-en-cardedeu-28-encuentro-de-sant-corneli\/#primaryimage","url":"https:\/\/turismevalles.com\/wp-content\/uploads\/2022\/08\/Aplec_Sant_Corneli_Carde10-1-rotated.jpg","contentUrl":"https:\/\/turismevalles.com\/wp-content\/uploads\/2022\/08\/Aplec_Sant_Corneli_Carde10-1-rotated.jpg","width":1240,"height":1754},{"@type":"BreadcrumbList","@id":"https:\/\/turismevalles.com\/es\/events\/28e-encuentro-de-sant-corneli-en-cardedeu-28-encuentro-de-sant-corneli\/#breadcrumb","itemListElement":[{"@type":"ListItem","position":1,"name":"Inicio","item":"https:\/\/turismevalles.com\/es\/"},{"@type":"ListItem","position":2,"name":"Esdeveniments","item":"https:\/\/turismevalles.com\/events\/"},{"@type":"ListItem","position":3,"name":"28\u00e8. Encuentro de Sant Corneli en Cardedeu 28. Encuentro de Sant Corneli"}]},{"@type":"WebSite","@id":"https:\/\/turismevalles.com\/en\/#website","url":"https:\/\/turismevalles.com\/en\/","name":"Turisme Vall\u00e8s","description":"","publisher":{"@id":"https:\/\/turismevalles.com\/en\/#organization"},"potentialAction":[{"@type":"SearchAction","target":{"@type":"EntryPoint","urlTemplate":"https:\/\/turismevalles.com\/en\/?s={search_term_string}"},"query-input":{"@type":"PropertyValueSpecification","valueRequired":true,"valueName":"search_term_string"}}],"inLanguage":"es"},{"@type":"Organization","@id":"https:\/\/turismevalles.com\/en\/#organization","name":"Turisme Vall\u00e8s","url":"https:\/\/turismevalles.com\/en\/","logo":{"@type":"ImageObject","inLanguage":"es","@id":"https:\/\/turismevalles.com\/en\/#\/schema\/logo\/image\/","url":"https:\/\/turismevalles.com\/wp-content\/uploads\/2020\/08\/cropped-logo_ca-2.png","contentUrl":"https:\/\/turismevalles.com\/wp-content\/uploads\/2020\/08\/cropped-logo_ca-2.png","width":314,"height":85,"caption":"Turisme Vall\u00e8s"},"image":{"@id":"https:\/\/turismevalles.com\/en\/#\/schema\/logo\/image\/"}}]}},"uagb_featured_image_src":{"full":["https:\/\/turismevalles.com\/wp-content\/uploads\/2022\/08\/Aplec_Sant_Corneli_Carde10-1-rotated.jpg",1240,1754,false],"thumbnail":["https:\/\/turismevalles.com\/wp-content\/uploads\/2022\/08\/Aplec_Sant_Corneli_Carde10-1-150x150.jpg",150,150,true],"medium":["https:\/\/turismevalles.com\/wp-content\/uploads\/2022\/08\/Aplec_Sant_Corneli_Carde10-1-212x300.jpg",212,300,true],"medium_large":["https:\/\/turismevalles.com\/wp-content\/uploads\/2022\/08\/Aplec_Sant_Corneli_Carde10-1-768x1086.jpg",768,1086,true],"large":["https:\/\/turismevalles.com\/wp-content\/uploads\/2022\/08\/Aplec_Sant_Corneli_Carde10-1-724x1024.jpg",724,1024,true],"thumblist":["https:\/\/turismevalles.com\/wp-content\/uploads\/2022\/08\/Aplec_Sant_Corneli_Carde10-1-300x300.jpg",300,300,true],"meccarouselthumb":["https:\/\/turismevalles.com\/wp-content\/uploads\/2022\/08\/Aplec_Sant_Corneli_Carde10-1-474x324.jpg",474,324,true],"gridsquare":["https:\/\/turismevalles.com\/wp-content\/uploads\/2022\/08\/Aplec_Sant_Corneli_Carde10-1-391x260.jpg",391,260,true],"tileview":["https:\/\/turismevalles.com\/wp-content\/uploads\/2022\/08\/Aplec_Sant_Corneli_Carde10-1-300x400.jpg",300,400,true],"1536x1536":["https:\/\/turismevalles.com\/wp-content\/uploads\/2022\/08\/Aplec_Sant_Corneli_Carde10-1-1086x1536.jpg",1086,1536,true],"2048x2048":["https:\/\/turismevalles.com\/wp-content\/uploads\/2022\/08\/Aplec_Sant_Corneli_Carde10-1-rotated.jpg",1240,1754,false]},"uagb_author_info":{"display_name":"Turisme Valles","author_link":"https:\/\/turismevalles.com\/es\/author\/turismevallesoriental\/"},"uagb_comment_info":0,"uagb_excerpt":"M\u00e1s informaci\u00f3n,www.cardedeu.cat","_links":{"self":[{"href":"https:\/\/turismevalles.com\/es\/wp-json\/wp\/v2\/mec-events\/21224","targetHints":{"allow":["GET"]}}],"collection":[{"href":"https:\/\/turismevalles.com\/es\/wp-json\/wp\/v2\/mec-events"}],"about":[{"href":"https:\/\/turismevalles.com\/es\/wp-json\/wp\/v2\/types\/mec-events"}],"author":[{"embeddable":true,"href":"https:\/\/turismevalles.com\/es\/wp-json\/wp\/v2\/users\/5"}],"replies":[{"embeddable":true,"href":"https:\/\/turismevalles.com\/es\/wp-json\/wp\/v2\/comments?post=21224"}],"wp:featuredmedia":[{"embeddable":true,"href":"https:\/\/turismevalles.com\/es\/wp-json\/wp\/v2\/media\/21223"}],"wp:attachment":[{"href":"https:\/\/turismevalles.com\/es\/wp-json\/wp\/v2\/media?parent=21224"}],"wp:term":[{"taxonomy":"post_tag","embeddable":true,"href":"https:\/\/turismevalles.com\/es\/wp-json\/wp\/v2\/tags?post=21224"},{"taxonomy":"poblacions","embeddable":true,"href":"https:\/\/turismevalles.com\/es\/wp-json\/wp\/v2\/poblacions?post=21224"},{"taxonomy":"mec_category","embeddable":true,"href":"https:\/\/turismevalles.com\/es\/wp-json\/wp\/v2\/mec_category?post=21224"}],"curies":[{"name":"wp","href":"https:\/\/api.w.org\/{rel}","templated":true}]}}

28è. Encuentro de Sant Corneli en Cardedeu 28. Encuentro de Sant Corneli

<p>Más información,<a href="http://www.cardedeu.cat">www.cardedeu.cat</a></p>

<p>Más información,www.cardedeu.cat</p>

<!-- This site is optimized with the Yoast SEO plugin v26.4 - https://yoast.com/wordpress/plugins/seo/ -->
<title>28è. Encuentro de Sant Corneli en Cardedeu 28. Encuentro de Sant Corneli - Turisme Vallès</title>
<meta name="robots" content="index, follow, max-snippet:-1, max-image-preview:large, max-video-preview:-1" />
<link rel="canonical" href="https://turismevalles.com/es/events/28e-encuentro-de-sant-corneli-en-cardedeu-28-encuentro-de-sant-corneli/" />
<meta property="og:locale" content="es_ES" />
<meta property="og:type" content="article" />
<meta property="og:title" content="28è. Encuentro de Sant Corneli en Cardedeu 28. Encuentro de Sant Corneli - Turisme Vallès" />
<meta property="og:description" content="Más información,www.cardedeu.cat" />
<meta property="og:url" content="https://turismevalles.com/es/events/28e-encuentro-de-sant-corneli-en-cardedeu-28-encuentro-de-sant-corneli/" />
<meta property="og:site_name" content="Turisme Vallès" />
<meta property="article:modified_time" content="2022-08-22T12:01:12+00:00" />
<meta property="og:image" content="https://turismevalles.com/wp-content/uploads/2022/08/Aplec_Sant_Corneli_Carde10-1-rotated.jpg" />
	<meta property="og:image:width" content="1240" />
	<meta property="og:image:height" content="1754" />
	<meta property="og:image:type" content="image/jpeg" />
<meta name="twitter:card" content="summary_large_image" />
<script type="application/ld+json" class="yoast-schema-graph">{"@context":"https://schema.org","@graph":[{"@type":"WebPage","@id":"https://turismevalles.com/es/events/28e-encuentro-de-sant-corneli-en-cardedeu-28-encuentro-de-sant-corneli/","url":"https://turismevalles.com/es/events/28e-encuentro-de-sant-corneli-en-cardedeu-28-encuentro-de-sant-corneli/","name":"28è. Encuentro de Sant Corneli en Cardedeu 28. Encuentro de Sant Corneli - Turisme Vallès","isPartOf":{"@id":"https://turismevalles.com/en/#website"},"primaryImageOfPage":{"@id":"https://turismevalles.com/es/events/28e-encuentro-de-sant-corneli-en-cardedeu-28-encuentro-de-sant-corneli/#primaryimage"},"image":{"@id":"https://turismevalles.com/es/events/28e-encuentro-de-sant-corneli-en-cardedeu-28-encuentro-de-sant-corneli/#primaryimage"},"thumbnailUrl":"https://turismevalles.com/wp-content/uploads/2022/08/Aplec_Sant_Corneli_Carde10-1-rotated.jpg","datePublished":"2022-08-05T11:25:46+00:00","dateModified":"2022-08-22T12:01:12+00:00","breadcrumb":{"@id":"https://turismevalles.com/es/events/28e-encuentro-de-sant-corneli-en-cardedeu-28-encuentro-de-sant-corneli/#breadcrumb"},"inLanguage":"es","potentialAction":[{"@type":"ReadAction","target":["https://turismevalles.com/es/events/28e-encuentro-de-sant-corneli-en-cardedeu-28-encuentro-de-sant-corneli/"]}]},{"@type":"ImageObject","inLanguage":"es","@id":"https://turismevalles.com/es/events/28e-encuentro-de-sant-corneli-en-cardedeu-28-encuentro-de-sant-corneli/#primaryimage","url":"https://turismevalles.com/wp-content/uploads/2022/08/Aplec_Sant_Corneli_Carde10-1-rotated.jpg","contentUrl":"https://turismevalles.com/wp-content/uploads/2022/08/Aplec_Sant_Corneli_Carde10-1-rotated.jpg","width":1240,"height":1754},{"@type":"BreadcrumbList","@id":"https://turismevalles.com/es/events/28e-encuentro-de-sant-corneli-en-cardedeu-28-encuentro-de-sant-corneli/#breadcrumb","itemListElement":[{"@type":"ListItem","position":1,"name":"Inicio","item":"https://turismevalles.com/es/"},{"@type":"ListItem","position":2,"name":"Esdeveniments","item":"https://turismevalles.com/events/"},{"@type":"ListItem","position":3,"name":"28è. Encuentro de Sant Corneli en Cardedeu 28. Encuentro de Sant Corneli"}]},{"@type":"WebSite","@id":"https://turismevalles.com/en/#website","url":"https://turismevalles.com/en/","name":"Turisme Vallès","description":"","publisher":{"@id":"https://turismevalles.com/en/#organization"},"potentialAction":[{"@type":"SearchAction","target":{"@type":"EntryPoint","urlTemplate":"https://turismevalles.com/en/?s={search_term_string}"},"query-input":{"@type":"PropertyValueSpecification","valueRequired":true,"valueName":"search_term_string"}}],"inLanguage":"es"},{"@type":"Organization","@id":"https://turismevalles.com/en/#organization","name":"Turisme Vallès","url":"https://turismevalles.com/en/","logo":{"@type":"ImageObject","inLanguage":"es","@id":"https://turismevalles.com/en/#/schema/logo/image/","url":"https://turismevalles.com/wp-content/uploads/2020/08/cropped-logo_ca-2.png","contentUrl":"https://turismevalles.com/wp-content/uploads/2020/08/cropped-logo_ca-2.png","width":314,"height":85,"caption":"Turisme Vallès"},"image":{"@id":"https://turismevalles.com/en/#/schema/logo/image/"}}]}</script>
<!-- / Yoast SEO plugin. -->

28è. Encuentro de Sant Corneli en Cardedeu 28. Encuentro de Sant Corneli - Turisme Vallès

Más información,www.cardedeu.cat

Turisme Vallès
