{"id":24044,"date":"2023-01-23T12:49:05","date_gmt":"2023-01-23T11:49:05","guid":{"rendered":"http:\/\/turismevalles.com.mialias.net\/events\/rua-de-carnaval-la-garriga\/"},"modified":"2023-01-23T12:51:07","modified_gmt":"2023-01-23T11:51:07","slug":"desfile-de-carnaval-la-garriga","status":"publish","type":"mec-events","link":"https:\/\/turismevalles.com\/es\/events\/desfile-de-carnaval-la-garriga\/","title":{"rendered":"Desfile de Carnaval &#8211; La Garriga"},"content":{"rendered":"<p><strong>Despu\u00e9s de dos a\u00f1os sin desfile, por el contexto de pandemia, este a\u00f1o, la Garriga vuelve a celebrar el desfile de Carnaval.<\/strong><\/p>\n<p>El desfile, que tendr\u00e1 lugar el d\u00eda 18 de febrero, iniciar\u00e1 su recorrido a las 17.45 horas, ante el Teatro de la Garriga &#8211; El Patronato y continuar\u00e1 por el Paseo, las calles Vinyals, Ba\u00f1os, Higueral, Nuestra Sra. de la Salud, plaza de los Olivos, calles Cardedeu, Sant Ramon y Calabria y acabar\u00e1 en la plaza de la Iglesia.<\/p>\n","protected":false},"excerpt":{"rendered":"<p>Despu\u00e9s de dos a\u00f1os sin desfile, por el contexto de pandemia, este a\u00f1o, la Garriga vuelve a celebrar el desfile de Carnaval. El desfile, que &#8230; <a title=\"Desfile de Carnaval &#8211; La Garriga\" class=\"read-more\" href=\"https:\/\/turismevalles.com\/es\/events\/desfile-de-carnaval-la-garriga\/\" aria-label=\"M\u00e1s en Desfile de Carnaval &#8211; La Garriga\">Veure m\u00e9s<\/a><\/p>\n","protected":false},"author":5,"featured_media":24043,"comment_status":"open","ping_status":"closed","template":"","tags":[2210,2203,2249,1939,1940,2248],"poblacions":[439],"mec_category":[970,929,1095],"class_list":["post-24044","mec-events","type-mec-events","status-publish","has-post-thumbnail","hentry","tag-carnaval-2-es","tag-carnaval","tag-desfile","tag-festa-2-es","tag-fiesta","tag-rua-es","poblacions-la-garriga-es","mec_category-activitats-en-familia-es","mec_category-cultura-es","mec_category-espectaculos","generate-columns","tablet-grid-50","mobile-grid-100","grid-parent","grid-33"],"acf":[],"yoast_head":"<!-- This site is optimized with the Yoast SEO plugin v26.4 - https:\/\/yoast.com\/wordpress\/plugins\/seo\/ -->\n<title>Desfile de Carnaval - La Garriga - Turisme Vall\u00e8s<\/title>\n<meta name=\"description\" content=\"Desfile de Carnaval en La Garriga - Vall\u00e8s Oriental\" \/>\n<meta name=\"robots\" content=\"index, follow, max-snippet:-1, max-image-preview:large, max-video-preview:-1\" \/>\n<link rel=\"canonical\" href=\"https:\/\/turismevalles.com\/es\/events\/desfile-de-carnaval-la-garriga\/\" \/>\n<meta property=\"og:locale\" content=\"es_ES\" \/>\n<meta property=\"og:type\" content=\"article\" \/>\n<meta property=\"og:title\" content=\"Desfile de Carnaval - La Garriga - Turisme Vall\u00e8s\" \/>\n<meta property=\"og:description\" content=\"Desfile de Carnaval en La Garriga - Vall\u00e8s Oriental\" \/>\n<meta property=\"og:url\" content=\"https:\/\/turismevalles.com\/es\/events\/desfile-de-carnaval-la-garriga\/\" \/>\n<meta property=\"og:site_name\" content=\"Turisme Vall\u00e8s\" \/>\n<meta property=\"article:modified_time\" content=\"2023-01-23T11:51:07+00:00\" \/>\n<meta property=\"og:image\" content=\"https:\/\/turismevalles.com\/wp-content\/uploads\/2023\/01\/Carnaval-La-Garriga.jpg\" \/>\n\t<meta property=\"og:image:width\" content=\"283\" \/>\n\t<meta property=\"og:image:height\" content=\"236\" \/>\n\t<meta property=\"og:image:type\" content=\"image\/jpeg\" \/>\n<meta name=\"twitter:card\" content=\"summary_large_image\" \/>\n<meta name=\"twitter:label1\" content=\"Tiempo de lectura\" \/>\n\t<meta name=\"twitter:data1\" content=\"1 minuto\" \/>\n<script type=\"application\/ld+json\" class=\"yoast-schema-graph\">{\"@context\":\"https:\/\/schema.org\",\"@graph\":[{\"@type\":\"WebPage\",\"@id\":\"https:\/\/turismevalles.com\/es\/events\/desfile-de-carnaval-la-garriga\/\",\"url\":\"https:\/\/turismevalles.com\/es\/events\/desfile-de-carnaval-la-garriga\/\",\"name\":\"Desfile de Carnaval - La Garriga - Turisme Vall\u00e8s\",\"isPartOf\":{\"@id\":\"https:\/\/turismevalles.com\/en\/#website\"},\"primaryImageOfPage\":{\"@id\":\"https:\/\/turismevalles.com\/es\/events\/desfile-de-carnaval-la-garriga\/#primaryimage\"},\"image\":{\"@id\":\"https:\/\/turismevalles.com\/es\/events\/desfile-de-carnaval-la-garriga\/#primaryimage\"},\"thumbnailUrl\":\"https:\/\/turismevalles.com\/wp-content\/uploads\/2023\/01\/Carnaval-La-Garriga.jpg\",\"datePublished\":\"2023-01-23T11:49:05+00:00\",\"dateModified\":\"2023-01-23T11:51:07+00:00\",\"description\":\"Desfile de Carnaval en La Garriga - Vall\u00e8s Oriental\",\"breadcrumb\":{\"@id\":\"https:\/\/turismevalles.com\/es\/events\/desfile-de-carnaval-la-garriga\/#breadcrumb\"},\"inLanguage\":\"es\",\"potentialAction\":[{\"@type\":\"ReadAction\",\"target\":[\"https:\/\/turismevalles.com\/es\/events\/desfile-de-carnaval-la-garriga\/\"]}]},{\"@type\":\"ImageObject\",\"inLanguage\":\"es\",\"@id\":\"https:\/\/turismevalles.com\/es\/events\/desfile-de-carnaval-la-garriga\/#primaryimage\",\"url\":\"https:\/\/turismevalles.com\/wp-content\/uploads\/2023\/01\/Carnaval-La-Garriga.jpg\",\"contentUrl\":\"https:\/\/turismevalles.com\/wp-content\/uploads\/2023\/01\/Carnaval-La-Garriga.jpg\",\"width\":283,\"height\":236},{\"@type\":\"BreadcrumbList\",\"@id\":\"https:\/\/turismevalles.com\/es\/events\/desfile-de-carnaval-la-garriga\/#breadcrumb\",\"itemListElement\":[{\"@type\":\"ListItem\",\"position\":1,\"name\":\"Inicio\",\"item\":\"https:\/\/turismevalles.com\/es\/\"},{\"@type\":\"ListItem\",\"position\":2,\"name\":\"Esdeveniments\",\"item\":\"https:\/\/turismevalles.com\/events\/\"},{\"@type\":\"ListItem\",\"position\":3,\"name\":\"Desfile de Carnaval &#8211; La Garriga\"}]},{\"@type\":\"WebSite\",\"@id\":\"https:\/\/turismevalles.com\/en\/#website\",\"url\":\"https:\/\/turismevalles.com\/en\/\",\"name\":\"Turisme Vall\u00e8s\",\"description\":\"\",\"publisher\":{\"@id\":\"https:\/\/turismevalles.com\/en\/#organization\"},\"potentialAction\":[{\"@type\":\"SearchAction\",\"target\":{\"@type\":\"EntryPoint\",\"urlTemplate\":\"https:\/\/turismevalles.com\/en\/?s={search_term_string}\"},\"query-input\":{\"@type\":\"PropertyValueSpecification\",\"valueRequired\":true,\"valueName\":\"search_term_string\"}}],\"inLanguage\":\"es\"},{\"@type\":\"Organization\",\"@id\":\"https:\/\/turismevalles.com\/en\/#organization\",\"name\":\"Turisme Vall\u00e8s\",\"url\":\"https:\/\/turismevalles.com\/en\/\",\"logo\":{\"@type\":\"ImageObject\",\"inLanguage\":\"es\",\"@id\":\"https:\/\/turismevalles.com\/en\/#\/schema\/logo\/image\/\",\"url\":\"https:\/\/turismevalles.com\/wp-content\/uploads\/2020\/08\/cropped-logo_ca-2.png\",\"contentUrl\":\"https:\/\/turismevalles.com\/wp-content\/uploads\/2020\/08\/cropped-logo_ca-2.png\",\"width\":314,\"height\":85,\"caption\":\"Turisme Vall\u00e8s\"},\"image\":{\"@id\":\"https:\/\/turismevalles.com\/en\/#\/schema\/logo\/image\/\"}}]}<\/script>\n<!-- \/ Yoast SEO plugin. -->","yoast_head_json":{"title":"Desfile de Carnaval - La Garriga - Turisme Vall\u00e8s","description":"Desfile de Carnaval en La Garriga - Vall\u00e8s Oriental","robots":{"index":"index","follow":"follow","max-snippet":"max-snippet:-1","max-image-preview":"max-image-preview:large","max-video-preview":"max-video-preview:-1"},"canonical":"https:\/\/turismevalles.com\/es\/events\/desfile-de-carnaval-la-garriga\/","og_locale":"es_ES","og_type":"article","og_title":"Desfile de Carnaval - La Garriga - Turisme Vall\u00e8s","og_description":"Desfile de Carnaval en La Garriga - Vall\u00e8s Oriental","og_url":"https:\/\/turismevalles.com\/es\/events\/desfile-de-carnaval-la-garriga\/","og_site_name":"Turisme Vall\u00e8s","article_modified_time":"2023-01-23T11:51:07+00:00","og_image":[{"width":283,"height":236,"url":"https:\/\/turismevalles.com\/wp-content\/uploads\/2023\/01\/Carnaval-La-Garriga.jpg","type":"image\/jpeg"}],"twitter_card":"summary_large_image","twitter_misc":{"Tiempo de lectura":"1 minuto"},"schema":{"@context":"https:\/\/schema.org","@graph":[{"@type":"WebPage","@id":"https:\/\/turismevalles.com\/es\/events\/desfile-de-carnaval-la-garriga\/","url":"https:\/\/turismevalles.com\/es\/events\/desfile-de-carnaval-la-garriga\/","name":"Desfile de Carnaval - La Garriga - Turisme Vall\u00e8s","isPartOf":{"@id":"https:\/\/turismevalles.com\/en\/#website"},"primaryImageOfPage":{"@id":"https:\/\/turismevalles.com\/es\/events\/desfile-de-carnaval-la-garriga\/#primaryimage"},"image":{"@id":"https:\/\/turismevalles.com\/es\/events\/desfile-de-carnaval-la-garriga\/#primaryimage"},"thumbnailUrl":"https:\/\/turismevalles.com\/wp-content\/uploads\/2023\/01\/Carnaval-La-Garriga.jpg","datePublished":"2023-01-23T11:49:05+00:00","dateModified":"2023-01-23T11:51:07+00:00","description":"Desfile de Carnaval en La Garriga - Vall\u00e8s Oriental","breadcrumb":{"@id":"https:\/\/turismevalles.com\/es\/events\/desfile-de-carnaval-la-garriga\/#breadcrumb"},"inLanguage":"es","potentialAction":[{"@type":"ReadAction","target":["https:\/\/turismevalles.com\/es\/events\/desfile-de-carnaval-la-garriga\/"]}]},{"@type":"ImageObject","inLanguage":"es","@id":"https:\/\/turismevalles.com\/es\/events\/desfile-de-carnaval-la-garriga\/#primaryimage","url":"https:\/\/turismevalles.com\/wp-content\/uploads\/2023\/01\/Carnaval-La-Garriga.jpg","contentUrl":"https:\/\/turismevalles.com\/wp-content\/uploads\/2023\/01\/Carnaval-La-Garriga.jpg","width":283,"height":236},{"@type":"BreadcrumbList","@id":"https:\/\/turismevalles.com\/es\/events\/desfile-de-carnaval-la-garriga\/#breadcrumb","itemListElement":[{"@type":"ListItem","position":1,"name":"Inicio","item":"https:\/\/turismevalles.com\/es\/"},{"@type":"ListItem","position":2,"name":"Esdeveniments","item":"https:\/\/turismevalles.com\/events\/"},{"@type":"ListItem","position":3,"name":"Desfile de Carnaval &#8211; La Garriga"}]},{"@type":"WebSite","@id":"https:\/\/turismevalles.com\/en\/#website","url":"https:\/\/turismevalles.com\/en\/","name":"Turisme Vall\u00e8s","description":"","publisher":{"@id":"https:\/\/turismevalles.com\/en\/#organization"},"potentialAction":[{"@type":"SearchAction","target":{"@type":"EntryPoint","urlTemplate":"https:\/\/turismevalles.com\/en\/?s={search_term_string}"},"query-input":{"@type":"PropertyValueSpecification","valueRequired":true,"valueName":"search_term_string"}}],"inLanguage":"es"},{"@type":"Organization","@id":"https:\/\/turismevalles.com\/en\/#organization","name":"Turisme Vall\u00e8s","url":"https:\/\/turismevalles.com\/en\/","logo":{"@type":"ImageObject","inLanguage":"es","@id":"https:\/\/turismevalles.com\/en\/#\/schema\/logo\/image\/","url":"https:\/\/turismevalles.com\/wp-content\/uploads\/2020\/08\/cropped-logo_ca-2.png","contentUrl":"https:\/\/turismevalles.com\/wp-content\/uploads\/2020\/08\/cropped-logo_ca-2.png","width":314,"height":85,"caption":"Turisme Vall\u00e8s"},"image":{"@id":"https:\/\/turismevalles.com\/en\/#\/schema\/logo\/image\/"}}]}},"uagb_featured_image_src":{"full":["https:\/\/turismevalles.com\/wp-content\/uploads\/2023\/01\/Carnaval-La-Garriga.jpg",283,236,false],"thumbnail":["https:\/\/turismevalles.com\/wp-content\/uploads\/2023\/01\/Carnaval-La-Garriga-150x150.jpg",150,150,true],"medium":["https:\/\/turismevalles.com\/wp-content\/uploads\/2023\/01\/Carnaval-La-Garriga.jpg",283,236,false],"medium_large":["https:\/\/turismevalles.com\/wp-content\/uploads\/2023\/01\/Carnaval-La-Garriga.jpg",283,236,false],"large":["https:\/\/turismevalles.com\/wp-content\/uploads\/2023\/01\/Carnaval-La-Garriga.jpg",283,236,false],"thumblist":["https:\/\/turismevalles.com\/wp-content\/uploads\/2023\/01\/Carnaval-La-Garriga.jpg",283,236,false],"meccarouselthumb":["https:\/\/turismevalles.com\/wp-content\/uploads\/2023\/01\/Carnaval-La-Garriga.jpg",283,236,false],"gridsquare":["https:\/\/turismevalles.com\/wp-content\/uploads\/2023\/01\/Carnaval-La-Garriga.jpg",283,236,false],"tileview":["https:\/\/turismevalles.com\/wp-content\/uploads\/2023\/01\/Carnaval-La-Garriga.jpg",283,236,false],"1536x1536":["https:\/\/turismevalles.com\/wp-content\/uploads\/2023\/01\/Carnaval-La-Garriga.jpg",283,236,false],"2048x2048":["https:\/\/turismevalles.com\/wp-content\/uploads\/2023\/01\/Carnaval-La-Garriga.jpg",283,236,false]},"uagb_author_info":{"display_name":"Turisme Valles","author_link":"https:\/\/turismevalles.com\/es\/author\/turismevallesoriental\/"},"uagb_comment_info":0,"uagb_excerpt":"Despu\u00e9s de dos a\u00f1os sin desfile, por el contexto de pandemia, este a\u00f1o, la Garriga vuelve a celebrar el desfile de Carnaval. El desfile, que ... Veure m\u00e9s","_links":{"self":[{"href":"https:\/\/turismevalles.com\/es\/wp-json\/wp\/v2\/mec-events\/24044","targetHints":{"allow":["GET"]}}],"collection":[{"href":"https:\/\/turismevalles.com\/es\/wp-json\/wp\/v2\/mec-events"}],"about":[{"href":"https:\/\/turismevalles.com\/es\/wp-json\/wp\/v2\/types\/mec-events"}],"author":[{"embeddable":true,"href":"https:\/\/turismevalles.com\/es\/wp-json\/wp\/v2\/users\/5"}],"replies":[{"embeddable":true,"href":"https:\/\/turismevalles.com\/es\/wp-json\/wp\/v2\/comments?post=24044"}],"wp:featuredmedia":[{"embeddable":true,"href":"https:\/\/turismevalles.com\/es\/wp-json\/wp\/v2\/media\/24043"}],"wp:attachment":[{"href":"https:\/\/turismevalles.com\/es\/wp-json\/wp\/v2\/media?parent=24044"}],"wp:term":[{"taxonomy":"post_tag","embeddable":true,"href":"https:\/\/turismevalles.com\/es\/wp-json\/wp\/v2\/tags?post=24044"},{"taxonomy":"poblacions","embeddable":true,"href":"https:\/\/turismevalles.com\/es\/wp-json\/wp\/v2\/poblacions?post=24044"},{"taxonomy":"mec_category","embeddable":true,"href":"https:\/\/turismevalles.com\/es\/wp-json\/wp\/v2\/mec_category?post=24044"}],"curies":[{"name":"wp","href":"https:\/\/api.w.org\/{rel}","templated":true}]}}

<p><strong>Después de dos años sin desfile, por el contexto de pandemia, este año, la Garriga vuelve a celebrar el desfile de Carnaval.</strong></p>
<p>El desfile, que tendrá lugar el día 18 de febrero, iniciará su recorrido a las 17.45 horas, ante el Teatro de la Garriga &#8211; El Patronato y continuará por el Paseo, las calles Vinyals, Baños, Higueral, Nuestra Sra. de la Salud, plaza de los Olivos, calles Cardedeu, Sant Ramon y Calabria y acabará en la plaza de la Iglesia.</p>

<p>Después de dos años sin desfile, por el contexto de pandemia, este año, la Garriga vuelve a celebrar el desfile de Carnaval. El desfile, que &#8230; <a title="Desfile de Carnaval &#8211; La Garriga" class="read-more" href="https://turismevalles.com/es/events/desfile-de-carnaval-la-garriga/" aria-label="Más en Desfile de Carnaval &#8211; La Garriga">Veure més</a></p>

<!-- This site is optimized with the Yoast SEO plugin v26.4 - https://yoast.com/wordpress/plugins/seo/ -->
<title>Desfile de Carnaval - La Garriga - Turisme Vallès</title>
<meta name="description" content="Desfile de Carnaval en La Garriga - Vallès Oriental" />
<meta name="robots" content="index, follow, max-snippet:-1, max-image-preview:large, max-video-preview:-1" />
<link rel="canonical" href="https://turismevalles.com/es/events/desfile-de-carnaval-la-garriga/" />
<meta property="og:locale" content="es_ES" />
<meta property="og:type" content="article" />
<meta property="og:title" content="Desfile de Carnaval - La Garriga - Turisme Vallès" />
<meta property="og:description" content="Desfile de Carnaval en La Garriga - Vallès Oriental" />
<meta property="og:url" content="https://turismevalles.com/es/events/desfile-de-carnaval-la-garriga/" />
<meta property="og:site_name" content="Turisme Vallès" />
<meta property="article:modified_time" content="2023-01-23T11:51:07+00:00" />
<meta property="og:image" content="https://turismevalles.com/wp-content/uploads/2023/01/Carnaval-La-Garriga.jpg" />
	<meta property="og:image:width" content="283" />
	<meta property="og:image:height" content="236" />
	<meta property="og:image:type" content="image/jpeg" />
<meta name="twitter:card" content="summary_large_image" />
<meta name="twitter:label1" content="Tiempo de lectura" />
	<meta name="twitter:data1" content="1 minuto" />
<script type="application/ld+json" class="yoast-schema-graph">{"@context":"https://schema.org","@graph":[{"@type":"WebPage","@id":"https://turismevalles.com/es/events/desfile-de-carnaval-la-garriga/","url":"https://turismevalles.com/es/events/desfile-de-carnaval-la-garriga/","name":"Desfile de Carnaval - La Garriga - Turisme Vallès","isPartOf":{"@id":"https://turismevalles.com/en/#website"},"primaryImageOfPage":{"@id":"https://turismevalles.com/es/events/desfile-de-carnaval-la-garriga/#primaryimage"},"image":{"@id":"https://turismevalles.com/es/events/desfile-de-carnaval-la-garriga/#primaryimage"},"thumbnailUrl":"https://turismevalles.com/wp-content/uploads/2023/01/Carnaval-La-Garriga.jpg","datePublished":"2023-01-23T11:49:05+00:00","dateModified":"2023-01-23T11:51:07+00:00","description":"Desfile de Carnaval en La Garriga - Vallès Oriental","breadcrumb":{"@id":"https://turismevalles.com/es/events/desfile-de-carnaval-la-garriga/#breadcrumb"},"inLanguage":"es","potentialAction":[{"@type":"ReadAction","target":["https://turismevalles.com/es/events/desfile-de-carnaval-la-garriga/"]}]},{"@type":"ImageObject","inLanguage":"es","@id":"https://turismevalles.com/es/events/desfile-de-carnaval-la-garriga/#primaryimage","url":"https://turismevalles.com/wp-content/uploads/2023/01/Carnaval-La-Garriga.jpg","contentUrl":"https://turismevalles.com/wp-content/uploads/2023/01/Carnaval-La-Garriga.jpg","width":283,"height":236},{"@type":"BreadcrumbList","@id":"https://turismevalles.com/es/events/desfile-de-carnaval-la-garriga/#breadcrumb","itemListElement":[{"@type":"ListItem","position":1,"name":"Inicio","item":"https://turismevalles.com/es/"},{"@type":"ListItem","position":2,"name":"Esdeveniments","item":"https://turismevalles.com/events/"},{"@type":"ListItem","position":3,"name":"Desfile de Carnaval &#8211; La Garriga"}]},{"@type":"WebSite","@id":"https://turismevalles.com/en/#website","url":"https://turismevalles.com/en/","name":"Turisme Vallès","description":"","publisher":{"@id":"https://turismevalles.com/en/#organization"},"potentialAction":[{"@type":"SearchAction","target":{"@type":"EntryPoint","urlTemplate":"https://turismevalles.com/en/?s={search_term_string}"},"query-input":{"@type":"PropertyValueSpecification","valueRequired":true,"valueName":"search_term_string"}}],"inLanguage":"es"},{"@type":"Organization","@id":"https://turismevalles.com/en/#organization","name":"Turisme Vallès","url":"https://turismevalles.com/en/","logo":{"@type":"ImageObject","inLanguage":"es","@id":"https://turismevalles.com/en/#/schema/logo/image/","url":"https://turismevalles.com/wp-content/uploads/2020/08/cropped-logo_ca-2.png","contentUrl":"https://turismevalles.com/wp-content/uploads/2020/08/cropped-logo_ca-2.png","width":314,"height":85,"caption":"Turisme Vallès"},"image":{"@id":"https://turismevalles.com/en/#/schema/logo/image/"}}]}</script>
<!-- / Yoast SEO plugin. -->

Desfile de Carnaval - La Garriga - Turisme Vallès

Desfile de Carnaval en La Garriga - Vallès Oriental

Turisme Vallès

Después de dos años sin desfile, por el contexto de pandemia, este año, la Garriga vuelve a celebrar el desfile de Carnaval. El desfile, que ... Veure més
