{"id":24078,"date":"2023-01-23T13:16:45","date_gmt":"2023-01-23T12:16:45","guid":{"rendered":"http:\/\/turismevalles.com.mialias.net\/events\/carnestoltes-a-vallgorgina\/"},"modified":"2023-01-23T13:18:14","modified_gmt":"2023-01-23T12:18:14","slug":"carnaval-en-vallgorgina","status":"publish","type":"mec-events","link":"https:\/\/turismevalles.com\/es\/events\/carnaval-en-vallgorgina\/","title":{"rendered":"Carnaval en Vallgorguina"},"content":{"rendered":"<p><img loading=\"lazy\" decoding=\"async\" class=\"aligncenter size-full wp-image-24070\" src=\"http:\/\/turismevalles.com\/wp-content\/uploads\/2023\/01\/Carnaval-Vallgorguina.jpg\" alt=\"\" width=\"611\" height=\"856\" srcset=\"https:\/\/turismevalles.com\/wp-content\/uploads\/2023\/01\/Carnaval-Vallgorguina.jpg 611w, https:\/\/turismevalles.com\/wp-content\/uploads\/2023\/01\/Carnaval-Vallgorguina-214x300.jpg 214w\" sizes=\"auto, (max-width: 611px) 100vw, 611px\" \/><\/p>\n<p>Carnestoltes: Desfile y animaci\u00f3n con La Cremallera &#8211; Teatro en la calle<\/p>\n<p>17 h en la plaza de la Vila<\/p>\n<p>Organiza: Asociaci\u00f3n Cultural Vallgorguina (*ACV) y Ayuntamiento de Vallgorguina<\/p>\n","protected":false},"excerpt":{"rendered":"<p>Carnestoltes: Desfile y animaci\u00f3n con La Cremallera &#8211; Teatro en la calle 17 h en la plaza de la Vila Organiza: Asociaci\u00f3n Cultural Vallgorguina (*ACV) &#8230; <a title=\"Carnaval en Vallgorguina\" class=\"read-more\" href=\"https:\/\/turismevalles.com\/es\/events\/carnaval-en-vallgorgina\/\" aria-label=\"M\u00e1s en Carnaval en Vallgorguina\">Veure m\u00e9s<\/a><\/p>\n","protected":false},"author":5,"featured_media":24077,"comment_status":"open","ping_status":"closed","template":"","tags":[2203,2202,1939,1940],"poblacions":[896],"mec_category":[970,1095],"class_list":["post-24078","mec-events","type-mec-events","status-publish","has-post-thumbnail","hentry","tag-carnaval","tag-carnestoltes-es","tag-festa-2-es","tag-fiesta","poblacions-vallgorguina-es","mec_category-activitats-en-familia-es","mec_category-espectaculos","generate-columns","tablet-grid-50","mobile-grid-100","grid-parent","grid-33"],"acf":[],"yoast_head":"<!-- This site is optimized with the Yoast SEO plugin v26.4 - https:\/\/yoast.com\/wordpress\/plugins\/seo\/ -->\n<title>Carnaval en Vallgorguina - Turisme Vall\u00e8s<\/title>\n<meta name=\"description\" content=\"Carnaval cerca de Barcelona: Vallgorguina al Vall\u00e8s Oriental\" \/>\n<meta name=\"robots\" content=\"index, follow, max-snippet:-1, max-image-preview:large, max-video-preview:-1\" \/>\n<link rel=\"canonical\" href=\"https:\/\/turismevalles.com\/es\/events\/carnaval-en-vallgorgina\/\" \/>\n<meta property=\"og:locale\" content=\"es_ES\" \/>\n<meta property=\"og:type\" content=\"article\" \/>\n<meta property=\"og:title\" content=\"Carnaval en Vallgorguina - Turisme Vall\u00e8s\" \/>\n<meta property=\"og:description\" content=\"Carnaval cerca de Barcelona: Vallgorguina al Vall\u00e8s Oriental\" \/>\n<meta property=\"og:url\" content=\"https:\/\/turismevalles.com\/es\/events\/carnaval-en-vallgorgina\/\" \/>\n<meta property=\"og:site_name\" content=\"Turisme Vall\u00e8s\" \/>\n<meta property=\"article:modified_time\" content=\"2023-01-23T12:18:14+00:00\" \/>\n<meta property=\"og:image\" content=\"https:\/\/turismevalles.com\/wp-content\/uploads\/2023\/01\/Carnestoltes-Vallgorguina.jpg\" \/>\n\t<meta property=\"og:image:width\" content=\"600\" \/>\n\t<meta property=\"og:image:height\" content=\"447\" \/>\n\t<meta property=\"og:image:type\" content=\"image\/jpeg\" \/>\n<meta name=\"twitter:card\" content=\"summary_large_image\" \/>\n<meta name=\"twitter:label1\" content=\"Tiempo de lectura\" \/>\n\t<meta name=\"twitter:data1\" content=\"1 minuto\" \/>\n<script type=\"application\/ld+json\" class=\"yoast-schema-graph\">{\"@context\":\"https:\/\/schema.org\",\"@graph\":[{\"@type\":\"WebPage\",\"@id\":\"https:\/\/turismevalles.com\/es\/events\/carnaval-en-vallgorgina\/\",\"url\":\"https:\/\/turismevalles.com\/es\/events\/carnaval-en-vallgorgina\/\",\"name\":\"Carnaval en Vallgorguina - Turisme Vall\u00e8s\",\"isPartOf\":{\"@id\":\"https:\/\/turismevalles.com\/en\/#website\"},\"primaryImageOfPage\":{\"@id\":\"https:\/\/turismevalles.com\/es\/events\/carnaval-en-vallgorgina\/#primaryimage\"},\"image\":{\"@id\":\"https:\/\/turismevalles.com\/es\/events\/carnaval-en-vallgorgina\/#primaryimage\"},\"thumbnailUrl\":\"https:\/\/turismevalles.com\/wp-content\/uploads\/2023\/01\/Carnestoltes-Vallgorguina.jpg\",\"datePublished\":\"2023-01-23T12:16:45+00:00\",\"dateModified\":\"2023-01-23T12:18:14+00:00\",\"description\":\"Carnaval cerca de Barcelona: Vallgorguina al Vall\u00e8s Oriental\",\"breadcrumb\":{\"@id\":\"https:\/\/turismevalles.com\/es\/events\/carnaval-en-vallgorgina\/#breadcrumb\"},\"inLanguage\":\"es\",\"potentialAction\":[{\"@type\":\"ReadAction\",\"target\":[\"https:\/\/turismevalles.com\/es\/events\/carnaval-en-vallgorgina\/\"]}]},{\"@type\":\"ImageObject\",\"inLanguage\":\"es\",\"@id\":\"https:\/\/turismevalles.com\/es\/events\/carnaval-en-vallgorgina\/#primaryimage\",\"url\":\"https:\/\/turismevalles.com\/wp-content\/uploads\/2023\/01\/Carnestoltes-Vallgorguina.jpg\",\"contentUrl\":\"https:\/\/turismevalles.com\/wp-content\/uploads\/2023\/01\/Carnestoltes-Vallgorguina.jpg\",\"width\":600,\"height\":447},{\"@type\":\"BreadcrumbList\",\"@id\":\"https:\/\/turismevalles.com\/es\/events\/carnaval-en-vallgorgina\/#breadcrumb\",\"itemListElement\":[{\"@type\":\"ListItem\",\"position\":1,\"name\":\"Inicio\",\"item\":\"https:\/\/turismevalles.com\/es\/\"},{\"@type\":\"ListItem\",\"position\":2,\"name\":\"Esdeveniments\",\"item\":\"https:\/\/turismevalles.com\/events\/\"},{\"@type\":\"ListItem\",\"position\":3,\"name\":\"Carnaval en Vallgorguina\"}]},{\"@type\":\"WebSite\",\"@id\":\"https:\/\/turismevalles.com\/en\/#website\",\"url\":\"https:\/\/turismevalles.com\/en\/\",\"name\":\"Turisme Vall\u00e8s\",\"description\":\"\",\"publisher\":{\"@id\":\"https:\/\/turismevalles.com\/en\/#organization\"},\"potentialAction\":[{\"@type\":\"SearchAction\",\"target\":{\"@type\":\"EntryPoint\",\"urlTemplate\":\"https:\/\/turismevalles.com\/en\/?s={search_term_string}\"},\"query-input\":{\"@type\":\"PropertyValueSpecification\",\"valueRequired\":true,\"valueName\":\"search_term_string\"}}],\"inLanguage\":\"es\"},{\"@type\":\"Organization\",\"@id\":\"https:\/\/turismevalles.com\/en\/#organization\",\"name\":\"Turisme Vall\u00e8s\",\"url\":\"https:\/\/turismevalles.com\/en\/\",\"logo\":{\"@type\":\"ImageObject\",\"inLanguage\":\"es\",\"@id\":\"https:\/\/turismevalles.com\/en\/#\/schema\/logo\/image\/\",\"url\":\"https:\/\/turismevalles.com\/wp-content\/uploads\/2020\/08\/cropped-logo_ca-2.png\",\"contentUrl\":\"https:\/\/turismevalles.com\/wp-content\/uploads\/2020\/08\/cropped-logo_ca-2.png\",\"width\":314,\"height\":85,\"caption\":\"Turisme Vall\u00e8s\"},\"image\":{\"@id\":\"https:\/\/turismevalles.com\/en\/#\/schema\/logo\/image\/\"}}]}<\/script>\n<!-- \/ Yoast SEO plugin. -->","yoast_head_json":{"title":"Carnaval en Vallgorguina - Turisme Vall\u00e8s","description":"Carnaval cerca de Barcelona: Vallgorguina al Vall\u00e8s Oriental","robots":{"index":"index","follow":"follow","max-snippet":"max-snippet:-1","max-image-preview":"max-image-preview:large","max-video-preview":"max-video-preview:-1"},"canonical":"https:\/\/turismevalles.com\/es\/events\/carnaval-en-vallgorgina\/","og_locale":"es_ES","og_type":"article","og_title":"Carnaval en Vallgorguina - Turisme Vall\u00e8s","og_description":"Carnaval cerca de Barcelona: Vallgorguina al Vall\u00e8s Oriental","og_url":"https:\/\/turismevalles.com\/es\/events\/carnaval-en-vallgorgina\/","og_site_name":"Turisme Vall\u00e8s","article_modified_time":"2023-01-23T12:18:14+00:00","og_image":[{"width":600,"height":447,"url":"https:\/\/turismevalles.com\/wp-content\/uploads\/2023\/01\/Carnestoltes-Vallgorguina.jpg","type":"image\/jpeg"}],"twitter_card":"summary_large_image","twitter_misc":{"Tiempo de lectura":"1 minuto"},"schema":{"@context":"https:\/\/schema.org","@graph":[{"@type":"WebPage","@id":"https:\/\/turismevalles.com\/es\/events\/carnaval-en-vallgorgina\/","url":"https:\/\/turismevalles.com\/es\/events\/carnaval-en-vallgorgina\/","name":"Carnaval en Vallgorguina - Turisme Vall\u00e8s","isPartOf":{"@id":"https:\/\/turismevalles.com\/en\/#website"},"primaryImageOfPage":{"@id":"https:\/\/turismevalles.com\/es\/events\/carnaval-en-vallgorgina\/#primaryimage"},"image":{"@id":"https:\/\/turismevalles.com\/es\/events\/carnaval-en-vallgorgina\/#primaryimage"},"thumbnailUrl":"https:\/\/turismevalles.com\/wp-content\/uploads\/2023\/01\/Carnestoltes-Vallgorguina.jpg","datePublished":"2023-01-23T12:16:45+00:00","dateModified":"2023-01-23T12:18:14+00:00","description":"Carnaval cerca de Barcelona: Vallgorguina al Vall\u00e8s Oriental","breadcrumb":{"@id":"https:\/\/turismevalles.com\/es\/events\/carnaval-en-vallgorgina\/#breadcrumb"},"inLanguage":"es","potentialAction":[{"@type":"ReadAction","target":["https:\/\/turismevalles.com\/es\/events\/carnaval-en-vallgorgina\/"]}]},{"@type":"ImageObject","inLanguage":"es","@id":"https:\/\/turismevalles.com\/es\/events\/carnaval-en-vallgorgina\/#primaryimage","url":"https:\/\/turismevalles.com\/wp-content\/uploads\/2023\/01\/Carnestoltes-Vallgorguina.jpg","contentUrl":"https:\/\/turismevalles.com\/wp-content\/uploads\/2023\/01\/Carnestoltes-Vallgorguina.jpg","width":600,"height":447},{"@type":"BreadcrumbList","@id":"https:\/\/turismevalles.com\/es\/events\/carnaval-en-vallgorgina\/#breadcrumb","itemListElement":[{"@type":"ListItem","position":1,"name":"Inicio","item":"https:\/\/turismevalles.com\/es\/"},{"@type":"ListItem","position":2,"name":"Esdeveniments","item":"https:\/\/turismevalles.com\/events\/"},{"@type":"ListItem","position":3,"name":"Carnaval en Vallgorguina"}]},{"@type":"WebSite","@id":"https:\/\/turismevalles.com\/en\/#website","url":"https:\/\/turismevalles.com\/en\/","name":"Turisme Vall\u00e8s","description":"","publisher":{"@id":"https:\/\/turismevalles.com\/en\/#organization"},"potentialAction":[{"@type":"SearchAction","target":{"@type":"EntryPoint","urlTemplate":"https:\/\/turismevalles.com\/en\/?s={search_term_string}"},"query-input":{"@type":"PropertyValueSpecification","valueRequired":true,"valueName":"search_term_string"}}],"inLanguage":"es"},{"@type":"Organization","@id":"https:\/\/turismevalles.com\/en\/#organization","name":"Turisme Vall\u00e8s","url":"https:\/\/turismevalles.com\/en\/","logo":{"@type":"ImageObject","inLanguage":"es","@id":"https:\/\/turismevalles.com\/en\/#\/schema\/logo\/image\/","url":"https:\/\/turismevalles.com\/wp-content\/uploads\/2020\/08\/cropped-logo_ca-2.png","contentUrl":"https:\/\/turismevalles.com\/wp-content\/uploads\/2020\/08\/cropped-logo_ca-2.png","width":314,"height":85,"caption":"Turisme Vall\u00e8s"},"image":{"@id":"https:\/\/turismevalles.com\/en\/#\/schema\/logo\/image\/"}}]}},"uagb_featured_image_src":{"full":["https:\/\/turismevalles.com\/wp-content\/uploads\/2023\/01\/Carnestoltes-Vallgorguina.jpg",600,447,false],"thumbnail":["https:\/\/turismevalles.com\/wp-content\/uploads\/2023\/01\/Carnestoltes-Vallgorguina-150x150.jpg",150,150,true],"medium":["https:\/\/turismevalles.com\/wp-content\/uploads\/2023\/01\/Carnestoltes-Vallgorguina-300x224.jpg",300,224,true],"medium_large":["https:\/\/turismevalles.com\/wp-content\/uploads\/2023\/01\/Carnestoltes-Vallgorguina.jpg",600,447,false],"large":["https:\/\/turismevalles.com\/wp-content\/uploads\/2023\/01\/Carnestoltes-Vallgorguina.jpg",600,447,false],"thumblist":["https:\/\/turismevalles.com\/wp-content\/uploads\/2023\/01\/Carnestoltes-Vallgorguina-300x300.jpg",300,300,true],"meccarouselthumb":["https:\/\/turismevalles.com\/wp-content\/uploads\/2023\/01\/Carnestoltes-Vallgorguina-474x324.jpg",474,324,true],"gridsquare":["https:\/\/turismevalles.com\/wp-content\/uploads\/2023\/01\/Carnestoltes-Vallgorguina-391x260.jpg",391,260,true],"tileview":["https:\/\/turismevalles.com\/wp-content\/uploads\/2023\/01\/Carnestoltes-Vallgorguina-300x400.jpg",300,400,true],"1536x1536":["https:\/\/turismevalles.com\/wp-content\/uploads\/2023\/01\/Carnestoltes-Vallgorguina.jpg",600,447,false],"2048x2048":["https:\/\/turismevalles.com\/wp-content\/uploads\/2023\/01\/Carnestoltes-Vallgorguina.jpg",600,447,false]},"uagb_author_info":{"display_name":"Turisme Valles","author_link":"https:\/\/turismevalles.com\/es\/author\/turismevallesoriental\/"},"uagb_comment_info":0,"uagb_excerpt":"Carnestoltes: Desfile y animaci\u00f3n con La Cremallera &#8211; Teatro en la calle 17 h en la plaza de la Vila Organiza: Asociaci\u00f3n Cultural Vallgorguina (*ACV) ... Veure m\u00e9s","_links":{"self":[{"href":"https:\/\/turismevalles.com\/es\/wp-json\/wp\/v2\/mec-events\/24078","targetHints":{"allow":["GET"]}}],"collection":[{"href":"https:\/\/turismevalles.com\/es\/wp-json\/wp\/v2\/mec-events"}],"about":[{"href":"https:\/\/turismevalles.com\/es\/wp-json\/wp\/v2\/types\/mec-events"}],"author":[{"embeddable":true,"href":"https:\/\/turismevalles.com\/es\/wp-json\/wp\/v2\/users\/5"}],"replies":[{"embeddable":true,"href":"https:\/\/turismevalles.com\/es\/wp-json\/wp\/v2\/comments?post=24078"}],"wp:featuredmedia":[{"embeddable":true,"href":"https:\/\/turismevalles.com\/es\/wp-json\/wp\/v2\/media\/24077"}],"wp:attachment":[{"href":"https:\/\/turismevalles.com\/es\/wp-json\/wp\/v2\/media?parent=24078"}],"wp:term":[{"taxonomy":"post_tag","embeddable":true,"href":"https:\/\/turismevalles.com\/es\/wp-json\/wp\/v2\/tags?post=24078"},{"taxonomy":"poblacions","embeddable":true,"href":"https:\/\/turismevalles.com\/es\/wp-json\/wp\/v2\/poblacions?post=24078"},{"taxonomy":"mec_category","embeddable":true,"href":"https:\/\/turismevalles.com\/es\/wp-json\/wp\/v2\/mec_category?post=24078"}],"curies":[{"name":"wp","href":"https:\/\/api.w.org\/{rel}","templated":true}]}}

<p><img loading="lazy" decoding="async" class="aligncenter size-full wp-image-24070" src="http://turismevalles.com/wp-content/uploads/2023/01/Carnaval-Vallgorguina.jpg" alt="" width="611" height="856" srcset="https://turismevalles.com/wp-content/uploads/2023/01/Carnaval-Vallgorguina.jpg 611w, https://turismevalles.com/wp-content/uploads/2023/01/Carnaval-Vallgorguina-214x300.jpg 214w" sizes="auto, (max-width: 611px) 100vw, 611px" /></p>
<p>Carnestoltes: Desfile y animación con La Cremallera &#8211; Teatro en la calle</p>
<p>17 h en la plaza de la Vila</p>
<p>Organiza: Asociación Cultural Vallgorguina (*ACV) y Ayuntamiento de Vallgorguina</p>

<p>Carnestoltes: Desfile y animación con La Cremallera &#8211; Teatro en la calle 17 h en la plaza de la Vila Organiza: Asociación Cultural Vallgorguina (*ACV) &#8230; <a title="Carnaval en Vallgorguina" class="read-more" href="https://turismevalles.com/es/events/carnaval-en-vallgorgina/" aria-label="Más en Carnaval en Vallgorguina">Veure més</a></p>

<!-- This site is optimized with the Yoast SEO plugin v26.4 - https://yoast.com/wordpress/plugins/seo/ -->
<title>Carnaval en Vallgorguina - Turisme Vallès</title>
<meta name="description" content="Carnaval cerca de Barcelona: Vallgorguina al Vallès Oriental" />
<meta name="robots" content="index, follow, max-snippet:-1, max-image-preview:large, max-video-preview:-1" />
<link rel="canonical" href="https://turismevalles.com/es/events/carnaval-en-vallgorgina/" />
<meta property="og:locale" content="es_ES" />
<meta property="og:type" content="article" />
<meta property="og:title" content="Carnaval en Vallgorguina - Turisme Vallès" />
<meta property="og:description" content="Carnaval cerca de Barcelona: Vallgorguina al Vallès Oriental" />
<meta property="og:url" content="https://turismevalles.com/es/events/carnaval-en-vallgorgina/" />
<meta property="og:site_name" content="Turisme Vallès" />
<meta property="article:modified_time" content="2023-01-23T12:18:14+00:00" />
<meta property="og:image" content="https://turismevalles.com/wp-content/uploads/2023/01/Carnestoltes-Vallgorguina.jpg" />
	<meta property="og:image:width" content="600" />
	<meta property="og:image:height" content="447" />
	<meta property="og:image:type" content="image/jpeg" />
<meta name="twitter:card" content="summary_large_image" />
<meta name="twitter:label1" content="Tiempo de lectura" />
	<meta name="twitter:data1" content="1 minuto" />
<script type="application/ld+json" class="yoast-schema-graph">{"@context":"https://schema.org","@graph":[{"@type":"WebPage","@id":"https://turismevalles.com/es/events/carnaval-en-vallgorgina/","url":"https://turismevalles.com/es/events/carnaval-en-vallgorgina/","name":"Carnaval en Vallgorguina - Turisme Vallès","isPartOf":{"@id":"https://turismevalles.com/en/#website"},"primaryImageOfPage":{"@id":"https://turismevalles.com/es/events/carnaval-en-vallgorgina/#primaryimage"},"image":{"@id":"https://turismevalles.com/es/events/carnaval-en-vallgorgina/#primaryimage"},"thumbnailUrl":"https://turismevalles.com/wp-content/uploads/2023/01/Carnestoltes-Vallgorguina.jpg","datePublished":"2023-01-23T12:16:45+00:00","dateModified":"2023-01-23T12:18:14+00:00","description":"Carnaval cerca de Barcelona: Vallgorguina al Vallès Oriental","breadcrumb":{"@id":"https://turismevalles.com/es/events/carnaval-en-vallgorgina/#breadcrumb"},"inLanguage":"es","potentialAction":[{"@type":"ReadAction","target":["https://turismevalles.com/es/events/carnaval-en-vallgorgina/"]}]},{"@type":"ImageObject","inLanguage":"es","@id":"https://turismevalles.com/es/events/carnaval-en-vallgorgina/#primaryimage","url":"https://turismevalles.com/wp-content/uploads/2023/01/Carnestoltes-Vallgorguina.jpg","contentUrl":"https://turismevalles.com/wp-content/uploads/2023/01/Carnestoltes-Vallgorguina.jpg","width":600,"height":447},{"@type":"BreadcrumbList","@id":"https://turismevalles.com/es/events/carnaval-en-vallgorgina/#breadcrumb","itemListElement":[{"@type":"ListItem","position":1,"name":"Inicio","item":"https://turismevalles.com/es/"},{"@type":"ListItem","position":2,"name":"Esdeveniments","item":"https://turismevalles.com/events/"},{"@type":"ListItem","position":3,"name":"Carnaval en Vallgorguina"}]},{"@type":"WebSite","@id":"https://turismevalles.com/en/#website","url":"https://turismevalles.com/en/","name":"Turisme Vallès","description":"","publisher":{"@id":"https://turismevalles.com/en/#organization"},"potentialAction":[{"@type":"SearchAction","target":{"@type":"EntryPoint","urlTemplate":"https://turismevalles.com/en/?s={search_term_string}"},"query-input":{"@type":"PropertyValueSpecification","valueRequired":true,"valueName":"search_term_string"}}],"inLanguage":"es"},{"@type":"Organization","@id":"https://turismevalles.com/en/#organization","name":"Turisme Vallès","url":"https://turismevalles.com/en/","logo":{"@type":"ImageObject","inLanguage":"es","@id":"https://turismevalles.com/en/#/schema/logo/image/","url":"https://turismevalles.com/wp-content/uploads/2020/08/cropped-logo_ca-2.png","contentUrl":"https://turismevalles.com/wp-content/uploads/2020/08/cropped-logo_ca-2.png","width":314,"height":85,"caption":"Turisme Vallès"},"image":{"@id":"https://turismevalles.com/en/#/schema/logo/image/"}}]}</script>
<!-- / Yoast SEO plugin. -->

Carnaval en Vallgorguina - Turisme Vallès

Carnaval cerca de Barcelona: Vallgorguina al Vallès Oriental

Turisme Vallès

Carnestoltes: Desfile y animación con La Cremallera &#8211; Teatro en la calle 17 h en la plaza de la Vila Organiza: Asociación Cultural Vallgorguina (*ACV) ... Veure més
