{"id":24748,"date":"2023-02-14T12:06:33","date_gmt":"2023-02-14T11:06:33","guid":{"rendered":"http:\/\/turismevalles.com.mialias.net\/events\/ball-de-gitanes-a-la-garriga\/"},"modified":"2023-02-14T12:08:15","modified_gmt":"2023-02-14T11:08:15","slug":"baile-de-gitanes-a-la-garriga","status":"publish","type":"mec-events","link":"https:\/\/turismevalles.com\/es\/events\/baile-de-gitanes-a-la-garriga\/","title":{"rendered":"Baile de gitanes en La Garriga"},"content":{"rendered":"<div class=\"field field--name-field-data field--type-daterange field--label-inline\">\n<div class=\"field__label\">\n<p>Fecha:<br \/>\ndom., 26\/02\/2023 &#8211; 12:00<br \/>\nPunto de salida:<br \/>\nEn la Plaza de Can Dachs<\/p>\n<p>La bailada empieza a las 12h.<\/p>\n<p>Antes, a las 11:15 h habr\u00e1 un pasacalle de inicio que saldr\u00e1 desde el Barrio de Montserrat a las 11:15h hasta la plaza Can Dachs.<\/p>\n<p>Por la\u00a0 tarde, a las 17h, hay un concierto con Marcel Marim\u00f3n a Can Luna.<\/p>\n<p>El Baile de gitanas es un baile que t\u00edpicamente \u00a0se baila por Carnaval. en los municipios del Vall\u00e8s.<\/p>\n<p>La danza se hace en formaci\u00f3n de pandillas de parejas en fila, con casta\u00f1uelas en las manos y cascabeles en los pies, saltan y bailan al ritmo de la m\u00fasica, a menudo interpretada por una copla.<\/p>\n<p>Las pandillas del Baile de Gitanas entran en la plaza con el galope de entrada. Se bailan diferentes tipos de g\u00e9neros como el vals, la polca, el chotis, galope de entrada, jota, contradansa, farandola&#8230; y se acaba la fiesta con el galope de salida.<\/p>\n<\/div>\n<\/div>\n","protected":false},"excerpt":{"rendered":"<p>Fecha: dom., 26\/02\/2023 &#8211; 12:00 Punto de salida: En la Plaza de Can Dachs La bailada empieza a las 12h. Antes, a las 11:15 h &#8230; <a title=\"Baile de gitanes en La Garriga\" class=\"read-more\" href=\"https:\/\/turismevalles.com\/es\/events\/baile-de-gitanes-a-la-garriga\/\" aria-label=\"M\u00e1s en Baile de gitanes en La Garriga\">Veure m\u00e9s<\/a><\/p>\n","protected":false},"author":5,"featured_media":24747,"comment_status":"open","ping_status":"closed","template":"","tags":[2272,2274],"poblacions":[439],"mec_category":[970,929],"class_list":["post-24748","mec-events","type-mec-events","status-publish","has-post-thumbnail","hentry","tag-gitanes","tag-gitanes-2-es","poblacions-la-garriga-es","mec_category-activitats-en-familia-es","mec_category-cultura-es","generate-columns","tablet-grid-50","mobile-grid-100","grid-parent","grid-33"],"acf":[],"yoast_head":"<!-- This site is optimized with the Yoast SEO plugin v26.4 - https:\/\/yoast.com\/wordpress\/plugins\/seo\/ -->\n<title>Baile de gitanes en La Garriga - Turisme Vall\u00e8s<\/title>\n<meta name=\"description\" content=\"Baile de gitanes a La Garriga. Vall\u00e8s Oriental\" \/>\n<meta name=\"robots\" content=\"index, follow, max-snippet:-1, max-image-preview:large, max-video-preview:-1\" \/>\n<link rel=\"canonical\" href=\"https:\/\/turismevalles.com\/es\/events\/baile-de-gitanes-a-la-garriga\/\" \/>\n<meta property=\"og:locale\" content=\"es_ES\" \/>\n<meta property=\"og:type\" content=\"article\" \/>\n<meta property=\"og:title\" content=\"Baile de gitanes en La Garriga - Turisme Vall\u00e8s\" \/>\n<meta property=\"og:description\" content=\"Baile de gitanes a La Garriga. Vall\u00e8s Oriental\" \/>\n<meta property=\"og:url\" content=\"https:\/\/turismevalles.com\/es\/events\/baile-de-gitanes-a-la-garriga\/\" \/>\n<meta property=\"og:site_name\" content=\"Turisme Vall\u00e8s\" \/>\n<meta property=\"article:modified_time\" content=\"2023-02-14T11:08:15+00:00\" \/>\n<meta property=\"og:image\" content=\"https:\/\/turismevalles.com\/wp-content\/uploads\/2023\/02\/Gitanes-La-Garriga.jpg\" \/>\n\t<meta property=\"og:image:width\" content=\"302\" \/>\n\t<meta property=\"og:image:height\" content=\"262\" \/>\n\t<meta property=\"og:image:type\" content=\"image\/jpeg\" \/>\n<meta name=\"twitter:card\" content=\"summary_large_image\" \/>\n<meta name=\"twitter:label1\" content=\"Tiempo de lectura\" \/>\n\t<meta name=\"twitter:data1\" content=\"1 minuto\" \/>\n<script type=\"application\/ld+json\" class=\"yoast-schema-graph\">{\"@context\":\"https:\/\/schema.org\",\"@graph\":[{\"@type\":\"WebPage\",\"@id\":\"https:\/\/turismevalles.com\/es\/events\/baile-de-gitanes-a-la-garriga\/\",\"url\":\"https:\/\/turismevalles.com\/es\/events\/baile-de-gitanes-a-la-garriga\/\",\"name\":\"Baile de gitanes en La Garriga - Turisme Vall\u00e8s\",\"isPartOf\":{\"@id\":\"https:\/\/turismevalles.com\/en\/#website\"},\"primaryImageOfPage\":{\"@id\":\"https:\/\/turismevalles.com\/es\/events\/baile-de-gitanes-a-la-garriga\/#primaryimage\"},\"image\":{\"@id\":\"https:\/\/turismevalles.com\/es\/events\/baile-de-gitanes-a-la-garriga\/#primaryimage\"},\"thumbnailUrl\":\"https:\/\/turismevalles.com\/wp-content\/uploads\/2023\/02\/Gitanes-La-Garriga.jpg\",\"datePublished\":\"2023-02-14T11:06:33+00:00\",\"dateModified\":\"2023-02-14T11:08:15+00:00\",\"description\":\"Baile de gitanes a La Garriga. Vall\u00e8s Oriental\",\"breadcrumb\":{\"@id\":\"https:\/\/turismevalles.com\/es\/events\/baile-de-gitanes-a-la-garriga\/#breadcrumb\"},\"inLanguage\":\"es\",\"potentialAction\":[{\"@type\":\"ReadAction\",\"target\":[\"https:\/\/turismevalles.com\/es\/events\/baile-de-gitanes-a-la-garriga\/\"]}]},{\"@type\":\"ImageObject\",\"inLanguage\":\"es\",\"@id\":\"https:\/\/turismevalles.com\/es\/events\/baile-de-gitanes-a-la-garriga\/#primaryimage\",\"url\":\"https:\/\/turismevalles.com\/wp-content\/uploads\/2023\/02\/Gitanes-La-Garriga.jpg\",\"contentUrl\":\"https:\/\/turismevalles.com\/wp-content\/uploads\/2023\/02\/Gitanes-La-Garriga.jpg\",\"width\":302,\"height\":262},{\"@type\":\"BreadcrumbList\",\"@id\":\"https:\/\/turismevalles.com\/es\/events\/baile-de-gitanes-a-la-garriga\/#breadcrumb\",\"itemListElement\":[{\"@type\":\"ListItem\",\"position\":1,\"name\":\"Inicio\",\"item\":\"https:\/\/turismevalles.com\/es\/\"},{\"@type\":\"ListItem\",\"position\":2,\"name\":\"Esdeveniments\",\"item\":\"https:\/\/turismevalles.com\/events\/\"},{\"@type\":\"ListItem\",\"position\":3,\"name\":\"Baile de gitanes en La Garriga\"}]},{\"@type\":\"WebSite\",\"@id\":\"https:\/\/turismevalles.com\/en\/#website\",\"url\":\"https:\/\/turismevalles.com\/en\/\",\"name\":\"Turisme Vall\u00e8s\",\"description\":\"\",\"publisher\":{\"@id\":\"https:\/\/turismevalles.com\/en\/#organization\"},\"potentialAction\":[{\"@type\":\"SearchAction\",\"target\":{\"@type\":\"EntryPoint\",\"urlTemplate\":\"https:\/\/turismevalles.com\/en\/?s={search_term_string}\"},\"query-input\":{\"@type\":\"PropertyValueSpecification\",\"valueRequired\":true,\"valueName\":\"search_term_string\"}}],\"inLanguage\":\"es\"},{\"@type\":\"Organization\",\"@id\":\"https:\/\/turismevalles.com\/en\/#organization\",\"name\":\"Turisme Vall\u00e8s\",\"url\":\"https:\/\/turismevalles.com\/en\/\",\"logo\":{\"@type\":\"ImageObject\",\"inLanguage\":\"es\",\"@id\":\"https:\/\/turismevalles.com\/en\/#\/schema\/logo\/image\/\",\"url\":\"https:\/\/turismevalles.com\/wp-content\/uploads\/2020\/08\/cropped-logo_ca-2.png\",\"contentUrl\":\"https:\/\/turismevalles.com\/wp-content\/uploads\/2020\/08\/cropped-logo_ca-2.png\",\"width\":314,\"height\":85,\"caption\":\"Turisme Vall\u00e8s\"},\"image\":{\"@id\":\"https:\/\/turismevalles.com\/en\/#\/schema\/logo\/image\/\"}}]}<\/script>\n<!-- \/ Yoast SEO plugin. -->","yoast_head_json":{"title":"Baile de gitanes en La Garriga - Turisme Vall\u00e8s","description":"Baile de gitanes a La Garriga. Vall\u00e8s Oriental","robots":{"index":"index","follow":"follow","max-snippet":"max-snippet:-1","max-image-preview":"max-image-preview:large","max-video-preview":"max-video-preview:-1"},"canonical":"https:\/\/turismevalles.com\/es\/events\/baile-de-gitanes-a-la-garriga\/","og_locale":"es_ES","og_type":"article","og_title":"Baile de gitanes en La Garriga - Turisme Vall\u00e8s","og_description":"Baile de gitanes a La Garriga. Vall\u00e8s Oriental","og_url":"https:\/\/turismevalles.com\/es\/events\/baile-de-gitanes-a-la-garriga\/","og_site_name":"Turisme Vall\u00e8s","article_modified_time":"2023-02-14T11:08:15+00:00","og_image":[{"width":302,"height":262,"url":"https:\/\/turismevalles.com\/wp-content\/uploads\/2023\/02\/Gitanes-La-Garriga.jpg","type":"image\/jpeg"}],"twitter_card":"summary_large_image","twitter_misc":{"Tiempo de lectura":"1 minuto"},"schema":{"@context":"https:\/\/schema.org","@graph":[{"@type":"WebPage","@id":"https:\/\/turismevalles.com\/es\/events\/baile-de-gitanes-a-la-garriga\/","url":"https:\/\/turismevalles.com\/es\/events\/baile-de-gitanes-a-la-garriga\/","name":"Baile de gitanes en La Garriga - Turisme Vall\u00e8s","isPartOf":{"@id":"https:\/\/turismevalles.com\/en\/#website"},"primaryImageOfPage":{"@id":"https:\/\/turismevalles.com\/es\/events\/baile-de-gitanes-a-la-garriga\/#primaryimage"},"image":{"@id":"https:\/\/turismevalles.com\/es\/events\/baile-de-gitanes-a-la-garriga\/#primaryimage"},"thumbnailUrl":"https:\/\/turismevalles.com\/wp-content\/uploads\/2023\/02\/Gitanes-La-Garriga.jpg","datePublished":"2023-02-14T11:06:33+00:00","dateModified":"2023-02-14T11:08:15+00:00","description":"Baile de gitanes a La Garriga. Vall\u00e8s Oriental","breadcrumb":{"@id":"https:\/\/turismevalles.com\/es\/events\/baile-de-gitanes-a-la-garriga\/#breadcrumb"},"inLanguage":"es","potentialAction":[{"@type":"ReadAction","target":["https:\/\/turismevalles.com\/es\/events\/baile-de-gitanes-a-la-garriga\/"]}]},{"@type":"ImageObject","inLanguage":"es","@id":"https:\/\/turismevalles.com\/es\/events\/baile-de-gitanes-a-la-garriga\/#primaryimage","url":"https:\/\/turismevalles.com\/wp-content\/uploads\/2023\/02\/Gitanes-La-Garriga.jpg","contentUrl":"https:\/\/turismevalles.com\/wp-content\/uploads\/2023\/02\/Gitanes-La-Garriga.jpg","width":302,"height":262},{"@type":"BreadcrumbList","@id":"https:\/\/turismevalles.com\/es\/events\/baile-de-gitanes-a-la-garriga\/#breadcrumb","itemListElement":[{"@type":"ListItem","position":1,"name":"Inicio","item":"https:\/\/turismevalles.com\/es\/"},{"@type":"ListItem","position":2,"name":"Esdeveniments","item":"https:\/\/turismevalles.com\/events\/"},{"@type":"ListItem","position":3,"name":"Baile de gitanes en La Garriga"}]},{"@type":"WebSite","@id":"https:\/\/turismevalles.com\/en\/#website","url":"https:\/\/turismevalles.com\/en\/","name":"Turisme Vall\u00e8s","description":"","publisher":{"@id":"https:\/\/turismevalles.com\/en\/#organization"},"potentialAction":[{"@type":"SearchAction","target":{"@type":"EntryPoint","urlTemplate":"https:\/\/turismevalles.com\/en\/?s={search_term_string}"},"query-input":{"@type":"PropertyValueSpecification","valueRequired":true,"valueName":"search_term_string"}}],"inLanguage":"es"},{"@type":"Organization","@id":"https:\/\/turismevalles.com\/en\/#organization","name":"Turisme Vall\u00e8s","url":"https:\/\/turismevalles.com\/en\/","logo":{"@type":"ImageObject","inLanguage":"es","@id":"https:\/\/turismevalles.com\/en\/#\/schema\/logo\/image\/","url":"https:\/\/turismevalles.com\/wp-content\/uploads\/2020\/08\/cropped-logo_ca-2.png","contentUrl":"https:\/\/turismevalles.com\/wp-content\/uploads\/2020\/08\/cropped-logo_ca-2.png","width":314,"height":85,"caption":"Turisme Vall\u00e8s"},"image":{"@id":"https:\/\/turismevalles.com\/en\/#\/schema\/logo\/image\/"}}]}},"uagb_featured_image_src":{"full":["https:\/\/turismevalles.com\/wp-content\/uploads\/2023\/02\/Gitanes-La-Garriga.jpg",302,262,false],"thumbnail":["https:\/\/turismevalles.com\/wp-content\/uploads\/2023\/02\/Gitanes-La-Garriga-150x150.jpg",150,150,true],"medium":["https:\/\/turismevalles.com\/wp-content\/uploads\/2023\/02\/Gitanes-La-Garriga-300x260.jpg",300,260,true],"medium_large":["https:\/\/turismevalles.com\/wp-content\/uploads\/2023\/02\/Gitanes-La-Garriga.jpg",302,262,false],"large":["https:\/\/turismevalles.com\/wp-content\/uploads\/2023\/02\/Gitanes-La-Garriga.jpg",302,262,false],"thumblist":["https:\/\/turismevalles.com\/wp-content\/uploads\/2023\/02\/Gitanes-La-Garriga-300x262.jpg",300,262,true],"meccarouselthumb":["https:\/\/turismevalles.com\/wp-content\/uploads\/2023\/02\/Gitanes-La-Garriga.jpg",302,262,false],"gridsquare":["https:\/\/turismevalles.com\/wp-content\/uploads\/2023\/02\/Gitanes-La-Garriga-302x260.jpg",302,260,true],"tileview":["https:\/\/turismevalles.com\/wp-content\/uploads\/2023\/02\/Gitanes-La-Garriga-300x262.jpg",300,262,true],"1536x1536":["https:\/\/turismevalles.com\/wp-content\/uploads\/2023\/02\/Gitanes-La-Garriga.jpg",302,262,false],"2048x2048":["https:\/\/turismevalles.com\/wp-content\/uploads\/2023\/02\/Gitanes-La-Garriga.jpg",302,262,false]},"uagb_author_info":{"display_name":"Turisme Valles","author_link":"https:\/\/turismevalles.com\/es\/author\/turismevallesoriental\/"},"uagb_comment_info":0,"uagb_excerpt":"Fecha: dom., 26\/02\/2023 &#8211; 12:00 Punto de salida: En la Plaza de Can Dachs La bailada empieza a las 12h. Antes, a las 11:15 h ... Veure m\u00e9s","_links":{"self":[{"href":"https:\/\/turismevalles.com\/es\/wp-json\/wp\/v2\/mec-events\/24748","targetHints":{"allow":["GET"]}}],"collection":[{"href":"https:\/\/turismevalles.com\/es\/wp-json\/wp\/v2\/mec-events"}],"about":[{"href":"https:\/\/turismevalles.com\/es\/wp-json\/wp\/v2\/types\/mec-events"}],"author":[{"embeddable":true,"href":"https:\/\/turismevalles.com\/es\/wp-json\/wp\/v2\/users\/5"}],"replies":[{"embeddable":true,"href":"https:\/\/turismevalles.com\/es\/wp-json\/wp\/v2\/comments?post=24748"}],"wp:featuredmedia":[{"embeddable":true,"href":"https:\/\/turismevalles.com\/es\/wp-json\/wp\/v2\/media\/24747"}],"wp:attachment":[{"href":"https:\/\/turismevalles.com\/es\/wp-json\/wp\/v2\/media?parent=24748"}],"wp:term":[{"taxonomy":"post_tag","embeddable":true,"href":"https:\/\/turismevalles.com\/es\/wp-json\/wp\/v2\/tags?post=24748"},{"taxonomy":"poblacions","embeddable":true,"href":"https:\/\/turismevalles.com\/es\/wp-json\/wp\/v2\/poblacions?post=24748"},{"taxonomy":"mec_category","embeddable":true,"href":"https:\/\/turismevalles.com\/es\/wp-json\/wp\/v2\/mec_category?post=24748"}],"curies":[{"name":"wp","href":"https:\/\/api.w.org\/{rel}","templated":true}]}}

<div class="field field--name-field-data field--type-daterange field--label-inline">
<div class="field__label">
<p>Fecha:<br />
dom., 26/02/2023 &#8211; 12:00<br />
Punto de salida:<br />
En la Plaza de Can Dachs</p>
<p>La bailada empieza a las 12h.</p>
<p>Antes, a las 11:15 h habrá un pasacalle de inicio que saldrá desde el Barrio de Montserrat a las 11:15h hasta la plaza Can Dachs.</p>
<p>Por la  tarde, a las 17h, hay un concierto con Marcel Marimón a Can Luna.</p>
<p>El Baile de gitanas es un baile que típicamente  se baila por Carnaval. en los municipios del Vallès.</p>
<p>La danza se hace en formación de pandillas de parejas en fila, con castañuelas en las manos y cascabeles en los pies, saltan y bailan al ritmo de la música, a menudo interpretada por una copla.</p>
<p>Las pandillas del Baile de Gitanas entran en la plaza con el galope de entrada. Se bailan diferentes tipos de géneros como el vals, la polca, el chotis, galope de entrada, jota, contradansa, farandola&#8230; y se acaba la fiesta con el galope de salida.</p>
</div>
</div>

<p>Fecha: dom., 26/02/2023 &#8211; 12:00 Punto de salida: En la Plaza de Can Dachs La bailada empieza a las 12h. Antes, a las 11:15 h &#8230; <a title="Baile de gitanes en La Garriga" class="read-more" href="https://turismevalles.com/es/events/baile-de-gitanes-a-la-garriga/" aria-label="Más en Baile de gitanes en La Garriga">Veure més</a></p>

<!-- This site is optimized with the Yoast SEO plugin v26.4 - https://yoast.com/wordpress/plugins/seo/ -->
<title>Baile de gitanes en La Garriga - Turisme Vallès</title>
<meta name="description" content="Baile de gitanes a La Garriga. Vallès Oriental" />
<meta name="robots" content="index, follow, max-snippet:-1, max-image-preview:large, max-video-preview:-1" />
<link rel="canonical" href="https://turismevalles.com/es/events/baile-de-gitanes-a-la-garriga/" />
<meta property="og:locale" content="es_ES" />
<meta property="og:type" content="article" />
<meta property="og:title" content="Baile de gitanes en La Garriga - Turisme Vallès" />
<meta property="og:description" content="Baile de gitanes a La Garriga. Vallès Oriental" />
<meta property="og:url" content="https://turismevalles.com/es/events/baile-de-gitanes-a-la-garriga/" />
<meta property="og:site_name" content="Turisme Vallès" />
<meta property="article:modified_time" content="2023-02-14T11:08:15+00:00" />
<meta property="og:image" content="https://turismevalles.com/wp-content/uploads/2023/02/Gitanes-La-Garriga.jpg" />
	<meta property="og:image:width" content="302" />
	<meta property="og:image:height" content="262" />
	<meta property="og:image:type" content="image/jpeg" />
<meta name="twitter:card" content="summary_large_image" />
<meta name="twitter:label1" content="Tiempo de lectura" />
	<meta name="twitter:data1" content="1 minuto" />
<script type="application/ld+json" class="yoast-schema-graph">{"@context":"https://schema.org","@graph":[{"@type":"WebPage","@id":"https://turismevalles.com/es/events/baile-de-gitanes-a-la-garriga/","url":"https://turismevalles.com/es/events/baile-de-gitanes-a-la-garriga/","name":"Baile de gitanes en La Garriga - Turisme Vallès","isPartOf":{"@id":"https://turismevalles.com/en/#website"},"primaryImageOfPage":{"@id":"https://turismevalles.com/es/events/baile-de-gitanes-a-la-garriga/#primaryimage"},"image":{"@id":"https://turismevalles.com/es/events/baile-de-gitanes-a-la-garriga/#primaryimage"},"thumbnailUrl":"https://turismevalles.com/wp-content/uploads/2023/02/Gitanes-La-Garriga.jpg","datePublished":"2023-02-14T11:06:33+00:00","dateModified":"2023-02-14T11:08:15+00:00","description":"Baile de gitanes a La Garriga. Vallès Oriental","breadcrumb":{"@id":"https://turismevalles.com/es/events/baile-de-gitanes-a-la-garriga/#breadcrumb"},"inLanguage":"es","potentialAction":[{"@type":"ReadAction","target":["https://turismevalles.com/es/events/baile-de-gitanes-a-la-garriga/"]}]},{"@type":"ImageObject","inLanguage":"es","@id":"https://turismevalles.com/es/events/baile-de-gitanes-a-la-garriga/#primaryimage","url":"https://turismevalles.com/wp-content/uploads/2023/02/Gitanes-La-Garriga.jpg","contentUrl":"https://turismevalles.com/wp-content/uploads/2023/02/Gitanes-La-Garriga.jpg","width":302,"height":262},{"@type":"BreadcrumbList","@id":"https://turismevalles.com/es/events/baile-de-gitanes-a-la-garriga/#breadcrumb","itemListElement":[{"@type":"ListItem","position":1,"name":"Inicio","item":"https://turismevalles.com/es/"},{"@type":"ListItem","position":2,"name":"Esdeveniments","item":"https://turismevalles.com/events/"},{"@type":"ListItem","position":3,"name":"Baile de gitanes en La Garriga"}]},{"@type":"WebSite","@id":"https://turismevalles.com/en/#website","url":"https://turismevalles.com/en/","name":"Turisme Vallès","description":"","publisher":{"@id":"https://turismevalles.com/en/#organization"},"potentialAction":[{"@type":"SearchAction","target":{"@type":"EntryPoint","urlTemplate":"https://turismevalles.com/en/?s={search_term_string}"},"query-input":{"@type":"PropertyValueSpecification","valueRequired":true,"valueName":"search_term_string"}}],"inLanguage":"es"},{"@type":"Organization","@id":"https://turismevalles.com/en/#organization","name":"Turisme Vallès","url":"https://turismevalles.com/en/","logo":{"@type":"ImageObject","inLanguage":"es","@id":"https://turismevalles.com/en/#/schema/logo/image/","url":"https://turismevalles.com/wp-content/uploads/2020/08/cropped-logo_ca-2.png","contentUrl":"https://turismevalles.com/wp-content/uploads/2020/08/cropped-logo_ca-2.png","width":314,"height":85,"caption":"Turisme Vallès"},"image":{"@id":"https://turismevalles.com/en/#/schema/logo/image/"}}]}</script>
<!-- / Yoast SEO plugin. -->

Baile de gitanes en La Garriga - Turisme Vallès

Baile de gitanes a La Garriga. Vallès Oriental

Turisme Vallès

Fecha: dom., 26/02/2023 &#8211; 12:00 Punto de salida: En la Plaza de Can Dachs La bailada empieza a las 12h. Antes, a las 11:15 h ... Veure més
