{"id":45698,"date":"2024-01-08T13:10:40","date_gmt":"2024-01-08T12:10:40","guid":{"rendered":"http:\/\/turismevalles.com.mialias.net\/?post_type=mec-events&#038;p=45698"},"modified":"2024-01-08T13:10:40","modified_gmt":"2024-01-08T12:10:40","slug":"fiesta-de-sant-antoni-abat-de-sant-feliu-de-codines","status":"publish","type":"mec-events","link":"https:\/\/turismevalles.com\/es\/events\/fiesta-de-sant-antoni-abat-de-sant-feliu-de-codines\/","title":{"rendered":"Fiesta de Sant Antoni Abat de Sant Feliu de Codines"},"content":{"rendered":"<p>M\u00e1s informaci\u00f3n: <a href=\"https:\/\/www.santfeliudecodines.cat\/actualitat\/agenda?date=2024-01-17\">clicar aqu\u00ed<\/a><\/p>\n","protected":false},"excerpt":{"rendered":"<p>M\u00e1s informaci\u00f3n: clicar aqu\u00ed<\/p>\n","protected":false},"author":5,"featured_media":45697,"comment_status":"open","ping_status":"closed","template":"","tags":[975,1039,1500,1426],"poblacions":[891],"mec_category":[929,1660],"class_list":["post-45698","mec-events","type-mec-events","status-publish","has-post-thumbnail","hentry","tag-activitats-es","tag-cultura-es","tag-festa","tag-tradicio-es","poblacions-sant-feliu-de-codines-es","mec_category-cultura-es","mec_category-fires-i-festes-es","generate-columns","tablet-grid-50","mobile-grid-100","grid-parent","grid-33"],"acf":[],"yoast_head":"<!-- This site is optimized with the Yoast SEO plugin v26.4 - https:\/\/yoast.com\/wordpress\/plugins\/seo\/ -->\n<title>Fiesta de Sant Antoni Abat de Sant Feliu de Codines - Turisme Vall\u00e8s<\/title>\n<meta name=\"description\" content=\"fiesta-de-sant-antoni-abad-de-sant-feliu-de-codines TurismeValles CostaBarcelona Barcelona\u00c9sMoltM\u00e9s Catalunya\" \/>\n<meta name=\"robots\" content=\"index, follow, max-snippet:-1, max-image-preview:large, max-video-preview:-1\" \/>\n<link rel=\"canonical\" href=\"https:\/\/turismevalles.com\/es\/events\/fiesta-de-sant-antoni-abat-de-sant-feliu-de-codines\/\" \/>\n<meta property=\"og:locale\" content=\"es_ES\" \/>\n<meta property=\"og:type\" content=\"article\" \/>\n<meta property=\"og:title\" content=\"Fiesta de Sant Antoni Abat de Sant Feliu de Codines - Turisme Vall\u00e8s\" \/>\n<meta property=\"og:description\" content=\"fiesta-de-sant-antoni-abad-de-sant-feliu-de-codines TurismeValles CostaBarcelona Barcelona\u00c9sMoltM\u00e9s Catalunya\" \/>\n<meta property=\"og:url\" content=\"https:\/\/turismevalles.com\/es\/events\/fiesta-de-sant-antoni-abat-de-sant-feliu-de-codines\/\" \/>\n<meta property=\"og:site_name\" content=\"Turisme Vall\u00e8s\" \/>\n<meta property=\"og:image\" content=\"https:\/\/turismevalles.com\/wp-content\/uploads\/2024\/01\/AbadStFeliu-scaled.jpg\" \/>\n\t<meta property=\"og:image:width\" content=\"1902\" \/>\n\t<meta property=\"og:image:height\" content=\"2560\" \/>\n\t<meta property=\"og:image:type\" content=\"image\/jpeg\" \/>\n<meta name=\"twitter:card\" content=\"summary_large_image\" \/>\n<meta name=\"twitter:label1\" content=\"Tiempo de lectura\" \/>\n\t<meta name=\"twitter:data1\" content=\"1 minuto\" \/>\n<script type=\"application\/ld+json\" class=\"yoast-schema-graph\">{\"@context\":\"https:\/\/schema.org\",\"@graph\":[{\"@type\":\"WebPage\",\"@id\":\"https:\/\/turismevalles.com\/es\/events\/fiesta-de-sant-antoni-abat-de-sant-feliu-de-codines\/\",\"url\":\"https:\/\/turismevalles.com\/es\/events\/fiesta-de-sant-antoni-abat-de-sant-feliu-de-codines\/\",\"name\":\"Fiesta de Sant Antoni Abat de Sant Feliu de Codines - Turisme Vall\u00e8s\",\"isPartOf\":{\"@id\":\"https:\/\/turismevalles.com\/en\/#website\"},\"primaryImageOfPage\":{\"@id\":\"https:\/\/turismevalles.com\/es\/events\/fiesta-de-sant-antoni-abat-de-sant-feliu-de-codines\/#primaryimage\"},\"image\":{\"@id\":\"https:\/\/turismevalles.com\/es\/events\/fiesta-de-sant-antoni-abat-de-sant-feliu-de-codines\/#primaryimage\"},\"thumbnailUrl\":\"https:\/\/turismevalles.com\/wp-content\/uploads\/2024\/01\/AbadStFeliu-scaled.jpg\",\"datePublished\":\"2024-01-08T12:10:40+00:00\",\"description\":\"fiesta-de-sant-antoni-abad-de-sant-feliu-de-codines TurismeValles CostaBarcelona Barcelona\u00c9sMoltM\u00e9s Catalunya\",\"breadcrumb\":{\"@id\":\"https:\/\/turismevalles.com\/es\/events\/fiesta-de-sant-antoni-abat-de-sant-feliu-de-codines\/#breadcrumb\"},\"inLanguage\":\"es\",\"potentialAction\":[{\"@type\":\"ReadAction\",\"target\":[\"https:\/\/turismevalles.com\/es\/events\/fiesta-de-sant-antoni-abat-de-sant-feliu-de-codines\/\"]}]},{\"@type\":\"ImageObject\",\"inLanguage\":\"es\",\"@id\":\"https:\/\/turismevalles.com\/es\/events\/fiesta-de-sant-antoni-abat-de-sant-feliu-de-codines\/#primaryimage\",\"url\":\"https:\/\/turismevalles.com\/wp-content\/uploads\/2024\/01\/AbadStFeliu-scaled.jpg\",\"contentUrl\":\"https:\/\/turismevalles.com\/wp-content\/uploads\/2024\/01\/AbadStFeliu-scaled.jpg\",\"width\":1902,\"height\":2560,\"caption\":\"Cartell de la Festa de Sant Antoni Abat de Sant Feliu de Codines\"},{\"@type\":\"BreadcrumbList\",\"@id\":\"https:\/\/turismevalles.com\/es\/events\/fiesta-de-sant-antoni-abat-de-sant-feliu-de-codines\/#breadcrumb\",\"itemListElement\":[{\"@type\":\"ListItem\",\"position\":1,\"name\":\"Inicio\",\"item\":\"https:\/\/turismevalles.com\/es\/\"},{\"@type\":\"ListItem\",\"position\":2,\"name\":\"Esdeveniments\",\"item\":\"https:\/\/turismevalles.com\/events\/\"},{\"@type\":\"ListItem\",\"position\":3,\"name\":\"Fiesta de Sant Antoni Abat de Sant Feliu de Codines\"}]},{\"@type\":\"WebSite\",\"@id\":\"https:\/\/turismevalles.com\/en\/#website\",\"url\":\"https:\/\/turismevalles.com\/en\/\",\"name\":\"Turisme Vall\u00e8s\",\"description\":\"\",\"publisher\":{\"@id\":\"https:\/\/turismevalles.com\/en\/#organization\"},\"potentialAction\":[{\"@type\":\"SearchAction\",\"target\":{\"@type\":\"EntryPoint\",\"urlTemplate\":\"https:\/\/turismevalles.com\/en\/?s={search_term_string}\"},\"query-input\":{\"@type\":\"PropertyValueSpecification\",\"valueRequired\":true,\"valueName\":\"search_term_string\"}}],\"inLanguage\":\"es\"},{\"@type\":\"Organization\",\"@id\":\"https:\/\/turismevalles.com\/en\/#organization\",\"name\":\"Turisme Vall\u00e8s\",\"url\":\"https:\/\/turismevalles.com\/en\/\",\"logo\":{\"@type\":\"ImageObject\",\"inLanguage\":\"es\",\"@id\":\"https:\/\/turismevalles.com\/en\/#\/schema\/logo\/image\/\",\"url\":\"https:\/\/turismevalles.com\/wp-content\/uploads\/2020\/08\/cropped-logo_ca-2.png\",\"contentUrl\":\"https:\/\/turismevalles.com\/wp-content\/uploads\/2020\/08\/cropped-logo_ca-2.png\",\"width\":314,\"height\":85,\"caption\":\"Turisme Vall\u00e8s\"},\"image\":{\"@id\":\"https:\/\/turismevalles.com\/en\/#\/schema\/logo\/image\/\"}}]}<\/script>\n<!-- \/ Yoast SEO plugin. -->","yoast_head_json":{"title":"Fiesta de Sant Antoni Abat de Sant Feliu de Codines - Turisme Vall\u00e8s","description":"fiesta-de-sant-antoni-abad-de-sant-feliu-de-codines TurismeValles CostaBarcelona Barcelona\u00c9sMoltM\u00e9s Catalunya","robots":{"index":"index","follow":"follow","max-snippet":"max-snippet:-1","max-image-preview":"max-image-preview:large","max-video-preview":"max-video-preview:-1"},"canonical":"https:\/\/turismevalles.com\/es\/events\/fiesta-de-sant-antoni-abat-de-sant-feliu-de-codines\/","og_locale":"es_ES","og_type":"article","og_title":"Fiesta de Sant Antoni Abat de Sant Feliu de Codines - Turisme Vall\u00e8s","og_description":"fiesta-de-sant-antoni-abad-de-sant-feliu-de-codines TurismeValles CostaBarcelona Barcelona\u00c9sMoltM\u00e9s Catalunya","og_url":"https:\/\/turismevalles.com\/es\/events\/fiesta-de-sant-antoni-abat-de-sant-feliu-de-codines\/","og_site_name":"Turisme Vall\u00e8s","og_image":[{"width":1902,"height":2560,"url":"https:\/\/turismevalles.com\/wp-content\/uploads\/2024\/01\/AbadStFeliu-scaled.jpg","type":"image\/jpeg"}],"twitter_card":"summary_large_image","twitter_misc":{"Tiempo de lectura":"1 minuto"},"schema":{"@context":"https:\/\/schema.org","@graph":[{"@type":"WebPage","@id":"https:\/\/turismevalles.com\/es\/events\/fiesta-de-sant-antoni-abat-de-sant-feliu-de-codines\/","url":"https:\/\/turismevalles.com\/es\/events\/fiesta-de-sant-antoni-abat-de-sant-feliu-de-codines\/","name":"Fiesta de Sant Antoni Abat de Sant Feliu de Codines - Turisme Vall\u00e8s","isPartOf":{"@id":"https:\/\/turismevalles.com\/en\/#website"},"primaryImageOfPage":{"@id":"https:\/\/turismevalles.com\/es\/events\/fiesta-de-sant-antoni-abat-de-sant-feliu-de-codines\/#primaryimage"},"image":{"@id":"https:\/\/turismevalles.com\/es\/events\/fiesta-de-sant-antoni-abat-de-sant-feliu-de-codines\/#primaryimage"},"thumbnailUrl":"https:\/\/turismevalles.com\/wp-content\/uploads\/2024\/01\/AbadStFeliu-scaled.jpg","datePublished":"2024-01-08T12:10:40+00:00","description":"fiesta-de-sant-antoni-abad-de-sant-feliu-de-codines TurismeValles CostaBarcelona Barcelona\u00c9sMoltM\u00e9s Catalunya","breadcrumb":{"@id":"https:\/\/turismevalles.com\/es\/events\/fiesta-de-sant-antoni-abat-de-sant-feliu-de-codines\/#breadcrumb"},"inLanguage":"es","potentialAction":[{"@type":"ReadAction","target":["https:\/\/turismevalles.com\/es\/events\/fiesta-de-sant-antoni-abat-de-sant-feliu-de-codines\/"]}]},{"@type":"ImageObject","inLanguage":"es","@id":"https:\/\/turismevalles.com\/es\/events\/fiesta-de-sant-antoni-abat-de-sant-feliu-de-codines\/#primaryimage","url":"https:\/\/turismevalles.com\/wp-content\/uploads\/2024\/01\/AbadStFeliu-scaled.jpg","contentUrl":"https:\/\/turismevalles.com\/wp-content\/uploads\/2024\/01\/AbadStFeliu-scaled.jpg","width":1902,"height":2560,"caption":"Cartell de la Festa de Sant Antoni Abat de Sant Feliu de Codines"},{"@type":"BreadcrumbList","@id":"https:\/\/turismevalles.com\/es\/events\/fiesta-de-sant-antoni-abat-de-sant-feliu-de-codines\/#breadcrumb","itemListElement":[{"@type":"ListItem","position":1,"name":"Inicio","item":"https:\/\/turismevalles.com\/es\/"},{"@type":"ListItem","position":2,"name":"Esdeveniments","item":"https:\/\/turismevalles.com\/events\/"},{"@type":"ListItem","position":3,"name":"Fiesta de Sant Antoni Abat de Sant Feliu de Codines"}]},{"@type":"WebSite","@id":"https:\/\/turismevalles.com\/en\/#website","url":"https:\/\/turismevalles.com\/en\/","name":"Turisme Vall\u00e8s","description":"","publisher":{"@id":"https:\/\/turismevalles.com\/en\/#organization"},"potentialAction":[{"@type":"SearchAction","target":{"@type":"EntryPoint","urlTemplate":"https:\/\/turismevalles.com\/en\/?s={search_term_string}"},"query-input":{"@type":"PropertyValueSpecification","valueRequired":true,"valueName":"search_term_string"}}],"inLanguage":"es"},{"@type":"Organization","@id":"https:\/\/turismevalles.com\/en\/#organization","name":"Turisme Vall\u00e8s","url":"https:\/\/turismevalles.com\/en\/","logo":{"@type":"ImageObject","inLanguage":"es","@id":"https:\/\/turismevalles.com\/en\/#\/schema\/logo\/image\/","url":"https:\/\/turismevalles.com\/wp-content\/uploads\/2020\/08\/cropped-logo_ca-2.png","contentUrl":"https:\/\/turismevalles.com\/wp-content\/uploads\/2020\/08\/cropped-logo_ca-2.png","width":314,"height":85,"caption":"Turisme Vall\u00e8s"},"image":{"@id":"https:\/\/turismevalles.com\/en\/#\/schema\/logo\/image\/"}}]}},"uagb_featured_image_src":{"full":["https:\/\/turismevalles.com\/wp-content\/uploads\/2024\/01\/AbadStFeliu-scaled.jpg",1902,2560,false],"thumbnail":["https:\/\/turismevalles.com\/wp-content\/uploads\/2024\/01\/AbadStFeliu-150x150.jpg",150,150,true],"medium":["https:\/\/turismevalles.com\/wp-content\/uploads\/2024\/01\/AbadStFeliu-223x300.jpg",223,300,true],"medium_large":["https:\/\/turismevalles.com\/wp-content\/uploads\/2024\/01\/AbadStFeliu-768x1034.jpg",768,1034,true],"large":["https:\/\/turismevalles.com\/wp-content\/uploads\/2024\/01\/AbadStFeliu-761x1024.jpg",761,1024,true],"thumblist":["https:\/\/turismevalles.com\/wp-content\/uploads\/2024\/01\/AbadStFeliu-300x300.jpg",300,300,true],"meccarouselthumb":["https:\/\/turismevalles.com\/wp-content\/uploads\/2024\/01\/AbadStFeliu-474x324.jpg",474,324,true],"gridsquare":["https:\/\/turismevalles.com\/wp-content\/uploads\/2024\/01\/AbadStFeliu-391x260.jpg",391,260,true],"tileview":["https:\/\/turismevalles.com\/wp-content\/uploads\/2024\/01\/AbadStFeliu-300x400.jpg",300,400,true],"1536x1536":["https:\/\/turismevalles.com\/wp-content\/uploads\/2024\/01\/AbadStFeliu-1141x1536.jpg",1141,1536,true],"2048x2048":["https:\/\/turismevalles.com\/wp-content\/uploads\/2024\/01\/AbadStFeliu-1521x2048.jpg",1521,2048,true]},"uagb_author_info":{"display_name":"Turisme Valles","author_link":"https:\/\/turismevalles.com\/es\/author\/turismevallesoriental\/"},"uagb_comment_info":0,"uagb_excerpt":"M\u00e1s informaci\u00f3n: clicar aqu\u00ed","_links":{"self":[{"href":"https:\/\/turismevalles.com\/es\/wp-json\/wp\/v2\/mec-events\/45698","targetHints":{"allow":["GET"]}}],"collection":[{"href":"https:\/\/turismevalles.com\/es\/wp-json\/wp\/v2\/mec-events"}],"about":[{"href":"https:\/\/turismevalles.com\/es\/wp-json\/wp\/v2\/types\/mec-events"}],"author":[{"embeddable":true,"href":"https:\/\/turismevalles.com\/es\/wp-json\/wp\/v2\/users\/5"}],"replies":[{"embeddable":true,"href":"https:\/\/turismevalles.com\/es\/wp-json\/wp\/v2\/comments?post=45698"}],"wp:featuredmedia":[{"embeddable":true,"href":"https:\/\/turismevalles.com\/es\/wp-json\/wp\/v2\/media\/45697"}],"wp:attachment":[{"href":"https:\/\/turismevalles.com\/es\/wp-json\/wp\/v2\/media?parent=45698"}],"wp:term":[{"taxonomy":"post_tag","embeddable":true,"href":"https:\/\/turismevalles.com\/es\/wp-json\/wp\/v2\/tags?post=45698"},{"taxonomy":"poblacions","embeddable":true,"href":"https:\/\/turismevalles.com\/es\/wp-json\/wp\/v2\/poblacions?post=45698"},{"taxonomy":"mec_category","embeddable":true,"href":"https:\/\/turismevalles.com\/es\/wp-json\/wp\/v2\/mec_category?post=45698"}],"curies":[{"name":"wp","href":"https:\/\/api.w.org\/{rel}","templated":true}]}}

<p>Más información: <a href="https://www.santfeliudecodines.cat/actualitat/agenda?date=2024-01-17">clicar aquí</a></p>

<p>Más información: clicar aquí</p>

<!-- This site is optimized with the Yoast SEO plugin v26.4 - https://yoast.com/wordpress/plugins/seo/ -->
<title>Fiesta de Sant Antoni Abat de Sant Feliu de Codines - Turisme Vallès</title>
<meta name="description" content="fiesta-de-sant-antoni-abad-de-sant-feliu-de-codines TurismeValles CostaBarcelona BarcelonaÉsMoltMés Catalunya" />
<meta name="robots" content="index, follow, max-snippet:-1, max-image-preview:large, max-video-preview:-1" />
<link rel="canonical" href="https://turismevalles.com/es/events/fiesta-de-sant-antoni-abat-de-sant-feliu-de-codines/" />
<meta property="og:locale" content="es_ES" />
<meta property="og:type" content="article" />
<meta property="og:title" content="Fiesta de Sant Antoni Abat de Sant Feliu de Codines - Turisme Vallès" />
<meta property="og:description" content="fiesta-de-sant-antoni-abad-de-sant-feliu-de-codines TurismeValles CostaBarcelona BarcelonaÉsMoltMés Catalunya" />
<meta property="og:url" content="https://turismevalles.com/es/events/fiesta-de-sant-antoni-abat-de-sant-feliu-de-codines/" />
<meta property="og:site_name" content="Turisme Vallès" />
<meta property="og:image" content="https://turismevalles.com/wp-content/uploads/2024/01/AbadStFeliu-scaled.jpg" />
	<meta property="og:image:width" content="1902" />
	<meta property="og:image:height" content="2560" />
	<meta property="og:image:type" content="image/jpeg" />
<meta name="twitter:card" content="summary_large_image" />
<meta name="twitter:label1" content="Tiempo de lectura" />
	<meta name="twitter:data1" content="1 minuto" />
<script type="application/ld+json" class="yoast-schema-graph">{"@context":"https://schema.org","@graph":[{"@type":"WebPage","@id":"https://turismevalles.com/es/events/fiesta-de-sant-antoni-abat-de-sant-feliu-de-codines/","url":"https://turismevalles.com/es/events/fiesta-de-sant-antoni-abat-de-sant-feliu-de-codines/","name":"Fiesta de Sant Antoni Abat de Sant Feliu de Codines - Turisme Vallès","isPartOf":{"@id":"https://turismevalles.com/en/#website"},"primaryImageOfPage":{"@id":"https://turismevalles.com/es/events/fiesta-de-sant-antoni-abat-de-sant-feliu-de-codines/#primaryimage"},"image":{"@id":"https://turismevalles.com/es/events/fiesta-de-sant-antoni-abat-de-sant-feliu-de-codines/#primaryimage"},"thumbnailUrl":"https://turismevalles.com/wp-content/uploads/2024/01/AbadStFeliu-scaled.jpg","datePublished":"2024-01-08T12:10:40+00:00","description":"fiesta-de-sant-antoni-abad-de-sant-feliu-de-codines TurismeValles CostaBarcelona BarcelonaÉsMoltMés Catalunya","breadcrumb":{"@id":"https://turismevalles.com/es/events/fiesta-de-sant-antoni-abat-de-sant-feliu-de-codines/#breadcrumb"},"inLanguage":"es","potentialAction":[{"@type":"ReadAction","target":["https://turismevalles.com/es/events/fiesta-de-sant-antoni-abat-de-sant-feliu-de-codines/"]}]},{"@type":"ImageObject","inLanguage":"es","@id":"https://turismevalles.com/es/events/fiesta-de-sant-antoni-abat-de-sant-feliu-de-codines/#primaryimage","url":"https://turismevalles.com/wp-content/uploads/2024/01/AbadStFeliu-scaled.jpg","contentUrl":"https://turismevalles.com/wp-content/uploads/2024/01/AbadStFeliu-scaled.jpg","width":1902,"height":2560,"caption":"Cartell de la Festa de Sant Antoni Abat de Sant Feliu de Codines"},{"@type":"BreadcrumbList","@id":"https://turismevalles.com/es/events/fiesta-de-sant-antoni-abat-de-sant-feliu-de-codines/#breadcrumb","itemListElement":[{"@type":"ListItem","position":1,"name":"Inicio","item":"https://turismevalles.com/es/"},{"@type":"ListItem","position":2,"name":"Esdeveniments","item":"https://turismevalles.com/events/"},{"@type":"ListItem","position":3,"name":"Fiesta de Sant Antoni Abat de Sant Feliu de Codines"}]},{"@type":"WebSite","@id":"https://turismevalles.com/en/#website","url":"https://turismevalles.com/en/","name":"Turisme Vallès","description":"","publisher":{"@id":"https://turismevalles.com/en/#organization"},"potentialAction":[{"@type":"SearchAction","target":{"@type":"EntryPoint","urlTemplate":"https://turismevalles.com/en/?s={search_term_string}"},"query-input":{"@type":"PropertyValueSpecification","valueRequired":true,"valueName":"search_term_string"}}],"inLanguage":"es"},{"@type":"Organization","@id":"https://turismevalles.com/en/#organization","name":"Turisme Vallès","url":"https://turismevalles.com/en/","logo":{"@type":"ImageObject","inLanguage":"es","@id":"https://turismevalles.com/en/#/schema/logo/image/","url":"https://turismevalles.com/wp-content/uploads/2020/08/cropped-logo_ca-2.png","contentUrl":"https://turismevalles.com/wp-content/uploads/2020/08/cropped-logo_ca-2.png","width":314,"height":85,"caption":"Turisme Vallès"},"image":{"@id":"https://turismevalles.com/en/#/schema/logo/image/"}}]}</script>
<!-- / Yoast SEO plugin. -->

Fiesta de Sant Antoni Abat de Sant Feliu de Codines - Turisme Vallès

fiesta-de-sant-antoni-abad-de-sant-feliu-de-codines TurismeValles CostaBarcelona BarcelonaÉsMoltMés Catalunya

Turisme Vallès

Más información: clicar aquí
