{"id":46247,"date":"2024-02-09T10:41:47","date_gmt":"2024-02-09T09:41:47","guid":{"rendered":"http:\/\/turismevalles.com.mialias.net\/events\/carnaval-a-sant-antoni-i-sant-pere-de-vilamajor\/"},"modified":"2025-02-25T19:43:53","modified_gmt":"2025-02-25T18:43:53","slug":"carnaval-a-sant-antoni-i-sant-pere-de-vilamajor","status":"publish","type":"mec-events","link":"https:\/\/turismevalles.com\/es\/events\/carnaval-a-sant-antoni-i-sant-pere-de-vilamajor\/","title":{"rendered":"Carnaval en Sant Antoni de Vilamajor"},"content":{"rendered":"<p>Para m\u00e1s informaci\u00f3n, <a href=\"https:\/\/www.santantonidevilamajor.cat\/actualitat\/noticies\/la-gran-festa-de-carnestoltes-arriba-a-vilamajor-festa-infantil-rues-concursos-de-disfresses-ball-de-salo-concerts-i-molta-gresca-i-xerinola.html#\">clicar aqu\u00ed<\/a><\/p>\n","protected":false},"excerpt":{"rendered":"<p>Para m\u00e1s informaci\u00f3n, clicar aqu\u00ed<\/p>\n","protected":false},"author":5,"featured_media":61065,"comment_status":"open","ping_status":"closed","template":"","tags":[1158,2203,2202,1500],"poblacions":[448],"mec_category":[2532,929],"class_list":["post-46247","mec-events","type-mec-events","status-publish","has-post-thumbnail","hentry","tag-activitats-en-familia-es","tag-carnaval","tag-carnestoltes-es","tag-festa","poblacions-sant-antoni-de-vilamajor-es","mec_category-carnaval-es","mec_category-cultura-es","generate-columns","tablet-grid-50","mobile-grid-100","grid-parent","grid-33"],"acf":[],"yoast_head":"<!-- This site is optimized with the Yoast SEO plugin v26.4 - https:\/\/yoast.com\/wordpress\/plugins\/seo\/ -->\n<title>Carnaval en Sant Antoni de Vilamajor - Turisme Vall\u00e8s<\/title>\n<meta name=\"robots\" content=\"index, follow, max-snippet:-1, max-image-preview:large, max-video-preview:-1\" \/>\n<link rel=\"canonical\" href=\"https:\/\/turismevalles.com\/es\/events\/carnaval-a-sant-antoni-i-sant-pere-de-vilamajor\/\" \/>\n<meta property=\"og:locale\" content=\"es_ES\" \/>\n<meta property=\"og:type\" content=\"article\" \/>\n<meta property=\"og:title\" content=\"Carnaval en Sant Antoni de Vilamajor - Turisme Vall\u00e8s\" \/>\n<meta property=\"og:description\" content=\"Para m\u00e1s informaci\u00f3n, clicar aqu\u00ed\" \/>\n<meta property=\"og:url\" content=\"https:\/\/turismevalles.com\/es\/events\/carnaval-a-sant-antoni-i-sant-pere-de-vilamajor\/\" \/>\n<meta property=\"og:site_name\" content=\"Turisme Vall\u00e8s\" \/>\n<meta property=\"article:modified_time\" content=\"2025-02-25T18:43:53+00:00\" \/>\n<meta property=\"og:image\" content=\"https:\/\/turismevalles.com\/wp-content\/uploads\/2024\/02\/santAntoni-724x1024.png\" \/>\n\t<meta property=\"og:image:width\" content=\"724\" \/>\n\t<meta property=\"og:image:height\" content=\"1024\" \/>\n\t<meta property=\"og:image:type\" content=\"image\/png\" \/>\n<meta name=\"twitter:card\" content=\"summary_large_image\" \/>\n<meta name=\"twitter:label1\" content=\"Tiempo de lectura\" \/>\n\t<meta name=\"twitter:data1\" content=\"1 minuto\" \/>\n<script type=\"application\/ld+json\" class=\"yoast-schema-graph\">{\"@context\":\"https:\/\/schema.org\",\"@graph\":[{\"@type\":\"WebPage\",\"@id\":\"https:\/\/turismevalles.com\/es\/events\/carnaval-a-sant-antoni-i-sant-pere-de-vilamajor\/\",\"url\":\"https:\/\/turismevalles.com\/es\/events\/carnaval-a-sant-antoni-i-sant-pere-de-vilamajor\/\",\"name\":\"Carnaval en Sant Antoni de Vilamajor - Turisme Vall\u00e8s\",\"isPartOf\":{\"@id\":\"https:\/\/turismevalles.com\/en\/#website\"},\"primaryImageOfPage\":{\"@id\":\"https:\/\/turismevalles.com\/es\/events\/carnaval-a-sant-antoni-i-sant-pere-de-vilamajor\/#primaryimage\"},\"image\":{\"@id\":\"https:\/\/turismevalles.com\/es\/events\/carnaval-a-sant-antoni-i-sant-pere-de-vilamajor\/#primaryimage\"},\"thumbnailUrl\":\"https:\/\/turismevalles.com\/wp-content\/uploads\/2024\/02\/santAntoni.png\",\"datePublished\":\"2024-02-09T09:41:47+00:00\",\"dateModified\":\"2025-02-25T18:43:53+00:00\",\"breadcrumb\":{\"@id\":\"https:\/\/turismevalles.com\/es\/events\/carnaval-a-sant-antoni-i-sant-pere-de-vilamajor\/#breadcrumb\"},\"inLanguage\":\"es\",\"potentialAction\":[{\"@type\":\"ReadAction\",\"target\":[\"https:\/\/turismevalles.com\/es\/events\/carnaval-a-sant-antoni-i-sant-pere-de-vilamajor\/\"]}]},{\"@type\":\"ImageObject\",\"inLanguage\":\"es\",\"@id\":\"https:\/\/turismevalles.com\/es\/events\/carnaval-a-sant-antoni-i-sant-pere-de-vilamajor\/#primaryimage\",\"url\":\"https:\/\/turismevalles.com\/wp-content\/uploads\/2024\/02\/santAntoni.png\",\"contentUrl\":\"https:\/\/turismevalles.com\/wp-content\/uploads\/2024\/02\/santAntoni.png\",\"width\":2298,\"height\":3250},{\"@type\":\"BreadcrumbList\",\"@id\":\"https:\/\/turismevalles.com\/es\/events\/carnaval-a-sant-antoni-i-sant-pere-de-vilamajor\/#breadcrumb\",\"itemListElement\":[{\"@type\":\"ListItem\",\"position\":1,\"name\":\"Inicio\",\"item\":\"https:\/\/turismevalles.com\/es\/\"},{\"@type\":\"ListItem\",\"position\":2,\"name\":\"Esdeveniments\",\"item\":\"https:\/\/turismevalles.com\/events\/\"},{\"@type\":\"ListItem\",\"position\":3,\"name\":\"Carnaval en Sant Antoni de Vilamajor\"}]},{\"@type\":\"WebSite\",\"@id\":\"https:\/\/turismevalles.com\/en\/#website\",\"url\":\"https:\/\/turismevalles.com\/en\/\",\"name\":\"Turisme Vall\u00e8s\",\"description\":\"\",\"publisher\":{\"@id\":\"https:\/\/turismevalles.com\/en\/#organization\"},\"potentialAction\":[{\"@type\":\"SearchAction\",\"target\":{\"@type\":\"EntryPoint\",\"urlTemplate\":\"https:\/\/turismevalles.com\/en\/?s={search_term_string}\"},\"query-input\":{\"@type\":\"PropertyValueSpecification\",\"valueRequired\":true,\"valueName\":\"search_term_string\"}}],\"inLanguage\":\"es\"},{\"@type\":\"Organization\",\"@id\":\"https:\/\/turismevalles.com\/en\/#organization\",\"name\":\"Turisme Vall\u00e8s\",\"url\":\"https:\/\/turismevalles.com\/en\/\",\"logo\":{\"@type\":\"ImageObject\",\"inLanguage\":\"es\",\"@id\":\"https:\/\/turismevalles.com\/en\/#\/schema\/logo\/image\/\",\"url\":\"https:\/\/turismevalles.com\/wp-content\/uploads\/2020\/08\/cropped-logo_ca-2.png\",\"contentUrl\":\"https:\/\/turismevalles.com\/wp-content\/uploads\/2020\/08\/cropped-logo_ca-2.png\",\"width\":314,\"height\":85,\"caption\":\"Turisme Vall\u00e8s\"},\"image\":{\"@id\":\"https:\/\/turismevalles.com\/en\/#\/schema\/logo\/image\/\"}}]}<\/script>\n<!-- \/ Yoast SEO plugin. -->","yoast_head_json":{"title":"Carnaval en Sant Antoni de Vilamajor - Turisme Vall\u00e8s","robots":{"index":"index","follow":"follow","max-snippet":"max-snippet:-1","max-image-preview":"max-image-preview:large","max-video-preview":"max-video-preview:-1"},"canonical":"https:\/\/turismevalles.com\/es\/events\/carnaval-a-sant-antoni-i-sant-pere-de-vilamajor\/","og_locale":"es_ES","og_type":"article","og_title":"Carnaval en Sant Antoni de Vilamajor - Turisme Vall\u00e8s","og_description":"Para m\u00e1s informaci\u00f3n, clicar aqu\u00ed","og_url":"https:\/\/turismevalles.com\/es\/events\/carnaval-a-sant-antoni-i-sant-pere-de-vilamajor\/","og_site_name":"Turisme Vall\u00e8s","article_modified_time":"2025-02-25T18:43:53+00:00","og_image":[{"width":724,"height":1024,"url":"https:\/\/turismevalles.com\/wp-content\/uploads\/2024\/02\/santAntoni-724x1024.png","type":"image\/png"}],"twitter_card":"summary_large_image","twitter_misc":{"Tiempo de lectura":"1 minuto"},"schema":{"@context":"https:\/\/schema.org","@graph":[{"@type":"WebPage","@id":"https:\/\/turismevalles.com\/es\/events\/carnaval-a-sant-antoni-i-sant-pere-de-vilamajor\/","url":"https:\/\/turismevalles.com\/es\/events\/carnaval-a-sant-antoni-i-sant-pere-de-vilamajor\/","name":"Carnaval en Sant Antoni de Vilamajor - Turisme Vall\u00e8s","isPartOf":{"@id":"https:\/\/turismevalles.com\/en\/#website"},"primaryImageOfPage":{"@id":"https:\/\/turismevalles.com\/es\/events\/carnaval-a-sant-antoni-i-sant-pere-de-vilamajor\/#primaryimage"},"image":{"@id":"https:\/\/turismevalles.com\/es\/events\/carnaval-a-sant-antoni-i-sant-pere-de-vilamajor\/#primaryimage"},"thumbnailUrl":"https:\/\/turismevalles.com\/wp-content\/uploads\/2024\/02\/santAntoni.png","datePublished":"2024-02-09T09:41:47+00:00","dateModified":"2025-02-25T18:43:53+00:00","breadcrumb":{"@id":"https:\/\/turismevalles.com\/es\/events\/carnaval-a-sant-antoni-i-sant-pere-de-vilamajor\/#breadcrumb"},"inLanguage":"es","potentialAction":[{"@type":"ReadAction","target":["https:\/\/turismevalles.com\/es\/events\/carnaval-a-sant-antoni-i-sant-pere-de-vilamajor\/"]}]},{"@type":"ImageObject","inLanguage":"es","@id":"https:\/\/turismevalles.com\/es\/events\/carnaval-a-sant-antoni-i-sant-pere-de-vilamajor\/#primaryimage","url":"https:\/\/turismevalles.com\/wp-content\/uploads\/2024\/02\/santAntoni.png","contentUrl":"https:\/\/turismevalles.com\/wp-content\/uploads\/2024\/02\/santAntoni.png","width":2298,"height":3250},{"@type":"BreadcrumbList","@id":"https:\/\/turismevalles.com\/es\/events\/carnaval-a-sant-antoni-i-sant-pere-de-vilamajor\/#breadcrumb","itemListElement":[{"@type":"ListItem","position":1,"name":"Inicio","item":"https:\/\/turismevalles.com\/es\/"},{"@type":"ListItem","position":2,"name":"Esdeveniments","item":"https:\/\/turismevalles.com\/events\/"},{"@type":"ListItem","position":3,"name":"Carnaval en Sant Antoni de Vilamajor"}]},{"@type":"WebSite","@id":"https:\/\/turismevalles.com\/en\/#website","url":"https:\/\/turismevalles.com\/en\/","name":"Turisme Vall\u00e8s","description":"","publisher":{"@id":"https:\/\/turismevalles.com\/en\/#organization"},"potentialAction":[{"@type":"SearchAction","target":{"@type":"EntryPoint","urlTemplate":"https:\/\/turismevalles.com\/en\/?s={search_term_string}"},"query-input":{"@type":"PropertyValueSpecification","valueRequired":true,"valueName":"search_term_string"}}],"inLanguage":"es"},{"@type":"Organization","@id":"https:\/\/turismevalles.com\/en\/#organization","name":"Turisme Vall\u00e8s","url":"https:\/\/turismevalles.com\/en\/","logo":{"@type":"ImageObject","inLanguage":"es","@id":"https:\/\/turismevalles.com\/en\/#\/schema\/logo\/image\/","url":"https:\/\/turismevalles.com\/wp-content\/uploads\/2020\/08\/cropped-logo_ca-2.png","contentUrl":"https:\/\/turismevalles.com\/wp-content\/uploads\/2020\/08\/cropped-logo_ca-2.png","width":314,"height":85,"caption":"Turisme Vall\u00e8s"},"image":{"@id":"https:\/\/turismevalles.com\/en\/#\/schema\/logo\/image\/"}}]}},"uagb_featured_image_src":{"full":["https:\/\/turismevalles.com\/wp-content\/uploads\/2024\/02\/santAntoni.png",2298,3250,false],"thumbnail":["https:\/\/turismevalles.com\/wp-content\/uploads\/2024\/02\/santAntoni-150x150.png",150,150,true],"medium":["https:\/\/turismevalles.com\/wp-content\/uploads\/2024\/02\/santAntoni-212x300.png",212,300,true],"medium_large":["https:\/\/turismevalles.com\/wp-content\/uploads\/2024\/02\/santAntoni-768x1086.png",768,1086,true],"large":["https:\/\/turismevalles.com\/wp-content\/uploads\/2024\/02\/santAntoni-724x1024.png",724,1024,true],"thumblist":["https:\/\/turismevalles.com\/wp-content\/uploads\/2024\/02\/santAntoni-300x300.png",300,300,true],"meccarouselthumb":["https:\/\/turismevalles.com\/wp-content\/uploads\/2024\/02\/santAntoni-474x324.png",474,324,true],"gridsquare":["https:\/\/turismevalles.com\/wp-content\/uploads\/2024\/02\/santAntoni-391x260.png",391,260,true],"tileview":["https:\/\/turismevalles.com\/wp-content\/uploads\/2024\/02\/santAntoni-300x400.png",300,400,true],"1536x1536":["https:\/\/turismevalles.com\/wp-content\/uploads\/2024\/02\/santAntoni-1086x1536.png",1086,1536,true],"2048x2048":["https:\/\/turismevalles.com\/wp-content\/uploads\/2024\/02\/santAntoni-1448x2048.png",1448,2048,true]},"uagb_author_info":{"display_name":"Turisme Valles","author_link":"https:\/\/turismevalles.com\/es\/author\/turismevallesoriental\/"},"uagb_comment_info":0,"uagb_excerpt":"Para m\u00e1s informaci\u00f3n, clicar aqu\u00ed","_links":{"self":[{"href":"https:\/\/turismevalles.com\/es\/wp-json\/wp\/v2\/mec-events\/46247","targetHints":{"allow":["GET"]}}],"collection":[{"href":"https:\/\/turismevalles.com\/es\/wp-json\/wp\/v2\/mec-events"}],"about":[{"href":"https:\/\/turismevalles.com\/es\/wp-json\/wp\/v2\/types\/mec-events"}],"author":[{"embeddable":true,"href":"https:\/\/turismevalles.com\/es\/wp-json\/wp\/v2\/users\/5"}],"replies":[{"embeddable":true,"href":"https:\/\/turismevalles.com\/es\/wp-json\/wp\/v2\/comments?post=46247"}],"wp:featuredmedia":[{"embeddable":true,"href":"https:\/\/turismevalles.com\/es\/wp-json\/wp\/v2\/media\/61065"}],"wp:attachment":[{"href":"https:\/\/turismevalles.com\/es\/wp-json\/wp\/v2\/media?parent=46247"}],"wp:term":[{"taxonomy":"post_tag","embeddable":true,"href":"https:\/\/turismevalles.com\/es\/wp-json\/wp\/v2\/tags?post=46247"},{"taxonomy":"poblacions","embeddable":true,"href":"https:\/\/turismevalles.com\/es\/wp-json\/wp\/v2\/poblacions?post=46247"},{"taxonomy":"mec_category","embeddable":true,"href":"https:\/\/turismevalles.com\/es\/wp-json\/wp\/v2\/mec_category?post=46247"}],"curies":[{"name":"wp","href":"https:\/\/api.w.org\/{rel}","templated":true}]}}

<p>Para más información, <a href="https://www.santantonidevilamajor.cat/actualitat/noticies/la-gran-festa-de-carnestoltes-arriba-a-vilamajor-festa-infantil-rues-concursos-de-disfresses-ball-de-salo-concerts-i-molta-gresca-i-xerinola.html#">clicar aquí</a></p>

<p>Para más información, clicar aquí</p>

<!-- This site is optimized with the Yoast SEO plugin v26.4 - https://yoast.com/wordpress/plugins/seo/ -->
<title>Carnaval en Sant Antoni de Vilamajor - Turisme Vallès</title>
<meta name="robots" content="index, follow, max-snippet:-1, max-image-preview:large, max-video-preview:-1" />
<link rel="canonical" href="https://turismevalles.com/es/events/carnaval-a-sant-antoni-i-sant-pere-de-vilamajor/" />
<meta property="og:locale" content="es_ES" />
<meta property="og:type" content="article" />
<meta property="og:title" content="Carnaval en Sant Antoni de Vilamajor - Turisme Vallès" />
<meta property="og:description" content="Para más información, clicar aquí" />
<meta property="og:url" content="https://turismevalles.com/es/events/carnaval-a-sant-antoni-i-sant-pere-de-vilamajor/" />
<meta property="og:site_name" content="Turisme Vallès" />
<meta property="article:modified_time" content="2025-02-25T18:43:53+00:00" />
<meta property="og:image" content="https://turismevalles.com/wp-content/uploads/2024/02/santAntoni-724x1024.png" />
	<meta property="og:image:width" content="724" />
	<meta property="og:image:height" content="1024" />
	<meta property="og:image:type" content="image/png" />
<meta name="twitter:card" content="summary_large_image" />
<meta name="twitter:label1" content="Tiempo de lectura" />
	<meta name="twitter:data1" content="1 minuto" />
<script type="application/ld+json" class="yoast-schema-graph">{"@context":"https://schema.org","@graph":[{"@type":"WebPage","@id":"https://turismevalles.com/es/events/carnaval-a-sant-antoni-i-sant-pere-de-vilamajor/","url":"https://turismevalles.com/es/events/carnaval-a-sant-antoni-i-sant-pere-de-vilamajor/","name":"Carnaval en Sant Antoni de Vilamajor - Turisme Vallès","isPartOf":{"@id":"https://turismevalles.com/en/#website"},"primaryImageOfPage":{"@id":"https://turismevalles.com/es/events/carnaval-a-sant-antoni-i-sant-pere-de-vilamajor/#primaryimage"},"image":{"@id":"https://turismevalles.com/es/events/carnaval-a-sant-antoni-i-sant-pere-de-vilamajor/#primaryimage"},"thumbnailUrl":"https://turismevalles.com/wp-content/uploads/2024/02/santAntoni.png","datePublished":"2024-02-09T09:41:47+00:00","dateModified":"2025-02-25T18:43:53+00:00","breadcrumb":{"@id":"https://turismevalles.com/es/events/carnaval-a-sant-antoni-i-sant-pere-de-vilamajor/#breadcrumb"},"inLanguage":"es","potentialAction":[{"@type":"ReadAction","target":["https://turismevalles.com/es/events/carnaval-a-sant-antoni-i-sant-pere-de-vilamajor/"]}]},{"@type":"ImageObject","inLanguage":"es","@id":"https://turismevalles.com/es/events/carnaval-a-sant-antoni-i-sant-pere-de-vilamajor/#primaryimage","url":"https://turismevalles.com/wp-content/uploads/2024/02/santAntoni.png","contentUrl":"https://turismevalles.com/wp-content/uploads/2024/02/santAntoni.png","width":2298,"height":3250},{"@type":"BreadcrumbList","@id":"https://turismevalles.com/es/events/carnaval-a-sant-antoni-i-sant-pere-de-vilamajor/#breadcrumb","itemListElement":[{"@type":"ListItem","position":1,"name":"Inicio","item":"https://turismevalles.com/es/"},{"@type":"ListItem","position":2,"name":"Esdeveniments","item":"https://turismevalles.com/events/"},{"@type":"ListItem","position":3,"name":"Carnaval en Sant Antoni de Vilamajor"}]},{"@type":"WebSite","@id":"https://turismevalles.com/en/#website","url":"https://turismevalles.com/en/","name":"Turisme Vallès","description":"","publisher":{"@id":"https://turismevalles.com/en/#organization"},"potentialAction":[{"@type":"SearchAction","target":{"@type":"EntryPoint","urlTemplate":"https://turismevalles.com/en/?s={search_term_string}"},"query-input":{"@type":"PropertyValueSpecification","valueRequired":true,"valueName":"search_term_string"}}],"inLanguage":"es"},{"@type":"Organization","@id":"https://turismevalles.com/en/#organization","name":"Turisme Vallès","url":"https://turismevalles.com/en/","logo":{"@type":"ImageObject","inLanguage":"es","@id":"https://turismevalles.com/en/#/schema/logo/image/","url":"https://turismevalles.com/wp-content/uploads/2020/08/cropped-logo_ca-2.png","contentUrl":"https://turismevalles.com/wp-content/uploads/2020/08/cropped-logo_ca-2.png","width":314,"height":85,"caption":"Turisme Vallès"},"image":{"@id":"https://turismevalles.com/en/#/schema/logo/image/"}}]}</script>
<!-- / Yoast SEO plugin. -->

Carnaval en Sant Antoni de Vilamajor - Turisme Vallès

Para más información, clicar aquí

Turisme Vallès
