{"id":46367,"date":"2024-02-12T10:02:29","date_gmt":"2024-02-12T09:02:29","guid":{"rendered":"http:\/\/turismevalles.com.mialias.net\/?post_type=mec-events&#038;p=46367"},"modified":"2024-02-12T10:02:29","modified_gmt":"2024-02-12T09:02:29","slug":"xvi-muestra-del-carbon-en-canoves-i-samalus","status":"publish","type":"mec-events","link":"https:\/\/turismevalles.com\/es\/events\/xvi-muestra-del-carbon-en-canoves-i-samalus\/","title":{"rendered":"XVI Muestra del Carb\u00f3n en C\u00e0noves i Samal\u00fas"},"content":{"rendered":"<p>M\u00e1s informaci\u00f3n, <a href=\"http:\/\/www.elsui.cat\">clicar aqu\u00ed<\/a><\/p>\n","protected":false},"excerpt":{"rendered":"<p>M\u00e1s informaci\u00f3n, clicar aqu\u00ed<\/p>\n","protected":false},"author":5,"featured_media":46366,"comment_status":"open","ping_status":"closed","template":"","tags":[1158,1039,1426],"poblacions":[440],"mec_category":[970,2467],"class_list":["post-46367","mec-events","type-mec-events","status-publish","has-post-thumbnail","hentry","tag-activitats-en-familia-es","tag-cultura-es","tag-tradicio-es","poblacions-canoves-i-samalus-es","mec_category-activitats-en-familia-es","mec_category-patrimoni-es","generate-columns","tablet-grid-50","mobile-grid-100","grid-parent","grid-33"],"acf":[],"yoast_head":"<!-- This site is optimized with the Yoast SEO plugin v26.4 - https:\/\/yoast.com\/wordpress\/plugins\/seo\/ -->\n<title>XVI Muestra del Carb\u00f3n en C\u00e0noves i Samal\u00fas - Turisme Vall\u00e8s<\/title>\n<meta name=\"robots\" content=\"index, follow, max-snippet:-1, max-image-preview:large, max-video-preview:-1\" \/>\n<link rel=\"canonical\" href=\"https:\/\/turismevalles.com\/events\/xvi-mostra-del-carboneig-a-canoves-i-samalus\/\" \/>\n<meta property=\"og:locale\" content=\"es_ES\" \/>\n<meta property=\"og:type\" content=\"article\" \/>\n<meta property=\"og:title\" content=\"XVI Muestra del Carb\u00f3n en C\u00e0noves i Samal\u00fas - Turisme Vall\u00e8s\" \/>\n<meta property=\"og:description\" content=\"M\u00e1s informaci\u00f3n, clicar aqu\u00ed\" \/>\n<meta property=\"og:url\" content=\"https:\/\/turismevalles.com\/events\/xvi-mostra-del-carboneig-a-canoves-i-samalus\/\" \/>\n<meta property=\"og:site_name\" content=\"Turisme Vall\u00e8s\" \/>\n<meta property=\"og:image\" content=\"https:\/\/turismevalles.com\/wp-content\/uploads\/2024\/02\/cartell-carboneig-2024.jpg\" \/>\n\t<meta property=\"og:image:width\" content=\"350\" \/>\n\t<meta property=\"og:image:height\" content=\"495\" \/>\n\t<meta property=\"og:image:type\" content=\"image\/jpeg\" \/>\n<meta name=\"twitter:card\" content=\"summary_large_image\" \/>\n<meta name=\"twitter:label1\" content=\"Tiempo de lectura\" \/>\n\t<meta name=\"twitter:data1\" content=\"1 minuto\" \/>\n<script type=\"application\/ld+json\" class=\"yoast-schema-graph\">{\"@context\":\"https:\/\/schema.org\",\"@graph\":[{\"@type\":\"WebPage\",\"@id\":\"https:\/\/turismevalles.com\/events\/xvi-mostra-del-carboneig-a-canoves-i-samalus\/\",\"url\":\"https:\/\/turismevalles.com\/events\/xvi-mostra-del-carboneig-a-canoves-i-samalus\/\",\"name\":\"XVI Muestra del Carb\u00f3n en C\u00e0noves i Samal\u00fas - Turisme Vall\u00e8s\",\"isPartOf\":{\"@id\":\"https:\/\/turismevalles.com\/en\/#website\"},\"primaryImageOfPage\":{\"@id\":\"https:\/\/turismevalles.com\/events\/xvi-mostra-del-carboneig-a-canoves-i-samalus\/#primaryimage\"},\"image\":{\"@id\":\"https:\/\/turismevalles.com\/events\/xvi-mostra-del-carboneig-a-canoves-i-samalus\/#primaryimage\"},\"thumbnailUrl\":\"https:\/\/turismevalles.com\/wp-content\/uploads\/2024\/02\/cartell-carboneig-2024.jpg\",\"datePublished\":\"2024-02-12T09:02:29+00:00\",\"breadcrumb\":{\"@id\":\"https:\/\/turismevalles.com\/events\/xvi-mostra-del-carboneig-a-canoves-i-samalus\/#breadcrumb\"},\"inLanguage\":\"es\",\"potentialAction\":[{\"@type\":\"ReadAction\",\"target\":[\"https:\/\/turismevalles.com\/events\/xvi-mostra-del-carboneig-a-canoves-i-samalus\/\"]}]},{\"@type\":\"ImageObject\",\"inLanguage\":\"es\",\"@id\":\"https:\/\/turismevalles.com\/events\/xvi-mostra-del-carboneig-a-canoves-i-samalus\/#primaryimage\",\"url\":\"https:\/\/turismevalles.com\/wp-content\/uploads\/2024\/02\/cartell-carboneig-2024.jpg\",\"contentUrl\":\"https:\/\/turismevalles.com\/wp-content\/uploads\/2024\/02\/cartell-carboneig-2024.jpg\",\"width\":350,\"height\":495},{\"@type\":\"BreadcrumbList\",\"@id\":\"https:\/\/turismevalles.com\/events\/xvi-mostra-del-carboneig-a-canoves-i-samalus\/#breadcrumb\",\"itemListElement\":[{\"@type\":\"ListItem\",\"position\":1,\"name\":\"Inicio\",\"item\":\"https:\/\/turismevalles.com\/es\/\"},{\"@type\":\"ListItem\",\"position\":2,\"name\":\"Esdeveniments\",\"item\":\"https:\/\/turismevalles.com\/events\/\"},{\"@type\":\"ListItem\",\"position\":3,\"name\":\"XVI Muestra del Carb\u00f3n en C\u00e0noves i Samal\u00fas\"}]},{\"@type\":\"WebSite\",\"@id\":\"https:\/\/turismevalles.com\/en\/#website\",\"url\":\"https:\/\/turismevalles.com\/en\/\",\"name\":\"Turisme Vall\u00e8s\",\"description\":\"\",\"publisher\":{\"@id\":\"https:\/\/turismevalles.com\/en\/#organization\"},\"potentialAction\":[{\"@type\":\"SearchAction\",\"target\":{\"@type\":\"EntryPoint\",\"urlTemplate\":\"https:\/\/turismevalles.com\/en\/?s={search_term_string}\"},\"query-input\":{\"@type\":\"PropertyValueSpecification\",\"valueRequired\":true,\"valueName\":\"search_term_string\"}}],\"inLanguage\":\"es\"},{\"@type\":\"Organization\",\"@id\":\"https:\/\/turismevalles.com\/en\/#organization\",\"name\":\"Turisme Vall\u00e8s\",\"url\":\"https:\/\/turismevalles.com\/en\/\",\"logo\":{\"@type\":\"ImageObject\",\"inLanguage\":\"es\",\"@id\":\"https:\/\/turismevalles.com\/en\/#\/schema\/logo\/image\/\",\"url\":\"https:\/\/turismevalles.com\/wp-content\/uploads\/2020\/08\/cropped-logo_ca-2.png\",\"contentUrl\":\"https:\/\/turismevalles.com\/wp-content\/uploads\/2020\/08\/cropped-logo_ca-2.png\",\"width\":314,\"height\":85,\"caption\":\"Turisme Vall\u00e8s\"},\"image\":{\"@id\":\"https:\/\/turismevalles.com\/en\/#\/schema\/logo\/image\/\"}}]}<\/script>\n<!-- \/ Yoast SEO plugin. -->","yoast_head_json":{"title":"XVI Muestra del Carb\u00f3n en C\u00e0noves i Samal\u00fas - Turisme Vall\u00e8s","robots":{"index":"index","follow":"follow","max-snippet":"max-snippet:-1","max-image-preview":"max-image-preview:large","max-video-preview":"max-video-preview:-1"},"canonical":"https:\/\/turismevalles.com\/events\/xvi-mostra-del-carboneig-a-canoves-i-samalus\/","og_locale":"es_ES","og_type":"article","og_title":"XVI Muestra del Carb\u00f3n en C\u00e0noves i Samal\u00fas - Turisme Vall\u00e8s","og_description":"M\u00e1s informaci\u00f3n, clicar aqu\u00ed","og_url":"https:\/\/turismevalles.com\/events\/xvi-mostra-del-carboneig-a-canoves-i-samalus\/","og_site_name":"Turisme Vall\u00e8s","og_image":[{"width":350,"height":495,"url":"https:\/\/turismevalles.com\/wp-content\/uploads\/2024\/02\/cartell-carboneig-2024.jpg","type":"image\/jpeg"}],"twitter_card":"summary_large_image","twitter_misc":{"Tiempo de lectura":"1 minuto"},"schema":{"@context":"https:\/\/schema.org","@graph":[{"@type":"WebPage","@id":"https:\/\/turismevalles.com\/events\/xvi-mostra-del-carboneig-a-canoves-i-samalus\/","url":"https:\/\/turismevalles.com\/events\/xvi-mostra-del-carboneig-a-canoves-i-samalus\/","name":"XVI Muestra del Carb\u00f3n en C\u00e0noves i Samal\u00fas - Turisme Vall\u00e8s","isPartOf":{"@id":"https:\/\/turismevalles.com\/en\/#website"},"primaryImageOfPage":{"@id":"https:\/\/turismevalles.com\/events\/xvi-mostra-del-carboneig-a-canoves-i-samalus\/#primaryimage"},"image":{"@id":"https:\/\/turismevalles.com\/events\/xvi-mostra-del-carboneig-a-canoves-i-samalus\/#primaryimage"},"thumbnailUrl":"https:\/\/turismevalles.com\/wp-content\/uploads\/2024\/02\/cartell-carboneig-2024.jpg","datePublished":"2024-02-12T09:02:29+00:00","breadcrumb":{"@id":"https:\/\/turismevalles.com\/events\/xvi-mostra-del-carboneig-a-canoves-i-samalus\/#breadcrumb"},"inLanguage":"es","potentialAction":[{"@type":"ReadAction","target":["https:\/\/turismevalles.com\/events\/xvi-mostra-del-carboneig-a-canoves-i-samalus\/"]}]},{"@type":"ImageObject","inLanguage":"es","@id":"https:\/\/turismevalles.com\/events\/xvi-mostra-del-carboneig-a-canoves-i-samalus\/#primaryimage","url":"https:\/\/turismevalles.com\/wp-content\/uploads\/2024\/02\/cartell-carboneig-2024.jpg","contentUrl":"https:\/\/turismevalles.com\/wp-content\/uploads\/2024\/02\/cartell-carboneig-2024.jpg","width":350,"height":495},{"@type":"BreadcrumbList","@id":"https:\/\/turismevalles.com\/events\/xvi-mostra-del-carboneig-a-canoves-i-samalus\/#breadcrumb","itemListElement":[{"@type":"ListItem","position":1,"name":"Inicio","item":"https:\/\/turismevalles.com\/es\/"},{"@type":"ListItem","position":2,"name":"Esdeveniments","item":"https:\/\/turismevalles.com\/events\/"},{"@type":"ListItem","position":3,"name":"XVI Muestra del Carb\u00f3n en C\u00e0noves i Samal\u00fas"}]},{"@type":"WebSite","@id":"https:\/\/turismevalles.com\/en\/#website","url":"https:\/\/turismevalles.com\/en\/","name":"Turisme Vall\u00e8s","description":"","publisher":{"@id":"https:\/\/turismevalles.com\/en\/#organization"},"potentialAction":[{"@type":"SearchAction","target":{"@type":"EntryPoint","urlTemplate":"https:\/\/turismevalles.com\/en\/?s={search_term_string}"},"query-input":{"@type":"PropertyValueSpecification","valueRequired":true,"valueName":"search_term_string"}}],"inLanguage":"es"},{"@type":"Organization","@id":"https:\/\/turismevalles.com\/en\/#organization","name":"Turisme Vall\u00e8s","url":"https:\/\/turismevalles.com\/en\/","logo":{"@type":"ImageObject","inLanguage":"es","@id":"https:\/\/turismevalles.com\/en\/#\/schema\/logo\/image\/","url":"https:\/\/turismevalles.com\/wp-content\/uploads\/2020\/08\/cropped-logo_ca-2.png","contentUrl":"https:\/\/turismevalles.com\/wp-content\/uploads\/2020\/08\/cropped-logo_ca-2.png","width":314,"height":85,"caption":"Turisme Vall\u00e8s"},"image":{"@id":"https:\/\/turismevalles.com\/en\/#\/schema\/logo\/image\/"}}]}},"uagb_featured_image_src":{"full":["https:\/\/turismevalles.com\/wp-content\/uploads\/2024\/02\/cartell-carboneig-2024.jpg",350,495,false],"thumbnail":["https:\/\/turismevalles.com\/wp-content\/uploads\/2024\/02\/cartell-carboneig-2024-150x150.jpg",150,150,true],"medium":["https:\/\/turismevalles.com\/wp-content\/uploads\/2024\/02\/cartell-carboneig-2024-212x300.jpg",212,300,true],"medium_large":["https:\/\/turismevalles.com\/wp-content\/uploads\/2024\/02\/cartell-carboneig-2024.jpg",350,495,false],"large":["https:\/\/turismevalles.com\/wp-content\/uploads\/2024\/02\/cartell-carboneig-2024.jpg",350,495,false],"thumblist":["https:\/\/turismevalles.com\/wp-content\/uploads\/2024\/02\/cartell-carboneig-2024-300x300.jpg",300,300,true],"meccarouselthumb":["https:\/\/turismevalles.com\/wp-content\/uploads\/2024\/02\/cartell-carboneig-2024-350x324.jpg",350,324,true],"gridsquare":["https:\/\/turismevalles.com\/wp-content\/uploads\/2024\/02\/cartell-carboneig-2024-350x260.jpg",350,260,true],"tileview":["https:\/\/turismevalles.com\/wp-content\/uploads\/2024\/02\/cartell-carboneig-2024-300x400.jpg",300,400,true],"1536x1536":["https:\/\/turismevalles.com\/wp-content\/uploads\/2024\/02\/cartell-carboneig-2024.jpg",350,495,false],"2048x2048":["https:\/\/turismevalles.com\/wp-content\/uploads\/2024\/02\/cartell-carboneig-2024.jpg",350,495,false]},"uagb_author_info":{"display_name":"Turisme Valles","author_link":"https:\/\/turismevalles.com\/es\/author\/turismevallesoriental\/"},"uagb_comment_info":0,"uagb_excerpt":"M\u00e1s informaci\u00f3n, clicar aqu\u00ed","_links":{"self":[{"href":"https:\/\/turismevalles.com\/es\/wp-json\/wp\/v2\/mec-events\/46367","targetHints":{"allow":["GET"]}}],"collection":[{"href":"https:\/\/turismevalles.com\/es\/wp-json\/wp\/v2\/mec-events"}],"about":[{"href":"https:\/\/turismevalles.com\/es\/wp-json\/wp\/v2\/types\/mec-events"}],"author":[{"embeddable":true,"href":"https:\/\/turismevalles.com\/es\/wp-json\/wp\/v2\/users\/5"}],"replies":[{"embeddable":true,"href":"https:\/\/turismevalles.com\/es\/wp-json\/wp\/v2\/comments?post=46367"}],"wp:featuredmedia":[{"embeddable":true,"href":"https:\/\/turismevalles.com\/es\/wp-json\/wp\/v2\/media\/46366"}],"wp:attachment":[{"href":"https:\/\/turismevalles.com\/es\/wp-json\/wp\/v2\/media?parent=46367"}],"wp:term":[{"taxonomy":"post_tag","embeddable":true,"href":"https:\/\/turismevalles.com\/es\/wp-json\/wp\/v2\/tags?post=46367"},{"taxonomy":"poblacions","embeddable":true,"href":"https:\/\/turismevalles.com\/es\/wp-json\/wp\/v2\/poblacions?post=46367"},{"taxonomy":"mec_category","embeddable":true,"href":"https:\/\/turismevalles.com\/es\/wp-json\/wp\/v2\/mec_category?post=46367"}],"curies":[{"name":"wp","href":"https:\/\/api.w.org\/{rel}","templated":true}]}}

XVI Muestra del Carbón en Cànoves i Samalús

<p>Más información, <a href="http://www.elsui.cat">clicar aquí</a></p>

<p>Más información, clicar aquí</p>

<!-- This site is optimized with the Yoast SEO plugin v26.4 - https://yoast.com/wordpress/plugins/seo/ -->
<title>XVI Muestra del Carbón en Cànoves i Samalús - Turisme Vallès</title>
<meta name="robots" content="index, follow, max-snippet:-1, max-image-preview:large, max-video-preview:-1" />
<link rel="canonical" href="https://turismevalles.com/events/xvi-mostra-del-carboneig-a-canoves-i-samalus/" />
<meta property="og:locale" content="es_ES" />
<meta property="og:type" content="article" />
<meta property="og:title" content="XVI Muestra del Carbón en Cànoves i Samalús - Turisme Vallès" />
<meta property="og:description" content="Más información, clicar aquí" />
<meta property="og:url" content="https://turismevalles.com/events/xvi-mostra-del-carboneig-a-canoves-i-samalus/" />
<meta property="og:site_name" content="Turisme Vallès" />
<meta property="og:image" content="https://turismevalles.com/wp-content/uploads/2024/02/cartell-carboneig-2024.jpg" />
	<meta property="og:image:width" content="350" />
	<meta property="og:image:height" content="495" />
	<meta property="og:image:type" content="image/jpeg" />
<meta name="twitter:card" content="summary_large_image" />
<meta name="twitter:label1" content="Tiempo de lectura" />
	<meta name="twitter:data1" content="1 minuto" />
<script type="application/ld+json" class="yoast-schema-graph">{"@context":"https://schema.org","@graph":[{"@type":"WebPage","@id":"https://turismevalles.com/events/xvi-mostra-del-carboneig-a-canoves-i-samalus/","url":"https://turismevalles.com/events/xvi-mostra-del-carboneig-a-canoves-i-samalus/","name":"XVI Muestra del Carbón en Cànoves i Samalús - Turisme Vallès","isPartOf":{"@id":"https://turismevalles.com/en/#website"},"primaryImageOfPage":{"@id":"https://turismevalles.com/events/xvi-mostra-del-carboneig-a-canoves-i-samalus/#primaryimage"},"image":{"@id":"https://turismevalles.com/events/xvi-mostra-del-carboneig-a-canoves-i-samalus/#primaryimage"},"thumbnailUrl":"https://turismevalles.com/wp-content/uploads/2024/02/cartell-carboneig-2024.jpg","datePublished":"2024-02-12T09:02:29+00:00","breadcrumb":{"@id":"https://turismevalles.com/events/xvi-mostra-del-carboneig-a-canoves-i-samalus/#breadcrumb"},"inLanguage":"es","potentialAction":[{"@type":"ReadAction","target":["https://turismevalles.com/events/xvi-mostra-del-carboneig-a-canoves-i-samalus/"]}]},{"@type":"ImageObject","inLanguage":"es","@id":"https://turismevalles.com/events/xvi-mostra-del-carboneig-a-canoves-i-samalus/#primaryimage","url":"https://turismevalles.com/wp-content/uploads/2024/02/cartell-carboneig-2024.jpg","contentUrl":"https://turismevalles.com/wp-content/uploads/2024/02/cartell-carboneig-2024.jpg","width":350,"height":495},{"@type":"BreadcrumbList","@id":"https://turismevalles.com/events/xvi-mostra-del-carboneig-a-canoves-i-samalus/#breadcrumb","itemListElement":[{"@type":"ListItem","position":1,"name":"Inicio","item":"https://turismevalles.com/es/"},{"@type":"ListItem","position":2,"name":"Esdeveniments","item":"https://turismevalles.com/events/"},{"@type":"ListItem","position":3,"name":"XVI Muestra del Carbón en Cànoves i Samalús"}]},{"@type":"WebSite","@id":"https://turismevalles.com/en/#website","url":"https://turismevalles.com/en/","name":"Turisme Vallès","description":"","publisher":{"@id":"https://turismevalles.com/en/#organization"},"potentialAction":[{"@type":"SearchAction","target":{"@type":"EntryPoint","urlTemplate":"https://turismevalles.com/en/?s={search_term_string}"},"query-input":{"@type":"PropertyValueSpecification","valueRequired":true,"valueName":"search_term_string"}}],"inLanguage":"es"},{"@type":"Organization","@id":"https://turismevalles.com/en/#organization","name":"Turisme Vallès","url":"https://turismevalles.com/en/","logo":{"@type":"ImageObject","inLanguage":"es","@id":"https://turismevalles.com/en/#/schema/logo/image/","url":"https://turismevalles.com/wp-content/uploads/2020/08/cropped-logo_ca-2.png","contentUrl":"https://turismevalles.com/wp-content/uploads/2020/08/cropped-logo_ca-2.png","width":314,"height":85,"caption":"Turisme Vallès"},"image":{"@id":"https://turismevalles.com/en/#/schema/logo/image/"}}]}</script>
<!-- / Yoast SEO plugin. -->

XVI Muestra del Carbón en Cànoves i Samalús - Turisme Vallès

Más información, clicar aquí

Turisme Vallès
