{"id":66689,"date":"2025-11-26T17:03:10","date_gmt":"2025-11-26T16:03:10","guid":{"rendered":"https:\/\/turismevalles.com\/events\/encendido-de-navidad-en-la-ciudad-de-granollers\/"},"modified":"2025-11-26T17:03:10","modified_gmt":"2025-11-26T16:03:10","slug":"encendido-de-navidad-en-la-ciudad-de-granollers","status":"publish","type":"mec-events","link":"https:\/\/turismevalles.com\/es\/events\/encendido-de-navidad-en-la-ciudad-de-granollers\/","title":{"rendered":"Encendido de Navidad en la ciudad de Granollers"},"content":{"rendered":"<p>La pagesa Luz, el paje Gregori i Picarol encienden las luces de Navidad de Granollers<\/p>\n<p>M\u00e1s informaci\u00f3n en <a href=\"https:\/\/www.granollers.cat\/nadal\" target=\"_blank\" rel=\"noopener\">Nadal a Granollers 2026<\/a><\/p>\n","protected":false},"excerpt":{"rendered":"<p>La pagesa Luz, el paje Gregori i Picarol encienden las luces de Navidad de Granollers M\u00e1s informaci\u00f3n en Nadal a Granollers 2026<\/p>\n","protected":false},"author":5,"featured_media":66679,"comment_status":"open","ping_status":"closed","template":"","tags":[2873,2874,2872],"poblacions":[407],"mec_category":[970,929,2182],"class_list":["post-66689","mec-events","type-mec-events","status-publish","has-post-thumbnail","hentry","tag-fiestas-de-navidad-2026","tag-luces-de-navidad","tag-navidad-2026","poblacions-granollers-es","mec_category-activitats-en-familia-es","mec_category-cultura-es","mec_category-nadal-es","generate-columns","tablet-grid-50","mobile-grid-100","grid-parent","grid-33"],"acf":[],"yoast_head":"<!-- This site is optimized with the Yoast SEO plugin v26.4 - https:\/\/yoast.com\/wordpress\/plugins\/seo\/ -->\n<title>Encendido de Navidad en la ciudad de Granollers - Turisme Vall\u00e8s<\/title>\n<meta name=\"description\" content=\"Vine a viure la m\u00e0gia del Nadal a Granollers. La patgessa Llum, el patge Gregori i en Picarol encenen els llums. Vall\u00e8s Oriental.\" \/>\n<meta name=\"robots\" content=\"index, follow, max-snippet:-1, max-image-preview:large, max-video-preview:-1\" \/>\n<link rel=\"canonical\" href=\"https:\/\/turismevalles.com\/es\/events\/encendido-de-navidad-en-la-ciudad-de-granollers\/\" \/>\n<meta property=\"og:locale\" content=\"es_ES\" \/>\n<meta property=\"og:type\" content=\"article\" \/>\n<meta property=\"og:title\" content=\"Encendido de Navidad en la ciudad de Granollers - Turisme Vall\u00e8s\" \/>\n<meta property=\"og:description\" content=\"Vine a viure la m\u00e0gia del Nadal a Granollers. La patgessa Llum, el patge Gregori i en Picarol encenen els llums. Vall\u00e8s Oriental.\" \/>\n<meta property=\"og:url\" content=\"https:\/\/turismevalles.com\/es\/events\/encendido-de-navidad-en-la-ciudad-de-granollers\/\" \/>\n<meta property=\"og:site_name\" content=\"Turisme Vall\u00e8s\" \/>\n<meta property=\"og:image\" content=\"https:\/\/turismevalles.com\/wp-content\/uploads\/2025\/11\/pagessa-llum.jpg\" \/>\n\t<meta property=\"og:image:width\" content=\"245\" \/>\n\t<meta property=\"og:image:height\" content=\"277\" \/>\n\t<meta property=\"og:image:type\" content=\"image\/jpeg\" \/>\n<meta name=\"twitter:card\" content=\"summary_large_image\" \/>\n<script type=\"application\/ld+json\" class=\"yoast-schema-graph\">{\"@context\":\"https:\/\/schema.org\",\"@graph\":[{\"@type\":\"WebPage\",\"@id\":\"https:\/\/turismevalles.com\/es\/events\/encendido-de-navidad-en-la-ciudad-de-granollers\/\",\"url\":\"https:\/\/turismevalles.com\/es\/events\/encendido-de-navidad-en-la-ciudad-de-granollers\/\",\"name\":\"Encendido de Navidad en la ciudad de Granollers - Turisme Vall\u00e8s\",\"isPartOf\":{\"@id\":\"https:\/\/turismevalles.com\/en\/#website\"},\"primaryImageOfPage\":{\"@id\":\"https:\/\/turismevalles.com\/es\/events\/encendido-de-navidad-en-la-ciudad-de-granollers\/#primaryimage\"},\"image\":{\"@id\":\"https:\/\/turismevalles.com\/es\/events\/encendido-de-navidad-en-la-ciudad-de-granollers\/#primaryimage\"},\"thumbnailUrl\":\"https:\/\/turismevalles.com\/wp-content\/uploads\/2025\/11\/pagessa-llum.jpg\",\"datePublished\":\"2025-11-26T16:03:10+00:00\",\"description\":\"Vine a viure la m\u00e0gia del Nadal a Granollers. La patgessa Llum, el patge Gregori i en Picarol encenen els llums. Vall\u00e8s Oriental.\",\"breadcrumb\":{\"@id\":\"https:\/\/turismevalles.com\/es\/events\/encendido-de-navidad-en-la-ciudad-de-granollers\/#breadcrumb\"},\"inLanguage\":\"es\",\"potentialAction\":[{\"@type\":\"ReadAction\",\"target\":[\"https:\/\/turismevalles.com\/es\/events\/encendido-de-navidad-en-la-ciudad-de-granollers\/\"]}]},{\"@type\":\"ImageObject\",\"inLanguage\":\"es\",\"@id\":\"https:\/\/turismevalles.com\/es\/events\/encendido-de-navidad-en-la-ciudad-de-granollers\/#primaryimage\",\"url\":\"https:\/\/turismevalles.com\/wp-content\/uploads\/2025\/11\/pagessa-llum.jpg\",\"contentUrl\":\"https:\/\/turismevalles.com\/wp-content\/uploads\/2025\/11\/pagessa-llum.jpg\",\"width\":245,\"height\":277,\"caption\":\"Nadal a Granollers\"},{\"@type\":\"BreadcrumbList\",\"@id\":\"https:\/\/turismevalles.com\/es\/events\/encendido-de-navidad-en-la-ciudad-de-granollers\/#breadcrumb\",\"itemListElement\":[{\"@type\":\"ListItem\",\"position\":1,\"name\":\"Inicio\",\"item\":\"https:\/\/turismevalles.com\/es\/\"},{\"@type\":\"ListItem\",\"position\":2,\"name\":\"Esdeveniments\",\"item\":\"https:\/\/turismevalles.com\/events\/\"},{\"@type\":\"ListItem\",\"position\":3,\"name\":\"Encendido de Navidad en la ciudad de Granollers\"}]},{\"@type\":\"WebSite\",\"@id\":\"https:\/\/turismevalles.com\/en\/#website\",\"url\":\"https:\/\/turismevalles.com\/en\/\",\"name\":\"Turisme Vall\u00e8s\",\"description\":\"\",\"publisher\":{\"@id\":\"https:\/\/turismevalles.com\/en\/#organization\"},\"potentialAction\":[{\"@type\":\"SearchAction\",\"target\":{\"@type\":\"EntryPoint\",\"urlTemplate\":\"https:\/\/turismevalles.com\/en\/?s={search_term_string}\"},\"query-input\":{\"@type\":\"PropertyValueSpecification\",\"valueRequired\":true,\"valueName\":\"search_term_string\"}}],\"inLanguage\":\"es\"},{\"@type\":\"Organization\",\"@id\":\"https:\/\/turismevalles.com\/en\/#organization\",\"name\":\"Turisme Vall\u00e8s\",\"url\":\"https:\/\/turismevalles.com\/en\/\",\"logo\":{\"@type\":\"ImageObject\",\"inLanguage\":\"es\",\"@id\":\"https:\/\/turismevalles.com\/en\/#\/schema\/logo\/image\/\",\"url\":\"https:\/\/turismevalles.com\/wp-content\/uploads\/2020\/08\/cropped-logo_ca-2.png\",\"contentUrl\":\"https:\/\/turismevalles.com\/wp-content\/uploads\/2020\/08\/cropped-logo_ca-2.png\",\"width\":314,\"height\":85,\"caption\":\"Turisme Vall\u00e8s\"},\"image\":{\"@id\":\"https:\/\/turismevalles.com\/en\/#\/schema\/logo\/image\/\"}}]}<\/script>\n<!-- \/ Yoast SEO plugin. -->","yoast_head_json":{"title":"Encendido de Navidad en la ciudad de Granollers - Turisme Vall\u00e8s","description":"Vine a viure la m\u00e0gia del Nadal a Granollers. La patgessa Llum, el patge Gregori i en Picarol encenen els llums. Vall\u00e8s Oriental.","robots":{"index":"index","follow":"follow","max-snippet":"max-snippet:-1","max-image-preview":"max-image-preview:large","max-video-preview":"max-video-preview:-1"},"canonical":"https:\/\/turismevalles.com\/es\/events\/encendido-de-navidad-en-la-ciudad-de-granollers\/","og_locale":"es_ES","og_type":"article","og_title":"Encendido de Navidad en la ciudad de Granollers - Turisme Vall\u00e8s","og_description":"Vine a viure la m\u00e0gia del Nadal a Granollers. La patgessa Llum, el patge Gregori i en Picarol encenen els llums. Vall\u00e8s Oriental.","og_url":"https:\/\/turismevalles.com\/es\/events\/encendido-de-navidad-en-la-ciudad-de-granollers\/","og_site_name":"Turisme Vall\u00e8s","og_image":[{"width":245,"height":277,"url":"https:\/\/turismevalles.com\/wp-content\/uploads\/2025\/11\/pagessa-llum.jpg","type":"image\/jpeg"}],"twitter_card":"summary_large_image","schema":{"@context":"https:\/\/schema.org","@graph":[{"@type":"WebPage","@id":"https:\/\/turismevalles.com\/es\/events\/encendido-de-navidad-en-la-ciudad-de-granollers\/","url":"https:\/\/turismevalles.com\/es\/events\/encendido-de-navidad-en-la-ciudad-de-granollers\/","name":"Encendido de Navidad en la ciudad de Granollers - Turisme Vall\u00e8s","isPartOf":{"@id":"https:\/\/turismevalles.com\/en\/#website"},"primaryImageOfPage":{"@id":"https:\/\/turismevalles.com\/es\/events\/encendido-de-navidad-en-la-ciudad-de-granollers\/#primaryimage"},"image":{"@id":"https:\/\/turismevalles.com\/es\/events\/encendido-de-navidad-en-la-ciudad-de-granollers\/#primaryimage"},"thumbnailUrl":"https:\/\/turismevalles.com\/wp-content\/uploads\/2025\/11\/pagessa-llum.jpg","datePublished":"2025-11-26T16:03:10+00:00","description":"Vine a viure la m\u00e0gia del Nadal a Granollers. La patgessa Llum, el patge Gregori i en Picarol encenen els llums. Vall\u00e8s Oriental.","breadcrumb":{"@id":"https:\/\/turismevalles.com\/es\/events\/encendido-de-navidad-en-la-ciudad-de-granollers\/#breadcrumb"},"inLanguage":"es","potentialAction":[{"@type":"ReadAction","target":["https:\/\/turismevalles.com\/es\/events\/encendido-de-navidad-en-la-ciudad-de-granollers\/"]}]},{"@type":"ImageObject","inLanguage":"es","@id":"https:\/\/turismevalles.com\/es\/events\/encendido-de-navidad-en-la-ciudad-de-granollers\/#primaryimage","url":"https:\/\/turismevalles.com\/wp-content\/uploads\/2025\/11\/pagessa-llum.jpg","contentUrl":"https:\/\/turismevalles.com\/wp-content\/uploads\/2025\/11\/pagessa-llum.jpg","width":245,"height":277,"caption":"Nadal a Granollers"},{"@type":"BreadcrumbList","@id":"https:\/\/turismevalles.com\/es\/events\/encendido-de-navidad-en-la-ciudad-de-granollers\/#breadcrumb","itemListElement":[{"@type":"ListItem","position":1,"name":"Inicio","item":"https:\/\/turismevalles.com\/es\/"},{"@type":"ListItem","position":2,"name":"Esdeveniments","item":"https:\/\/turismevalles.com\/events\/"},{"@type":"ListItem","position":3,"name":"Encendido de Navidad en la ciudad de Granollers"}]},{"@type":"WebSite","@id":"https:\/\/turismevalles.com\/en\/#website","url":"https:\/\/turismevalles.com\/en\/","name":"Turisme Vall\u00e8s","description":"","publisher":{"@id":"https:\/\/turismevalles.com\/en\/#organization"},"potentialAction":[{"@type":"SearchAction","target":{"@type":"EntryPoint","urlTemplate":"https:\/\/turismevalles.com\/en\/?s={search_term_string}"},"query-input":{"@type":"PropertyValueSpecification","valueRequired":true,"valueName":"search_term_string"}}],"inLanguage":"es"},{"@type":"Organization","@id":"https:\/\/turismevalles.com\/en\/#organization","name":"Turisme Vall\u00e8s","url":"https:\/\/turismevalles.com\/en\/","logo":{"@type":"ImageObject","inLanguage":"es","@id":"https:\/\/turismevalles.com\/en\/#\/schema\/logo\/image\/","url":"https:\/\/turismevalles.com\/wp-content\/uploads\/2020\/08\/cropped-logo_ca-2.png","contentUrl":"https:\/\/turismevalles.com\/wp-content\/uploads\/2020\/08\/cropped-logo_ca-2.png","width":314,"height":85,"caption":"Turisme Vall\u00e8s"},"image":{"@id":"https:\/\/turismevalles.com\/en\/#\/schema\/logo\/image\/"}}]}},"uagb_featured_image_src":{"full":["https:\/\/turismevalles.com\/wp-content\/uploads\/2025\/11\/pagessa-llum.jpg",245,277,false],"thumbnail":["https:\/\/turismevalles.com\/wp-content\/uploads\/2025\/11\/pagessa-llum-150x150.jpg",150,150,true],"medium":["https:\/\/turismevalles.com\/wp-content\/uploads\/2025\/11\/pagessa-llum.jpg",245,277,false],"medium_large":["https:\/\/turismevalles.com\/wp-content\/uploads\/2025\/11\/pagessa-llum.jpg",245,277,false],"large":["https:\/\/turismevalles.com\/wp-content\/uploads\/2025\/11\/pagessa-llum.jpg",245,277,false],"thumblist":["https:\/\/turismevalles.com\/wp-content\/uploads\/2025\/11\/pagessa-llum.jpg",245,277,false],"meccarouselthumb":["https:\/\/turismevalles.com\/wp-content\/uploads\/2025\/11\/pagessa-llum.jpg",245,277,false],"gridsquare":["https:\/\/turismevalles.com\/wp-content\/uploads\/2025\/11\/pagessa-llum-245x260.jpg",245,260,true],"tileview":["https:\/\/turismevalles.com\/wp-content\/uploads\/2025\/11\/pagessa-llum.jpg",245,277,false],"1536x1536":["https:\/\/turismevalles.com\/wp-content\/uploads\/2025\/11\/pagessa-llum.jpg",245,277,false],"2048x2048":["https:\/\/turismevalles.com\/wp-content\/uploads\/2025\/11\/pagessa-llum.jpg",245,277,false]},"uagb_author_info":{"display_name":"Turisme Valles","author_link":"https:\/\/turismevalles.com\/es\/author\/turismevallesoriental\/"},"uagb_comment_info":0,"uagb_excerpt":"La pagesa Luz, el paje Gregori i Picarol encienden las luces de Navidad de Granollers M\u00e1s informaci\u00f3n en Nadal a Granollers 2026","_links":{"self":[{"href":"https:\/\/turismevalles.com\/es\/wp-json\/wp\/v2\/mec-events\/66689","targetHints":{"allow":["GET"]}}],"collection":[{"href":"https:\/\/turismevalles.com\/es\/wp-json\/wp\/v2\/mec-events"}],"about":[{"href":"https:\/\/turismevalles.com\/es\/wp-json\/wp\/v2\/types\/mec-events"}],"author":[{"embeddable":true,"href":"https:\/\/turismevalles.com\/es\/wp-json\/wp\/v2\/users\/5"}],"replies":[{"embeddable":true,"href":"https:\/\/turismevalles.com\/es\/wp-json\/wp\/v2\/comments?post=66689"}],"wp:featuredmedia":[{"embeddable":true,"href":"https:\/\/turismevalles.com\/es\/wp-json\/wp\/v2\/media\/66679"}],"wp:attachment":[{"href":"https:\/\/turismevalles.com\/es\/wp-json\/wp\/v2\/media?parent=66689"}],"wp:term":[{"taxonomy":"post_tag","embeddable":true,"href":"https:\/\/turismevalles.com\/es\/wp-json\/wp\/v2\/tags?post=66689"},{"taxonomy":"poblacions","embeddable":true,"href":"https:\/\/turismevalles.com\/es\/wp-json\/wp\/v2\/poblacions?post=66689"},{"taxonomy":"mec_category","embeddable":true,"href":"https:\/\/turismevalles.com\/es\/wp-json\/wp\/v2\/mec_category?post=66689"}],"curies":[{"name":"wp","href":"https:\/\/api.w.org\/{rel}","templated":true}]}}

<p>La pagesa Luz, el paje Gregori i Picarol encienden las luces de Navidad de Granollers</p>
<p>Más información en <a href="https://www.granollers.cat/nadal" target="_blank" rel="noopener">Nadal a Granollers 2026</a></p>

<p>La pagesa Luz, el paje Gregori i Picarol encienden las luces de Navidad de Granollers Más información en Nadal a Granollers 2026</p>

<!-- This site is optimized with the Yoast SEO plugin v26.4 - https://yoast.com/wordpress/plugins/seo/ -->
<title>Encendido de Navidad en la ciudad de Granollers - Turisme Vallès</title>
<meta name="description" content="Vine a viure la màgia del Nadal a Granollers. La patgessa Llum, el patge Gregori i en Picarol encenen els llums. Vallès Oriental." />
<meta name="robots" content="index, follow, max-snippet:-1, max-image-preview:large, max-video-preview:-1" />
<link rel="canonical" href="https://turismevalles.com/es/events/encendido-de-navidad-en-la-ciudad-de-granollers/" />
<meta property="og:locale" content="es_ES" />
<meta property="og:type" content="article" />
<meta property="og:title" content="Encendido de Navidad en la ciudad de Granollers - Turisme Vallès" />
<meta property="og:description" content="Vine a viure la màgia del Nadal a Granollers. La patgessa Llum, el patge Gregori i en Picarol encenen els llums. Vallès Oriental." />
<meta property="og:url" content="https://turismevalles.com/es/events/encendido-de-navidad-en-la-ciudad-de-granollers/" />
<meta property="og:site_name" content="Turisme Vallès" />
<meta property="og:image" content="https://turismevalles.com/wp-content/uploads/2025/11/pagessa-llum.jpg" />
	<meta property="og:image:width" content="245" />
	<meta property="og:image:height" content="277" />
	<meta property="og:image:type" content="image/jpeg" />
<meta name="twitter:card" content="summary_large_image" />
<script type="application/ld+json" class="yoast-schema-graph">{"@context":"https://schema.org","@graph":[{"@type":"WebPage","@id":"https://turismevalles.com/es/events/encendido-de-navidad-en-la-ciudad-de-granollers/","url":"https://turismevalles.com/es/events/encendido-de-navidad-en-la-ciudad-de-granollers/","name":"Encendido de Navidad en la ciudad de Granollers - Turisme Vallès","isPartOf":{"@id":"https://turismevalles.com/en/#website"},"primaryImageOfPage":{"@id":"https://turismevalles.com/es/events/encendido-de-navidad-en-la-ciudad-de-granollers/#primaryimage"},"image":{"@id":"https://turismevalles.com/es/events/encendido-de-navidad-en-la-ciudad-de-granollers/#primaryimage"},"thumbnailUrl":"https://turismevalles.com/wp-content/uploads/2025/11/pagessa-llum.jpg","datePublished":"2025-11-26T16:03:10+00:00","description":"Vine a viure la màgia del Nadal a Granollers. La patgessa Llum, el patge Gregori i en Picarol encenen els llums. Vallès Oriental.","breadcrumb":{"@id":"https://turismevalles.com/es/events/encendido-de-navidad-en-la-ciudad-de-granollers/#breadcrumb"},"inLanguage":"es","potentialAction":[{"@type":"ReadAction","target":["https://turismevalles.com/es/events/encendido-de-navidad-en-la-ciudad-de-granollers/"]}]},{"@type":"ImageObject","inLanguage":"es","@id":"https://turismevalles.com/es/events/encendido-de-navidad-en-la-ciudad-de-granollers/#primaryimage","url":"https://turismevalles.com/wp-content/uploads/2025/11/pagessa-llum.jpg","contentUrl":"https://turismevalles.com/wp-content/uploads/2025/11/pagessa-llum.jpg","width":245,"height":277,"caption":"Nadal a Granollers"},{"@type":"BreadcrumbList","@id":"https://turismevalles.com/es/events/encendido-de-navidad-en-la-ciudad-de-granollers/#breadcrumb","itemListElement":[{"@type":"ListItem","position":1,"name":"Inicio","item":"https://turismevalles.com/es/"},{"@type":"ListItem","position":2,"name":"Esdeveniments","item":"https://turismevalles.com/events/"},{"@type":"ListItem","position":3,"name":"Encendido de Navidad en la ciudad de Granollers"}]},{"@type":"WebSite","@id":"https://turismevalles.com/en/#website","url":"https://turismevalles.com/en/","name":"Turisme Vallès","description":"","publisher":{"@id":"https://turismevalles.com/en/#organization"},"potentialAction":[{"@type":"SearchAction","target":{"@type":"EntryPoint","urlTemplate":"https://turismevalles.com/en/?s={search_term_string}"},"query-input":{"@type":"PropertyValueSpecification","valueRequired":true,"valueName":"search_term_string"}}],"inLanguage":"es"},{"@type":"Organization","@id":"https://turismevalles.com/en/#organization","name":"Turisme Vallès","url":"https://turismevalles.com/en/","logo":{"@type":"ImageObject","inLanguage":"es","@id":"https://turismevalles.com/en/#/schema/logo/image/","url":"https://turismevalles.com/wp-content/uploads/2020/08/cropped-logo_ca-2.png","contentUrl":"https://turismevalles.com/wp-content/uploads/2020/08/cropped-logo_ca-2.png","width":314,"height":85,"caption":"Turisme Vallès"},"image":{"@id":"https://turismevalles.com/en/#/schema/logo/image/"}}]}</script>
<!-- / Yoast SEO plugin. -->

Encendido de Navidad en la ciudad de Granollers - Turisme Vallès

Vine a viure la màgia del Nadal a Granollers. La patgessa Llum, el patge Gregori i en Picarol encenen els llums. Vallès Oriental.

Turisme Vallès

La pagesa Luz, el paje Gregori i Picarol encienden las luces de Navidad de Granollers Más información en Nadal a Granollers 2026
