{"id":67282,"date":"2026-01-02T15:06:01","date_gmt":"2026-01-02T14:06:01","guid":{"rendered":"https:\/\/turismevalles.com\/events\/campamento-real-y-cabalgata-de-los-reyes-de-oriente-en-canovelles\/"},"modified":"2026-01-02T15:07:09","modified_gmt":"2026-01-02T14:07:09","slug":"campamento-real-y-cabalgata-de-los-reyes-de-oriente-en-canovelles","status":"publish","type":"mec-events","link":"https:\/\/turismevalles.com\/es\/events\/campamento-real-y-cabalgata-de-los-reyes-de-oriente-en-canovelles\/","title":{"rendered":"Campamento Real y Cabalgata de los Reyes de Oriente en Canovelles"},"content":{"rendered":"<p><a href=\"https:\/\/www.canovelles.cat\/actualitat\/agenda\/10897-cavalcada-de-ses-majestats-els-reis-dorient.html\">Para m\u00e1s informaci\u00f3n, <\/a><\/p>\n","protected":false},"excerpt":{"rendered":"<p>Para m\u00e1s informaci\u00f3n,<\/p>\n","protected":false},"author":5,"featured_media":67161,"comment_status":"open","ping_status":"closed","template":"","tags":[1158,2935,2873,2956],"poblacions":[905,1002],"mec_category":[970,2890,2182,2931,2944],"class_list":["post-67282","mec-events","type-mec-events","status-publish","has-post-thumbnail","hentry","tag-activitats-en-familia-es","tag-cabalgatas-de-reyes","tag-fiestas-de-navidad-2026","tag-reyes-de-oriente","poblacions-canovelles-es","poblacions-valles-oriental-es","mec_category-activitats-en-familia-es","mec_category-invierno","mec_category-nadal-es","mec_category-reyes-oriente","mec_category-sus-majestades","generate-columns","tablet-grid-50","mobile-grid-100","grid-parent","grid-33"],"acf":[],"yoast_head":"<!-- This site is optimized with the Yoast SEO plugin v26.4 - https:\/\/yoast.com\/wordpress\/plugins\/seo\/ -->\n<title>Campamento Real y Cabalgata de los Reyes de Oriente en Canovelles - Turisme Vall\u00e8s<\/title>\n<meta name=\"robots\" content=\"index, follow, max-snippet:-1, max-image-preview:large, max-video-preview:-1\" \/>\n<link rel=\"canonical\" href=\"https:\/\/turismevalles.com\/es\/events\/campamento-real-y-cabalgata-de-los-reyes-de-oriente-en-canovelles\/\" \/>\n<meta property=\"og:locale\" content=\"es_ES\" \/>\n<meta property=\"og:type\" content=\"article\" \/>\n<meta property=\"og:title\" content=\"Campamento Real y Cabalgata de los Reyes de Oriente en Canovelles - Turisme Vall\u00e8s\" \/>\n<meta property=\"og:description\" content=\"Para m\u00e1s informaci\u00f3n,\" \/>\n<meta property=\"og:url\" content=\"https:\/\/turismevalles.com\/es\/events\/campamento-real-y-cabalgata-de-los-reyes-de-oriente-en-canovelles\/\" \/>\n<meta property=\"og:site_name\" content=\"Turisme Vall\u00e8s\" \/>\n<meta property=\"article:modified_time\" content=\"2026-01-02T14:07:09+00:00\" \/>\n<meta property=\"og:image\" content=\"https:\/\/turismevalles.com\/wp-content\/uploads\/2025\/12\/Programacio_nadal_CANOVELLES.png\" \/>\n\t<meta property=\"og:image:width\" content=\"1341\" \/>\n\t<meta property=\"og:image:height\" content=\"1091\" \/>\n\t<meta property=\"og:image:type\" content=\"image\/png\" \/>\n<meta name=\"twitter:card\" content=\"summary_large_image\" \/>\n<meta name=\"twitter:label1\" content=\"Tiempo de lectura\" \/>\n\t<meta name=\"twitter:data1\" content=\"1 minuto\" \/>\n<script type=\"application\/ld+json\" class=\"yoast-schema-graph\">{\"@context\":\"https:\/\/schema.org\",\"@graph\":[{\"@type\":\"WebPage\",\"@id\":\"https:\/\/turismevalles.com\/es\/events\/campamento-real-y-cabalgata-de-los-reyes-de-oriente-en-canovelles\/\",\"url\":\"https:\/\/turismevalles.com\/es\/events\/campamento-real-y-cabalgata-de-los-reyes-de-oriente-en-canovelles\/\",\"name\":\"Campamento Real y Cabalgata de los Reyes de Oriente en Canovelles - Turisme Vall\u00e8s\",\"isPartOf\":{\"@id\":\"https:\/\/turismevalles.com\/en\/#website\"},\"primaryImageOfPage\":{\"@id\":\"https:\/\/turismevalles.com\/es\/events\/campamento-real-y-cabalgata-de-los-reyes-de-oriente-en-canovelles\/#primaryimage\"},\"image\":{\"@id\":\"https:\/\/turismevalles.com\/es\/events\/campamento-real-y-cabalgata-de-los-reyes-de-oriente-en-canovelles\/#primaryimage\"},\"thumbnailUrl\":\"https:\/\/turismevalles.com\/wp-content\/uploads\/2025\/12\/Programacio_nadal_CANOVELLES.png\",\"datePublished\":\"2026-01-02T14:06:01+00:00\",\"dateModified\":\"2026-01-02T14:07:09+00:00\",\"breadcrumb\":{\"@id\":\"https:\/\/turismevalles.com\/es\/events\/campamento-real-y-cabalgata-de-los-reyes-de-oriente-en-canovelles\/#breadcrumb\"},\"inLanguage\":\"es\",\"potentialAction\":[{\"@type\":\"ReadAction\",\"target\":[\"https:\/\/turismevalles.com\/es\/events\/campamento-real-y-cabalgata-de-los-reyes-de-oriente-en-canovelles\/\"]}]},{\"@type\":\"ImageObject\",\"inLanguage\":\"es\",\"@id\":\"https:\/\/turismevalles.com\/es\/events\/campamento-real-y-cabalgata-de-los-reyes-de-oriente-en-canovelles\/#primaryimage\",\"url\":\"https:\/\/turismevalles.com\/wp-content\/uploads\/2025\/12\/Programacio_nadal_CANOVELLES.png\",\"contentUrl\":\"https:\/\/turismevalles.com\/wp-content\/uploads\/2025\/12\/Programacio_nadal_CANOVELLES.png\",\"width\":1341,\"height\":1091},{\"@type\":\"BreadcrumbList\",\"@id\":\"https:\/\/turismevalles.com\/es\/events\/campamento-real-y-cabalgata-de-los-reyes-de-oriente-en-canovelles\/#breadcrumb\",\"itemListElement\":[{\"@type\":\"ListItem\",\"position\":1,\"name\":\"Inicio\",\"item\":\"https:\/\/turismevalles.com\/es\/\"},{\"@type\":\"ListItem\",\"position\":2,\"name\":\"Esdeveniments\",\"item\":\"https:\/\/turismevalles.com\/events\/\"},{\"@type\":\"ListItem\",\"position\":3,\"name\":\"Campamento Real y Cabalgata de los Reyes de Oriente en Canovelles\"}]},{\"@type\":\"WebSite\",\"@id\":\"https:\/\/turismevalles.com\/en\/#website\",\"url\":\"https:\/\/turismevalles.com\/en\/\",\"name\":\"Turisme Vall\u00e8s\",\"description\":\"\",\"publisher\":{\"@id\":\"https:\/\/turismevalles.com\/en\/#organization\"},\"potentialAction\":[{\"@type\":\"SearchAction\",\"target\":{\"@type\":\"EntryPoint\",\"urlTemplate\":\"https:\/\/turismevalles.com\/en\/?s={search_term_string}\"},\"query-input\":{\"@type\":\"PropertyValueSpecification\",\"valueRequired\":true,\"valueName\":\"search_term_string\"}}],\"inLanguage\":\"es\"},{\"@type\":\"Organization\",\"@id\":\"https:\/\/turismevalles.com\/en\/#organization\",\"name\":\"Turisme Vall\u00e8s\",\"url\":\"https:\/\/turismevalles.com\/en\/\",\"logo\":{\"@type\":\"ImageObject\",\"inLanguage\":\"es\",\"@id\":\"https:\/\/turismevalles.com\/en\/#\/schema\/logo\/image\/\",\"url\":\"https:\/\/turismevalles.com\/wp-content\/uploads\/2020\/08\/cropped-logo_ca-2.png\",\"contentUrl\":\"https:\/\/turismevalles.com\/wp-content\/uploads\/2020\/08\/cropped-logo_ca-2.png\",\"width\":314,\"height\":85,\"caption\":\"Turisme Vall\u00e8s\"},\"image\":{\"@id\":\"https:\/\/turismevalles.com\/en\/#\/schema\/logo\/image\/\"}}]}<\/script>\n<!-- \/ Yoast SEO plugin. -->","yoast_head_json":{"title":"Campamento Real y Cabalgata de los Reyes de Oriente en Canovelles - Turisme Vall\u00e8s","robots":{"index":"index","follow":"follow","max-snippet":"max-snippet:-1","max-image-preview":"max-image-preview:large","max-video-preview":"max-video-preview:-1"},"canonical":"https:\/\/turismevalles.com\/es\/events\/campamento-real-y-cabalgata-de-los-reyes-de-oriente-en-canovelles\/","og_locale":"es_ES","og_type":"article","og_title":"Campamento Real y Cabalgata de los Reyes de Oriente en Canovelles - Turisme Vall\u00e8s","og_description":"Para m\u00e1s informaci\u00f3n,","og_url":"https:\/\/turismevalles.com\/es\/events\/campamento-real-y-cabalgata-de-los-reyes-de-oriente-en-canovelles\/","og_site_name":"Turisme Vall\u00e8s","article_modified_time":"2026-01-02T14:07:09+00:00","og_image":[{"width":1341,"height":1091,"url":"https:\/\/turismevalles.com\/wp-content\/uploads\/2025\/12\/Programacio_nadal_CANOVELLES.png","type":"image\/png"}],"twitter_card":"summary_large_image","twitter_misc":{"Tiempo de lectura":"1 minuto"},"schema":{"@context":"https:\/\/schema.org","@graph":[{"@type":"WebPage","@id":"https:\/\/turismevalles.com\/es\/events\/campamento-real-y-cabalgata-de-los-reyes-de-oriente-en-canovelles\/","url":"https:\/\/turismevalles.com\/es\/events\/campamento-real-y-cabalgata-de-los-reyes-de-oriente-en-canovelles\/","name":"Campamento Real y Cabalgata de los Reyes de Oriente en Canovelles - Turisme Vall\u00e8s","isPartOf":{"@id":"https:\/\/turismevalles.com\/en\/#website"},"primaryImageOfPage":{"@id":"https:\/\/turismevalles.com\/es\/events\/campamento-real-y-cabalgata-de-los-reyes-de-oriente-en-canovelles\/#primaryimage"},"image":{"@id":"https:\/\/turismevalles.com\/es\/events\/campamento-real-y-cabalgata-de-los-reyes-de-oriente-en-canovelles\/#primaryimage"},"thumbnailUrl":"https:\/\/turismevalles.com\/wp-content\/uploads\/2025\/12\/Programacio_nadal_CANOVELLES.png","datePublished":"2026-01-02T14:06:01+00:00","dateModified":"2026-01-02T14:07:09+00:00","breadcrumb":{"@id":"https:\/\/turismevalles.com\/es\/events\/campamento-real-y-cabalgata-de-los-reyes-de-oriente-en-canovelles\/#breadcrumb"},"inLanguage":"es","potentialAction":[{"@type":"ReadAction","target":["https:\/\/turismevalles.com\/es\/events\/campamento-real-y-cabalgata-de-los-reyes-de-oriente-en-canovelles\/"]}]},{"@type":"ImageObject","inLanguage":"es","@id":"https:\/\/turismevalles.com\/es\/events\/campamento-real-y-cabalgata-de-los-reyes-de-oriente-en-canovelles\/#primaryimage","url":"https:\/\/turismevalles.com\/wp-content\/uploads\/2025\/12\/Programacio_nadal_CANOVELLES.png","contentUrl":"https:\/\/turismevalles.com\/wp-content\/uploads\/2025\/12\/Programacio_nadal_CANOVELLES.png","width":1341,"height":1091},{"@type":"BreadcrumbList","@id":"https:\/\/turismevalles.com\/es\/events\/campamento-real-y-cabalgata-de-los-reyes-de-oriente-en-canovelles\/#breadcrumb","itemListElement":[{"@type":"ListItem","position":1,"name":"Inicio","item":"https:\/\/turismevalles.com\/es\/"},{"@type":"ListItem","position":2,"name":"Esdeveniments","item":"https:\/\/turismevalles.com\/events\/"},{"@type":"ListItem","position":3,"name":"Campamento Real y Cabalgata de los Reyes de Oriente en Canovelles"}]},{"@type":"WebSite","@id":"https:\/\/turismevalles.com\/en\/#website","url":"https:\/\/turismevalles.com\/en\/","name":"Turisme Vall\u00e8s","description":"","publisher":{"@id":"https:\/\/turismevalles.com\/en\/#organization"},"potentialAction":[{"@type":"SearchAction","target":{"@type":"EntryPoint","urlTemplate":"https:\/\/turismevalles.com\/en\/?s={search_term_string}"},"query-input":{"@type":"PropertyValueSpecification","valueRequired":true,"valueName":"search_term_string"}}],"inLanguage":"es"},{"@type":"Organization","@id":"https:\/\/turismevalles.com\/en\/#organization","name":"Turisme Vall\u00e8s","url":"https:\/\/turismevalles.com\/en\/","logo":{"@type":"ImageObject","inLanguage":"es","@id":"https:\/\/turismevalles.com\/en\/#\/schema\/logo\/image\/","url":"https:\/\/turismevalles.com\/wp-content\/uploads\/2020\/08\/cropped-logo_ca-2.png","contentUrl":"https:\/\/turismevalles.com\/wp-content\/uploads\/2020\/08\/cropped-logo_ca-2.png","width":314,"height":85,"caption":"Turisme Vall\u00e8s"},"image":{"@id":"https:\/\/turismevalles.com\/en\/#\/schema\/logo\/image\/"}}]}},"uagb_featured_image_src":{"full":["https:\/\/turismevalles.com\/wp-content\/uploads\/2025\/12\/Programacio_nadal_CANOVELLES.png",1341,1091,false],"thumbnail":["https:\/\/turismevalles.com\/wp-content\/uploads\/2025\/12\/Programacio_nadal_CANOVELLES-150x150.png",150,150,true],"medium":["https:\/\/turismevalles.com\/wp-content\/uploads\/2025\/12\/Programacio_nadal_CANOVELLES-300x244.png",300,244,true],"medium_large":["https:\/\/turismevalles.com\/wp-content\/uploads\/2025\/12\/Programacio_nadal_CANOVELLES-768x625.png",768,625,true],"large":["https:\/\/turismevalles.com\/wp-content\/uploads\/2025\/12\/Programacio_nadal_CANOVELLES-1024x833.png",1024,833,true],"thumblist":["https:\/\/turismevalles.com\/wp-content\/uploads\/2025\/12\/Programacio_nadal_CANOVELLES-300x300.png",300,300,true],"meccarouselthumb":["https:\/\/turismevalles.com\/wp-content\/uploads\/2025\/12\/Programacio_nadal_CANOVELLES-474x324.png",474,324,true],"gridsquare":["https:\/\/turismevalles.com\/wp-content\/uploads\/2025\/12\/Programacio_nadal_CANOVELLES-391x260.png",391,260,true],"tileview":["https:\/\/turismevalles.com\/wp-content\/uploads\/2025\/12\/Programacio_nadal_CANOVELLES-300x400.png",300,400,true],"1536x1536":["https:\/\/turismevalles.com\/wp-content\/uploads\/2025\/12\/Programacio_nadal_CANOVELLES.png",1341,1091,false],"2048x2048":["https:\/\/turismevalles.com\/wp-content\/uploads\/2025\/12\/Programacio_nadal_CANOVELLES.png",1341,1091,false]},"uagb_author_info":{"display_name":"Turisme Valles","author_link":"https:\/\/turismevalles.com\/es\/author\/turismevallesoriental\/"},"uagb_comment_info":0,"uagb_excerpt":"Para m\u00e1s informaci\u00f3n,","_links":{"self":[{"href":"https:\/\/turismevalles.com\/es\/wp-json\/wp\/v2\/mec-events\/67282","targetHints":{"allow":["GET"]}}],"collection":[{"href":"https:\/\/turismevalles.com\/es\/wp-json\/wp\/v2\/mec-events"}],"about":[{"href":"https:\/\/turismevalles.com\/es\/wp-json\/wp\/v2\/types\/mec-events"}],"author":[{"embeddable":true,"href":"https:\/\/turismevalles.com\/es\/wp-json\/wp\/v2\/users\/5"}],"replies":[{"embeddable":true,"href":"https:\/\/turismevalles.com\/es\/wp-json\/wp\/v2\/comments?post=67282"}],"wp:featuredmedia":[{"embeddable":true,"href":"https:\/\/turismevalles.com\/es\/wp-json\/wp\/v2\/media\/67161"}],"wp:attachment":[{"href":"https:\/\/turismevalles.com\/es\/wp-json\/wp\/v2\/media?parent=67282"}],"wp:term":[{"taxonomy":"post_tag","embeddable":true,"href":"https:\/\/turismevalles.com\/es\/wp-json\/wp\/v2\/tags?post=67282"},{"taxonomy":"poblacions","embeddable":true,"href":"https:\/\/turismevalles.com\/es\/wp-json\/wp\/v2\/poblacions?post=67282"},{"taxonomy":"mec_category","embeddable":true,"href":"https:\/\/turismevalles.com\/es\/wp-json\/wp\/v2\/mec_category?post=67282"}],"curies":[{"name":"wp","href":"https:\/\/api.w.org\/{rel}","templated":true}]}}

<p><a href="https://www.canovelles.cat/actualitat/agenda/10897-cavalcada-de-ses-majestats-els-reis-dorient.html">Para más información, </a></p>

<p>Para más información,</p>

<!-- This site is optimized with the Yoast SEO plugin v26.4 - https://yoast.com/wordpress/plugins/seo/ -->
<title>Campamento Real y Cabalgata de los Reyes de Oriente en Canovelles - Turisme Vallès</title>
<meta name="robots" content="index, follow, max-snippet:-1, max-image-preview:large, max-video-preview:-1" />
<link rel="canonical" href="https://turismevalles.com/es/events/campamento-real-y-cabalgata-de-los-reyes-de-oriente-en-canovelles/" />
<meta property="og:locale" content="es_ES" />
<meta property="og:type" content="article" />
<meta property="og:title" content="Campamento Real y Cabalgata de los Reyes de Oriente en Canovelles - Turisme Vallès" />
<meta property="og:description" content="Para más información," />
<meta property="og:url" content="https://turismevalles.com/es/events/campamento-real-y-cabalgata-de-los-reyes-de-oriente-en-canovelles/" />
<meta property="og:site_name" content="Turisme Vallès" />
<meta property="article:modified_time" content="2026-01-02T14:07:09+00:00" />
<meta property="og:image" content="https://turismevalles.com/wp-content/uploads/2025/12/Programacio_nadal_CANOVELLES.png" />
	<meta property="og:image:width" content="1341" />
	<meta property="og:image:height" content="1091" />
	<meta property="og:image:type" content="image/png" />
<meta name="twitter:card" content="summary_large_image" />
<meta name="twitter:label1" content="Tiempo de lectura" />
	<meta name="twitter:data1" content="1 minuto" />
<script type="application/ld+json" class="yoast-schema-graph">{"@context":"https://schema.org","@graph":[{"@type":"WebPage","@id":"https://turismevalles.com/es/events/campamento-real-y-cabalgata-de-los-reyes-de-oriente-en-canovelles/","url":"https://turismevalles.com/es/events/campamento-real-y-cabalgata-de-los-reyes-de-oriente-en-canovelles/","name":"Campamento Real y Cabalgata de los Reyes de Oriente en Canovelles - Turisme Vallès","isPartOf":{"@id":"https://turismevalles.com/en/#website"},"primaryImageOfPage":{"@id":"https://turismevalles.com/es/events/campamento-real-y-cabalgata-de-los-reyes-de-oriente-en-canovelles/#primaryimage"},"image":{"@id":"https://turismevalles.com/es/events/campamento-real-y-cabalgata-de-los-reyes-de-oriente-en-canovelles/#primaryimage"},"thumbnailUrl":"https://turismevalles.com/wp-content/uploads/2025/12/Programacio_nadal_CANOVELLES.png","datePublished":"2026-01-02T14:06:01+00:00","dateModified":"2026-01-02T14:07:09+00:00","breadcrumb":{"@id":"https://turismevalles.com/es/events/campamento-real-y-cabalgata-de-los-reyes-de-oriente-en-canovelles/#breadcrumb"},"inLanguage":"es","potentialAction":[{"@type":"ReadAction","target":["https://turismevalles.com/es/events/campamento-real-y-cabalgata-de-los-reyes-de-oriente-en-canovelles/"]}]},{"@type":"ImageObject","inLanguage":"es","@id":"https://turismevalles.com/es/events/campamento-real-y-cabalgata-de-los-reyes-de-oriente-en-canovelles/#primaryimage","url":"https://turismevalles.com/wp-content/uploads/2025/12/Programacio_nadal_CANOVELLES.png","contentUrl":"https://turismevalles.com/wp-content/uploads/2025/12/Programacio_nadal_CANOVELLES.png","width":1341,"height":1091},{"@type":"BreadcrumbList","@id":"https://turismevalles.com/es/events/campamento-real-y-cabalgata-de-los-reyes-de-oriente-en-canovelles/#breadcrumb","itemListElement":[{"@type":"ListItem","position":1,"name":"Inicio","item":"https://turismevalles.com/es/"},{"@type":"ListItem","position":2,"name":"Esdeveniments","item":"https://turismevalles.com/events/"},{"@type":"ListItem","position":3,"name":"Campamento Real y Cabalgata de los Reyes de Oriente en Canovelles"}]},{"@type":"WebSite","@id":"https://turismevalles.com/en/#website","url":"https://turismevalles.com/en/","name":"Turisme Vallès","description":"","publisher":{"@id":"https://turismevalles.com/en/#organization"},"potentialAction":[{"@type":"SearchAction","target":{"@type":"EntryPoint","urlTemplate":"https://turismevalles.com/en/?s={search_term_string}"},"query-input":{"@type":"PropertyValueSpecification","valueRequired":true,"valueName":"search_term_string"}}],"inLanguage":"es"},{"@type":"Organization","@id":"https://turismevalles.com/en/#organization","name":"Turisme Vallès","url":"https://turismevalles.com/en/","logo":{"@type":"ImageObject","inLanguage":"es","@id":"https://turismevalles.com/en/#/schema/logo/image/","url":"https://turismevalles.com/wp-content/uploads/2020/08/cropped-logo_ca-2.png","contentUrl":"https://turismevalles.com/wp-content/uploads/2020/08/cropped-logo_ca-2.png","width":314,"height":85,"caption":"Turisme Vallès"},"image":{"@id":"https://turismevalles.com/en/#/schema/logo/image/"}}]}</script>
<!-- / Yoast SEO plugin. -->

Campamento Real y Cabalgata de los Reyes de Oriente en Canovelles - Turisme Vallès

Para más información,

Turisme Vallès
