{"id":67568,"date":"2026-01-26T12:56:39","date_gmt":"2026-01-26T11:56:39","guid":{"rendered":"https:\/\/turismevalles.com\/events\/visitas-teatralizadas-al-refugio-la-garriga-en-guerra\/"},"modified":"2026-01-26T12:58:12","modified_gmt":"2026-01-26T11:58:12","slug":"visitas-teatralizadas-al-refugio-la-garriga-en-guerra","status":"publish","type":"mec-events","link":"https:\/\/turismevalles.com\/es\/events\/visitas-teatralizadas-al-refugio-la-garriga-en-guerra\/","title":{"rendered":"Visitas Teatralizadas al refugio: La Garriga en Guerra"},"content":{"rendered":"<p>Para m\u00e1s informaci\u00f3n, <a href=\"https:\/\/lagarriga.cat\/actualitat\/agenda\/20427-visites-teatralitzades-la-garriga-en-guerra\">clicar aqu\u00ed<\/a><\/p>\n","protected":false},"excerpt":{"rendered":"<p>Para m\u00e1s informaci\u00f3n, clicar aqu\u00ed<\/p>\n","protected":false},"author":5,"featured_media":46010,"comment_status":"open","ping_status":"closed","template":"","tags":[2091],"poblacions":[439],"mec_category":[970,2225,2907],"class_list":["post-67568","mec-events","type-mec-events","status-publish","has-post-thumbnail","hentry","tag-visita-es","poblacions-la-garriga-es","mec_category-activitats-en-familia-es","mec_category-visita-es","mec_category-visita-guiada","generate-columns","tablet-grid-50","mobile-grid-100","grid-parent","grid-33"],"acf":[],"yoast_head":"<!-- This site is optimized with the Yoast SEO plugin v26.4 - https:\/\/yoast.com\/wordpress\/plugins\/seo\/ -->\n<title>Visitas Teatralizadas al refugio: La Garriga en Guerra - Turisme Vall\u00e8s<\/title>\n<meta name=\"description\" content=\"visita-teatralizada-la-garriga-en-guerra-parque-natural-del-montseny-vall-del-congost-valles-oriental-costa-bcn\" \/>\n<meta name=\"robots\" content=\"index, follow, max-snippet:-1, max-image-preview:large, max-video-preview:-1\" \/>\n<link rel=\"canonical\" href=\"https:\/\/turismevalles.com\/es\/events\/visitas-teatralizadas-al-refugio-la-garriga-en-guerra\/\" \/>\n<meta property=\"og:locale\" content=\"es_ES\" \/>\n<meta property=\"og:type\" content=\"article\" \/>\n<meta property=\"og:title\" content=\"Visitas Teatralizadas al refugio: La Garriga en Guerra - Turisme Vall\u00e8s\" \/>\n<meta property=\"og:description\" content=\"visita-teatralizada-la-garriga-en-guerra-parque-natural-del-montseny-vall-del-congost-valles-oriental-costa-bcn\" \/>\n<meta property=\"og:url\" content=\"https:\/\/turismevalles.com\/es\/events\/visitas-teatralizadas-al-refugio-la-garriga-en-guerra\/\" \/>\n<meta property=\"og:site_name\" content=\"Turisme Vall\u00e8s\" \/>\n<meta property=\"article:modified_time\" content=\"2026-01-26T11:58:12+00:00\" \/>\n<meta property=\"og:image\" content=\"https:\/\/turismevalles.com\/wp-content\/uploads\/2024\/01\/La-Garriga-en-guerra.jpg\" \/>\n\t<meta property=\"og:image:width\" content=\"479\" \/>\n\t<meta property=\"og:image:height\" content=\"288\" \/>\n\t<meta property=\"og:image:type\" content=\"image\/jpeg\" \/>\n<meta name=\"twitter:card\" content=\"summary_large_image\" \/>\n<meta name=\"twitter:label1\" content=\"Tiempo de lectura\" \/>\n\t<meta name=\"twitter:data1\" content=\"1 minuto\" \/>\n<script type=\"application\/ld+json\" class=\"yoast-schema-graph\">{\"@context\":\"https:\/\/schema.org\",\"@graph\":[{\"@type\":\"WebPage\",\"@id\":\"https:\/\/turismevalles.com\/es\/events\/visitas-teatralizadas-al-refugio-la-garriga-en-guerra\/\",\"url\":\"https:\/\/turismevalles.com\/es\/events\/visitas-teatralizadas-al-refugio-la-garriga-en-guerra\/\",\"name\":\"Visitas Teatralizadas al refugio: La Garriga en Guerra - Turisme Vall\u00e8s\",\"isPartOf\":{\"@id\":\"https:\/\/turismevalles.com\/en\/#website\"},\"primaryImageOfPage\":{\"@id\":\"https:\/\/turismevalles.com\/es\/events\/visitas-teatralizadas-al-refugio-la-garriga-en-guerra\/#primaryimage\"},\"image\":{\"@id\":\"https:\/\/turismevalles.com\/es\/events\/visitas-teatralizadas-al-refugio-la-garriga-en-guerra\/#primaryimage\"},\"thumbnailUrl\":\"https:\/\/turismevalles.com\/wp-content\/uploads\/2024\/01\/La-Garriga-en-guerra.jpg\",\"datePublished\":\"2026-01-26T11:56:39+00:00\",\"dateModified\":\"2026-01-26T11:58:12+00:00\",\"description\":\"visita-teatralizada-la-garriga-en-guerra-parque-natural-del-montseny-vall-del-congost-valles-oriental-costa-bcn\",\"breadcrumb\":{\"@id\":\"https:\/\/turismevalles.com\/es\/events\/visitas-teatralizadas-al-refugio-la-garriga-en-guerra\/#breadcrumb\"},\"inLanguage\":\"es\",\"potentialAction\":[{\"@type\":\"ReadAction\",\"target\":[\"https:\/\/turismevalles.com\/es\/events\/visitas-teatralizadas-al-refugio-la-garriga-en-guerra\/\"]}]},{\"@type\":\"ImageObject\",\"inLanguage\":\"es\",\"@id\":\"https:\/\/turismevalles.com\/es\/events\/visitas-teatralizadas-al-refugio-la-garriga-en-guerra\/#primaryimage\",\"url\":\"https:\/\/turismevalles.com\/wp-content\/uploads\/2024\/01\/La-Garriga-en-guerra.jpg\",\"contentUrl\":\"https:\/\/turismevalles.com\/wp-content\/uploads\/2024\/01\/La-Garriga-en-guerra.jpg\",\"width\":479,\"height\":288},{\"@type\":\"BreadcrumbList\",\"@id\":\"https:\/\/turismevalles.com\/es\/events\/visitas-teatralizadas-al-refugio-la-garriga-en-guerra\/#breadcrumb\",\"itemListElement\":[{\"@type\":\"ListItem\",\"position\":1,\"name\":\"Inicio\",\"item\":\"https:\/\/turismevalles.com\/es\/\"},{\"@type\":\"ListItem\",\"position\":2,\"name\":\"Esdeveniments\",\"item\":\"https:\/\/turismevalles.com\/events\/\"},{\"@type\":\"ListItem\",\"position\":3,\"name\":\"Visitas Teatralizadas al refugio: La Garriga en Guerra\"}]},{\"@type\":\"WebSite\",\"@id\":\"https:\/\/turismevalles.com\/en\/#website\",\"url\":\"https:\/\/turismevalles.com\/en\/\",\"name\":\"Turisme Vall\u00e8s\",\"description\":\"\",\"publisher\":{\"@id\":\"https:\/\/turismevalles.com\/en\/#organization\"},\"potentialAction\":[{\"@type\":\"SearchAction\",\"target\":{\"@type\":\"EntryPoint\",\"urlTemplate\":\"https:\/\/turismevalles.com\/en\/?s={search_term_string}\"},\"query-input\":{\"@type\":\"PropertyValueSpecification\",\"valueRequired\":true,\"valueName\":\"search_term_string\"}}],\"inLanguage\":\"es\"},{\"@type\":\"Organization\",\"@id\":\"https:\/\/turismevalles.com\/en\/#organization\",\"name\":\"Turisme Vall\u00e8s\",\"url\":\"https:\/\/turismevalles.com\/en\/\",\"logo\":{\"@type\":\"ImageObject\",\"inLanguage\":\"es\",\"@id\":\"https:\/\/turismevalles.com\/en\/#\/schema\/logo\/image\/\",\"url\":\"https:\/\/turismevalles.com\/wp-content\/uploads\/2020\/08\/cropped-logo_ca-2.png\",\"contentUrl\":\"https:\/\/turismevalles.com\/wp-content\/uploads\/2020\/08\/cropped-logo_ca-2.png\",\"width\":314,\"height\":85,\"caption\":\"Turisme Vall\u00e8s\"},\"image\":{\"@id\":\"https:\/\/turismevalles.com\/en\/#\/schema\/logo\/image\/\"}}]}<\/script>\n<!-- \/ Yoast SEO plugin. -->","yoast_head_json":{"title":"Visitas Teatralizadas al refugio: La Garriga en Guerra - Turisme Vall\u00e8s","description":"visita-teatralizada-la-garriga-en-guerra-parque-natural-del-montseny-vall-del-congost-valles-oriental-costa-bcn","robots":{"index":"index","follow":"follow","max-snippet":"max-snippet:-1","max-image-preview":"max-image-preview:large","max-video-preview":"max-video-preview:-1"},"canonical":"https:\/\/turismevalles.com\/es\/events\/visitas-teatralizadas-al-refugio-la-garriga-en-guerra\/","og_locale":"es_ES","og_type":"article","og_title":"Visitas Teatralizadas al refugio: La Garriga en Guerra - Turisme Vall\u00e8s","og_description":"visita-teatralizada-la-garriga-en-guerra-parque-natural-del-montseny-vall-del-congost-valles-oriental-costa-bcn","og_url":"https:\/\/turismevalles.com\/es\/events\/visitas-teatralizadas-al-refugio-la-garriga-en-guerra\/","og_site_name":"Turisme Vall\u00e8s","article_modified_time":"2026-01-26T11:58:12+00:00","og_image":[{"width":479,"height":288,"url":"https:\/\/turismevalles.com\/wp-content\/uploads\/2024\/01\/La-Garriga-en-guerra.jpg","type":"image\/jpeg"}],"twitter_card":"summary_large_image","twitter_misc":{"Tiempo de lectura":"1 minuto"},"schema":{"@context":"https:\/\/schema.org","@graph":[{"@type":"WebPage","@id":"https:\/\/turismevalles.com\/es\/events\/visitas-teatralizadas-al-refugio-la-garriga-en-guerra\/","url":"https:\/\/turismevalles.com\/es\/events\/visitas-teatralizadas-al-refugio-la-garriga-en-guerra\/","name":"Visitas Teatralizadas al refugio: La Garriga en Guerra - Turisme Vall\u00e8s","isPartOf":{"@id":"https:\/\/turismevalles.com\/en\/#website"},"primaryImageOfPage":{"@id":"https:\/\/turismevalles.com\/es\/events\/visitas-teatralizadas-al-refugio-la-garriga-en-guerra\/#primaryimage"},"image":{"@id":"https:\/\/turismevalles.com\/es\/events\/visitas-teatralizadas-al-refugio-la-garriga-en-guerra\/#primaryimage"},"thumbnailUrl":"https:\/\/turismevalles.com\/wp-content\/uploads\/2024\/01\/La-Garriga-en-guerra.jpg","datePublished":"2026-01-26T11:56:39+00:00","dateModified":"2026-01-26T11:58:12+00:00","description":"visita-teatralizada-la-garriga-en-guerra-parque-natural-del-montseny-vall-del-congost-valles-oriental-costa-bcn","breadcrumb":{"@id":"https:\/\/turismevalles.com\/es\/events\/visitas-teatralizadas-al-refugio-la-garriga-en-guerra\/#breadcrumb"},"inLanguage":"es","potentialAction":[{"@type":"ReadAction","target":["https:\/\/turismevalles.com\/es\/events\/visitas-teatralizadas-al-refugio-la-garriga-en-guerra\/"]}]},{"@type":"ImageObject","inLanguage":"es","@id":"https:\/\/turismevalles.com\/es\/events\/visitas-teatralizadas-al-refugio-la-garriga-en-guerra\/#primaryimage","url":"https:\/\/turismevalles.com\/wp-content\/uploads\/2024\/01\/La-Garriga-en-guerra.jpg","contentUrl":"https:\/\/turismevalles.com\/wp-content\/uploads\/2024\/01\/La-Garriga-en-guerra.jpg","width":479,"height":288},{"@type":"BreadcrumbList","@id":"https:\/\/turismevalles.com\/es\/events\/visitas-teatralizadas-al-refugio-la-garriga-en-guerra\/#breadcrumb","itemListElement":[{"@type":"ListItem","position":1,"name":"Inicio","item":"https:\/\/turismevalles.com\/es\/"},{"@type":"ListItem","position":2,"name":"Esdeveniments","item":"https:\/\/turismevalles.com\/events\/"},{"@type":"ListItem","position":3,"name":"Visitas Teatralizadas al refugio: La Garriga en Guerra"}]},{"@type":"WebSite","@id":"https:\/\/turismevalles.com\/en\/#website","url":"https:\/\/turismevalles.com\/en\/","name":"Turisme Vall\u00e8s","description":"","publisher":{"@id":"https:\/\/turismevalles.com\/en\/#organization"},"potentialAction":[{"@type":"SearchAction","target":{"@type":"EntryPoint","urlTemplate":"https:\/\/turismevalles.com\/en\/?s={search_term_string}"},"query-input":{"@type":"PropertyValueSpecification","valueRequired":true,"valueName":"search_term_string"}}],"inLanguage":"es"},{"@type":"Organization","@id":"https:\/\/turismevalles.com\/en\/#organization","name":"Turisme Vall\u00e8s","url":"https:\/\/turismevalles.com\/en\/","logo":{"@type":"ImageObject","inLanguage":"es","@id":"https:\/\/turismevalles.com\/en\/#\/schema\/logo\/image\/","url":"https:\/\/turismevalles.com\/wp-content\/uploads\/2020\/08\/cropped-logo_ca-2.png","contentUrl":"https:\/\/turismevalles.com\/wp-content\/uploads\/2020\/08\/cropped-logo_ca-2.png","width":314,"height":85,"caption":"Turisme Vall\u00e8s"},"image":{"@id":"https:\/\/turismevalles.com\/en\/#\/schema\/logo\/image\/"}}]}},"uagb_featured_image_src":{"full":["https:\/\/turismevalles.com\/wp-content\/uploads\/2024\/01\/La-Garriga-en-guerra.jpg",479,288,false],"thumbnail":["https:\/\/turismevalles.com\/wp-content\/uploads\/2024\/01\/La-Garriga-en-guerra-150x150.jpg",150,150,true],"medium":["https:\/\/turismevalles.com\/wp-content\/uploads\/2024\/01\/La-Garriga-en-guerra-300x180.jpg",300,180,true],"medium_large":["https:\/\/turismevalles.com\/wp-content\/uploads\/2024\/01\/La-Garriga-en-guerra.jpg",479,288,false],"large":["https:\/\/turismevalles.com\/wp-content\/uploads\/2024\/01\/La-Garriga-en-guerra.jpg",479,288,false],"thumblist":["https:\/\/turismevalles.com\/wp-content\/uploads\/2024\/01\/La-Garriga-en-guerra-300x288.jpg",300,288,true],"meccarouselthumb":["https:\/\/turismevalles.com\/wp-content\/uploads\/2024\/01\/La-Garriga-en-guerra-474x288.jpg",474,288,true],"gridsquare":["https:\/\/turismevalles.com\/wp-content\/uploads\/2024\/01\/La-Garriga-en-guerra-391x260.jpg",391,260,true],"tileview":["https:\/\/turismevalles.com\/wp-content\/uploads\/2024\/01\/La-Garriga-en-guerra-300x288.jpg",300,288,true],"1536x1536":["https:\/\/turismevalles.com\/wp-content\/uploads\/2024\/01\/La-Garriga-en-guerra.jpg",479,288,false],"2048x2048":["https:\/\/turismevalles.com\/wp-content\/uploads\/2024\/01\/La-Garriga-en-guerra.jpg",479,288,false]},"uagb_author_info":{"display_name":"Turisme Valles","author_link":"https:\/\/turismevalles.com\/es\/author\/turismevallesoriental\/"},"uagb_comment_info":0,"uagb_excerpt":"Para m\u00e1s informaci\u00f3n, clicar aqu\u00ed","_links":{"self":[{"href":"https:\/\/turismevalles.com\/es\/wp-json\/wp\/v2\/mec-events\/67568","targetHints":{"allow":["GET"]}}],"collection":[{"href":"https:\/\/turismevalles.com\/es\/wp-json\/wp\/v2\/mec-events"}],"about":[{"href":"https:\/\/turismevalles.com\/es\/wp-json\/wp\/v2\/types\/mec-events"}],"author":[{"embeddable":true,"href":"https:\/\/turismevalles.com\/es\/wp-json\/wp\/v2\/users\/5"}],"replies":[{"embeddable":true,"href":"https:\/\/turismevalles.com\/es\/wp-json\/wp\/v2\/comments?post=67568"}],"wp:featuredmedia":[{"embeddable":true,"href":"https:\/\/turismevalles.com\/es\/wp-json\/wp\/v2\/media\/46010"}],"wp:attachment":[{"href":"https:\/\/turismevalles.com\/es\/wp-json\/wp\/v2\/media?parent=67568"}],"wp:term":[{"taxonomy":"post_tag","embeddable":true,"href":"https:\/\/turismevalles.com\/es\/wp-json\/wp\/v2\/tags?post=67568"},{"taxonomy":"poblacions","embeddable":true,"href":"https:\/\/turismevalles.com\/es\/wp-json\/wp\/v2\/poblacions?post=67568"},{"taxonomy":"mec_category","embeddable":true,"href":"https:\/\/turismevalles.com\/es\/wp-json\/wp\/v2\/mec_category?post=67568"}],"curies":[{"name":"wp","href":"https:\/\/api.w.org\/{rel}","templated":true}]}}

<p>Para más información, <a href="https://lagarriga.cat/actualitat/agenda/20427-visites-teatralitzades-la-garriga-en-guerra">clicar aquí</a></p>

<p>Para más información, clicar aquí</p>

<!-- This site is optimized with the Yoast SEO plugin v26.4 - https://yoast.com/wordpress/plugins/seo/ -->
<title>Visitas Teatralizadas al refugio: La Garriga en Guerra - Turisme Vallès</title>
<meta name="description" content="visita-teatralizada-la-garriga-en-guerra-parque-natural-del-montseny-vall-del-congost-valles-oriental-costa-bcn" />
<meta name="robots" content="index, follow, max-snippet:-1, max-image-preview:large, max-video-preview:-1" />
<link rel="canonical" href="https://turismevalles.com/es/events/visitas-teatralizadas-al-refugio-la-garriga-en-guerra/" />
<meta property="og:locale" content="es_ES" />
<meta property="og:type" content="article" />
<meta property="og:title" content="Visitas Teatralizadas al refugio: La Garriga en Guerra - Turisme Vallès" />
<meta property="og:description" content="visita-teatralizada-la-garriga-en-guerra-parque-natural-del-montseny-vall-del-congost-valles-oriental-costa-bcn" />
<meta property="og:url" content="https://turismevalles.com/es/events/visitas-teatralizadas-al-refugio-la-garriga-en-guerra/" />
<meta property="og:site_name" content="Turisme Vallès" />
<meta property="article:modified_time" content="2026-01-26T11:58:12+00:00" />
<meta property="og:image" content="https://turismevalles.com/wp-content/uploads/2024/01/La-Garriga-en-guerra.jpg" />
	<meta property="og:image:width" content="479" />
	<meta property="og:image:height" content="288" />
	<meta property="og:image:type" content="image/jpeg" />
<meta name="twitter:card" content="summary_large_image" />
<meta name="twitter:label1" content="Tiempo de lectura" />
	<meta name="twitter:data1" content="1 minuto" />
<script type="application/ld+json" class="yoast-schema-graph">{"@context":"https://schema.org","@graph":[{"@type":"WebPage","@id":"https://turismevalles.com/es/events/visitas-teatralizadas-al-refugio-la-garriga-en-guerra/","url":"https://turismevalles.com/es/events/visitas-teatralizadas-al-refugio-la-garriga-en-guerra/","name":"Visitas Teatralizadas al refugio: La Garriga en Guerra - Turisme Vallès","isPartOf":{"@id":"https://turismevalles.com/en/#website"},"primaryImageOfPage":{"@id":"https://turismevalles.com/es/events/visitas-teatralizadas-al-refugio-la-garriga-en-guerra/#primaryimage"},"image":{"@id":"https://turismevalles.com/es/events/visitas-teatralizadas-al-refugio-la-garriga-en-guerra/#primaryimage"},"thumbnailUrl":"https://turismevalles.com/wp-content/uploads/2024/01/La-Garriga-en-guerra.jpg","datePublished":"2026-01-26T11:56:39+00:00","dateModified":"2026-01-26T11:58:12+00:00","description":"visita-teatralizada-la-garriga-en-guerra-parque-natural-del-montseny-vall-del-congost-valles-oriental-costa-bcn","breadcrumb":{"@id":"https://turismevalles.com/es/events/visitas-teatralizadas-al-refugio-la-garriga-en-guerra/#breadcrumb"},"inLanguage":"es","potentialAction":[{"@type":"ReadAction","target":["https://turismevalles.com/es/events/visitas-teatralizadas-al-refugio-la-garriga-en-guerra/"]}]},{"@type":"ImageObject","inLanguage":"es","@id":"https://turismevalles.com/es/events/visitas-teatralizadas-al-refugio-la-garriga-en-guerra/#primaryimage","url":"https://turismevalles.com/wp-content/uploads/2024/01/La-Garriga-en-guerra.jpg","contentUrl":"https://turismevalles.com/wp-content/uploads/2024/01/La-Garriga-en-guerra.jpg","width":479,"height":288},{"@type":"BreadcrumbList","@id":"https://turismevalles.com/es/events/visitas-teatralizadas-al-refugio-la-garriga-en-guerra/#breadcrumb","itemListElement":[{"@type":"ListItem","position":1,"name":"Inicio","item":"https://turismevalles.com/es/"},{"@type":"ListItem","position":2,"name":"Esdeveniments","item":"https://turismevalles.com/events/"},{"@type":"ListItem","position":3,"name":"Visitas Teatralizadas al refugio: La Garriga en Guerra"}]},{"@type":"WebSite","@id":"https://turismevalles.com/en/#website","url":"https://turismevalles.com/en/","name":"Turisme Vallès","description":"","publisher":{"@id":"https://turismevalles.com/en/#organization"},"potentialAction":[{"@type":"SearchAction","target":{"@type":"EntryPoint","urlTemplate":"https://turismevalles.com/en/?s={search_term_string}"},"query-input":{"@type":"PropertyValueSpecification","valueRequired":true,"valueName":"search_term_string"}}],"inLanguage":"es"},{"@type":"Organization","@id":"https://turismevalles.com/en/#organization","name":"Turisme Vallès","url":"https://turismevalles.com/en/","logo":{"@type":"ImageObject","inLanguage":"es","@id":"https://turismevalles.com/en/#/schema/logo/image/","url":"https://turismevalles.com/wp-content/uploads/2020/08/cropped-logo_ca-2.png","contentUrl":"https://turismevalles.com/wp-content/uploads/2020/08/cropped-logo_ca-2.png","width":314,"height":85,"caption":"Turisme Vallès"},"image":{"@id":"https://turismevalles.com/en/#/schema/logo/image/"}}]}</script>
<!-- / Yoast SEO plugin. -->

Visitas Teatralizadas al refugio: La Garriga en Guerra - Turisme Vallès

Turisme Vallès

Para más información, clicar aquí
