{"id":67777,"date":"2026-02-03T14:25:25","date_gmt":"2026-02-03T13:25:25","guid":{"rendered":"https:\/\/turismevalles.com\/events\/llega-el-carnaval-a-les-franqueses-del-valles\/"},"modified":"2026-02-03T14:26:33","modified_gmt":"2026-02-03T13:26:33","slug":"llega-el-carnaval-a-les-franqueses-del-valles","status":"publish","type":"mec-events","link":"https:\/\/turismevalles.com\/es\/events\/llega-el-carnaval-a-les-franqueses-del-valles\/","title":{"rendered":"Llega el Carnaval a Les Franqueses del Vall\u00e8s"},"content":{"rendered":"<p>Para m\u00e1s informaci\u00f3n, <a href=\"https:\/\/www.lesfranqueses.cat\/actualitat\/noticies\/el-14-de-febrer-arriba-carnaval.html#\">clicar aqu\u00ed<\/a><\/p>\n","protected":false},"excerpt":{"rendered":"<p>Para m\u00e1s informaci\u00f3n, clicar aqu\u00ed<\/p>\n","protected":false},"author":5,"featured_media":67775,"comment_status":"open","ping_status":"closed","template":"","tags":[975,1186,2203],"poblacions":[903],"mec_category":[970,2532],"class_list":["post-67777","mec-events","type-mec-events","status-publish","has-post-thumbnail","hentry","tag-activitats-es","tag-activitats-familiars-es","tag-carnaval","poblacions-les-franqueses-del-valles-es","mec_category-activitats-en-familia-es","mec_category-carnaval-es","generate-columns","tablet-grid-50","mobile-grid-100","grid-parent","grid-33"],"acf":[],"yoast_head":"<!-- This site is optimized with the Yoast SEO plugin v26.4 - https:\/\/yoast.com\/wordpress\/plugins\/seo\/ -->\n<title>Llega el Carnaval a Les Franqueses del Vall\u00e8s - Turisme Vall\u00e8s<\/title>\n<meta name=\"description\" content=\"carnaval-en-les-franqueses-del-valles-congost-valles-oriental-costa-barcelona-catalunya\" \/>\n<meta name=\"robots\" content=\"index, follow, max-snippet:-1, max-image-preview:large, max-video-preview:-1\" \/>\n<link rel=\"canonical\" href=\"https:\/\/turismevalles.com\/es\/events\/llega-el-carnaval-a-les-franqueses-del-valles\/\" \/>\n<meta property=\"og:locale\" content=\"es_ES\" \/>\n<meta property=\"og:type\" content=\"article\" \/>\n<meta property=\"og:title\" content=\"Llega el Carnaval a Les Franqueses del Vall\u00e8s - Turisme Vall\u00e8s\" \/>\n<meta property=\"og:description\" content=\"carnaval-en-les-franqueses-del-valles-congost-valles-oriental-costa-barcelona-catalunya\" \/>\n<meta property=\"og:url\" content=\"https:\/\/turismevalles.com\/es\/events\/llega-el-carnaval-a-les-franqueses-del-valles\/\" \/>\n<meta property=\"og:site_name\" content=\"Turisme Vall\u00e8s\" \/>\n<meta property=\"article:modified_time\" content=\"2026-02-03T13:26:33+00:00\" \/>\n<meta property=\"og:image\" content=\"https:\/\/turismevalles.com\/wp-content\/uploads\/2026\/02\/Disseny_sense_titol__1_LF.png\" \/>\n\t<meta property=\"og:image:width\" content=\"1414\" \/>\n\t<meta property=\"og:image:height\" content=\"2000\" \/>\n\t<meta property=\"og:image:type\" content=\"image\/png\" \/>\n<meta name=\"twitter:card\" content=\"summary_large_image\" \/>\n<meta name=\"twitter:label1\" content=\"Tiempo de lectura\" \/>\n\t<meta name=\"twitter:data1\" content=\"1 minuto\" \/>\n<script type=\"application\/ld+json\" class=\"yoast-schema-graph\">{\"@context\":\"https:\/\/schema.org\",\"@graph\":[{\"@type\":\"WebPage\",\"@id\":\"https:\/\/turismevalles.com\/es\/events\/llega-el-carnaval-a-les-franqueses-del-valles\/\",\"url\":\"https:\/\/turismevalles.com\/es\/events\/llega-el-carnaval-a-les-franqueses-del-valles\/\",\"name\":\"Llega el Carnaval a Les Franqueses del Vall\u00e8s - Turisme Vall\u00e8s\",\"isPartOf\":{\"@id\":\"https:\/\/turismevalles.com\/en\/#website\"},\"primaryImageOfPage\":{\"@id\":\"https:\/\/turismevalles.com\/es\/events\/llega-el-carnaval-a-les-franqueses-del-valles\/#primaryimage\"},\"image\":{\"@id\":\"https:\/\/turismevalles.com\/es\/events\/llega-el-carnaval-a-les-franqueses-del-valles\/#primaryimage\"},\"thumbnailUrl\":\"https:\/\/turismevalles.com\/wp-content\/uploads\/2026\/02\/Disseny_sense_titol__1_LF.png\",\"datePublished\":\"2026-02-03T13:25:25+00:00\",\"dateModified\":\"2026-02-03T13:26:33+00:00\",\"description\":\"carnaval-en-les-franqueses-del-valles-congost-valles-oriental-costa-barcelona-catalunya\",\"breadcrumb\":{\"@id\":\"https:\/\/turismevalles.com\/es\/events\/llega-el-carnaval-a-les-franqueses-del-valles\/#breadcrumb\"},\"inLanguage\":\"es\",\"potentialAction\":[{\"@type\":\"ReadAction\",\"target\":[\"https:\/\/turismevalles.com\/es\/events\/llega-el-carnaval-a-les-franqueses-del-valles\/\"]}]},{\"@type\":\"ImageObject\",\"inLanguage\":\"es\",\"@id\":\"https:\/\/turismevalles.com\/es\/events\/llega-el-carnaval-a-les-franqueses-del-valles\/#primaryimage\",\"url\":\"https:\/\/turismevalles.com\/wp-content\/uploads\/2026\/02\/Disseny_sense_titol__1_LF.png\",\"contentUrl\":\"https:\/\/turismevalles.com\/wp-content\/uploads\/2026\/02\/Disseny_sense_titol__1_LF.png\",\"width\":1414,\"height\":2000},{\"@type\":\"BreadcrumbList\",\"@id\":\"https:\/\/turismevalles.com\/es\/events\/llega-el-carnaval-a-les-franqueses-del-valles\/#breadcrumb\",\"itemListElement\":[{\"@type\":\"ListItem\",\"position\":1,\"name\":\"Inicio\",\"item\":\"https:\/\/turismevalles.com\/es\/\"},{\"@type\":\"ListItem\",\"position\":2,\"name\":\"Esdeveniments\",\"item\":\"https:\/\/turismevalles.com\/events\/\"},{\"@type\":\"ListItem\",\"position\":3,\"name\":\"Llega el Carnaval a Les Franqueses del Vall\u00e8s\"}]},{\"@type\":\"WebSite\",\"@id\":\"https:\/\/turismevalles.com\/en\/#website\",\"url\":\"https:\/\/turismevalles.com\/en\/\",\"name\":\"Turisme Vall\u00e8s\",\"description\":\"\",\"publisher\":{\"@id\":\"https:\/\/turismevalles.com\/en\/#organization\"},\"potentialAction\":[{\"@type\":\"SearchAction\",\"target\":{\"@type\":\"EntryPoint\",\"urlTemplate\":\"https:\/\/turismevalles.com\/en\/?s={search_term_string}\"},\"query-input\":{\"@type\":\"PropertyValueSpecification\",\"valueRequired\":true,\"valueName\":\"search_term_string\"}}],\"inLanguage\":\"es\"},{\"@type\":\"Organization\",\"@id\":\"https:\/\/turismevalles.com\/en\/#organization\",\"name\":\"Turisme Vall\u00e8s\",\"url\":\"https:\/\/turismevalles.com\/en\/\",\"logo\":{\"@type\":\"ImageObject\",\"inLanguage\":\"es\",\"@id\":\"https:\/\/turismevalles.com\/en\/#\/schema\/logo\/image\/\",\"url\":\"https:\/\/turismevalles.com\/wp-content\/uploads\/2020\/08\/cropped-logo_ca-2.png\",\"contentUrl\":\"https:\/\/turismevalles.com\/wp-content\/uploads\/2020\/08\/cropped-logo_ca-2.png\",\"width\":314,\"height\":85,\"caption\":\"Turisme Vall\u00e8s\"},\"image\":{\"@id\":\"https:\/\/turismevalles.com\/en\/#\/schema\/logo\/image\/\"}}]}<\/script>\n<!-- \/ Yoast SEO plugin. -->","yoast_head_json":{"title":"Llega el Carnaval a Les Franqueses del Vall\u00e8s - Turisme Vall\u00e8s","description":"carnaval-en-les-franqueses-del-valles-congost-valles-oriental-costa-barcelona-catalunya","robots":{"index":"index","follow":"follow","max-snippet":"max-snippet:-1","max-image-preview":"max-image-preview:large","max-video-preview":"max-video-preview:-1"},"canonical":"https:\/\/turismevalles.com\/es\/events\/llega-el-carnaval-a-les-franqueses-del-valles\/","og_locale":"es_ES","og_type":"article","og_title":"Llega el Carnaval a Les Franqueses del Vall\u00e8s - Turisme Vall\u00e8s","og_description":"carnaval-en-les-franqueses-del-valles-congost-valles-oriental-costa-barcelona-catalunya","og_url":"https:\/\/turismevalles.com\/es\/events\/llega-el-carnaval-a-les-franqueses-del-valles\/","og_site_name":"Turisme Vall\u00e8s","article_modified_time":"2026-02-03T13:26:33+00:00","og_image":[{"width":1414,"height":2000,"url":"https:\/\/turismevalles.com\/wp-content\/uploads\/2026\/02\/Disseny_sense_titol__1_LF.png","type":"image\/png"}],"twitter_card":"summary_large_image","twitter_misc":{"Tiempo de lectura":"1 minuto"},"schema":{"@context":"https:\/\/schema.org","@graph":[{"@type":"WebPage","@id":"https:\/\/turismevalles.com\/es\/events\/llega-el-carnaval-a-les-franqueses-del-valles\/","url":"https:\/\/turismevalles.com\/es\/events\/llega-el-carnaval-a-les-franqueses-del-valles\/","name":"Llega el Carnaval a Les Franqueses del Vall\u00e8s - Turisme Vall\u00e8s","isPartOf":{"@id":"https:\/\/turismevalles.com\/en\/#website"},"primaryImageOfPage":{"@id":"https:\/\/turismevalles.com\/es\/events\/llega-el-carnaval-a-les-franqueses-del-valles\/#primaryimage"},"image":{"@id":"https:\/\/turismevalles.com\/es\/events\/llega-el-carnaval-a-les-franqueses-del-valles\/#primaryimage"},"thumbnailUrl":"https:\/\/turismevalles.com\/wp-content\/uploads\/2026\/02\/Disseny_sense_titol__1_LF.png","datePublished":"2026-02-03T13:25:25+00:00","dateModified":"2026-02-03T13:26:33+00:00","description":"carnaval-en-les-franqueses-del-valles-congost-valles-oriental-costa-barcelona-catalunya","breadcrumb":{"@id":"https:\/\/turismevalles.com\/es\/events\/llega-el-carnaval-a-les-franqueses-del-valles\/#breadcrumb"},"inLanguage":"es","potentialAction":[{"@type":"ReadAction","target":["https:\/\/turismevalles.com\/es\/events\/llega-el-carnaval-a-les-franqueses-del-valles\/"]}]},{"@type":"ImageObject","inLanguage":"es","@id":"https:\/\/turismevalles.com\/es\/events\/llega-el-carnaval-a-les-franqueses-del-valles\/#primaryimage","url":"https:\/\/turismevalles.com\/wp-content\/uploads\/2026\/02\/Disseny_sense_titol__1_LF.png","contentUrl":"https:\/\/turismevalles.com\/wp-content\/uploads\/2026\/02\/Disseny_sense_titol__1_LF.png","width":1414,"height":2000},{"@type":"BreadcrumbList","@id":"https:\/\/turismevalles.com\/es\/events\/llega-el-carnaval-a-les-franqueses-del-valles\/#breadcrumb","itemListElement":[{"@type":"ListItem","position":1,"name":"Inicio","item":"https:\/\/turismevalles.com\/es\/"},{"@type":"ListItem","position":2,"name":"Esdeveniments","item":"https:\/\/turismevalles.com\/events\/"},{"@type":"ListItem","position":3,"name":"Llega el Carnaval a Les Franqueses del Vall\u00e8s"}]},{"@type":"WebSite","@id":"https:\/\/turismevalles.com\/en\/#website","url":"https:\/\/turismevalles.com\/en\/","name":"Turisme Vall\u00e8s","description":"","publisher":{"@id":"https:\/\/turismevalles.com\/en\/#organization"},"potentialAction":[{"@type":"SearchAction","target":{"@type":"EntryPoint","urlTemplate":"https:\/\/turismevalles.com\/en\/?s={search_term_string}"},"query-input":{"@type":"PropertyValueSpecification","valueRequired":true,"valueName":"search_term_string"}}],"inLanguage":"es"},{"@type":"Organization","@id":"https:\/\/turismevalles.com\/en\/#organization","name":"Turisme Vall\u00e8s","url":"https:\/\/turismevalles.com\/en\/","logo":{"@type":"ImageObject","inLanguage":"es","@id":"https:\/\/turismevalles.com\/en\/#\/schema\/logo\/image\/","url":"https:\/\/turismevalles.com\/wp-content\/uploads\/2020\/08\/cropped-logo_ca-2.png","contentUrl":"https:\/\/turismevalles.com\/wp-content\/uploads\/2020\/08\/cropped-logo_ca-2.png","width":314,"height":85,"caption":"Turisme Vall\u00e8s"},"image":{"@id":"https:\/\/turismevalles.com\/en\/#\/schema\/logo\/image\/"}}]}},"uagb_featured_image_src":{"full":["https:\/\/turismevalles.com\/wp-content\/uploads\/2026\/02\/Disseny_sense_titol__1_LF.png",1414,2000,false],"thumbnail":["https:\/\/turismevalles.com\/wp-content\/uploads\/2026\/02\/Disseny_sense_titol__1_LF-150x150.png",150,150,true],"medium":["https:\/\/turismevalles.com\/wp-content\/uploads\/2026\/02\/Disseny_sense_titol__1_LF-212x300.png",212,300,true],"medium_large":["https:\/\/turismevalles.com\/wp-content\/uploads\/2026\/02\/Disseny_sense_titol__1_LF-768x1086.png",768,1086,true],"large":["https:\/\/turismevalles.com\/wp-content\/uploads\/2026\/02\/Disseny_sense_titol__1_LF-724x1024.png",724,1024,true],"thumblist":["https:\/\/turismevalles.com\/wp-content\/uploads\/2026\/02\/Disseny_sense_titol__1_LF-300x300.png",300,300,true],"meccarouselthumb":["https:\/\/turismevalles.com\/wp-content\/uploads\/2026\/02\/Disseny_sense_titol__1_LF-474x324.png",474,324,true],"gridsquare":["https:\/\/turismevalles.com\/wp-content\/uploads\/2026\/02\/Disseny_sense_titol__1_LF-391x260.png",391,260,true],"tileview":["https:\/\/turismevalles.com\/wp-content\/uploads\/2026\/02\/Disseny_sense_titol__1_LF-300x400.png",300,400,true],"1536x1536":["https:\/\/turismevalles.com\/wp-content\/uploads\/2026\/02\/Disseny_sense_titol__1_LF-1086x1536.png",1086,1536,true],"2048x2048":["https:\/\/turismevalles.com\/wp-content\/uploads\/2026\/02\/Disseny_sense_titol__1_LF.png",1414,2000,false]},"uagb_author_info":{"display_name":"Turisme Valles","author_link":"https:\/\/turismevalles.com\/es\/author\/turismevallesoriental\/"},"uagb_comment_info":0,"uagb_excerpt":"Para m\u00e1s informaci\u00f3n, clicar aqu\u00ed","_links":{"self":[{"href":"https:\/\/turismevalles.com\/es\/wp-json\/wp\/v2\/mec-events\/67777","targetHints":{"allow":["GET"]}}],"collection":[{"href":"https:\/\/turismevalles.com\/es\/wp-json\/wp\/v2\/mec-events"}],"about":[{"href":"https:\/\/turismevalles.com\/es\/wp-json\/wp\/v2\/types\/mec-events"}],"author":[{"embeddable":true,"href":"https:\/\/turismevalles.com\/es\/wp-json\/wp\/v2\/users\/5"}],"replies":[{"embeddable":true,"href":"https:\/\/turismevalles.com\/es\/wp-json\/wp\/v2\/comments?post=67777"}],"wp:featuredmedia":[{"embeddable":true,"href":"https:\/\/turismevalles.com\/es\/wp-json\/wp\/v2\/media\/67775"}],"wp:attachment":[{"href":"https:\/\/turismevalles.com\/es\/wp-json\/wp\/v2\/media?parent=67777"}],"wp:term":[{"taxonomy":"post_tag","embeddable":true,"href":"https:\/\/turismevalles.com\/es\/wp-json\/wp\/v2\/tags?post=67777"},{"taxonomy":"poblacions","embeddable":true,"href":"https:\/\/turismevalles.com\/es\/wp-json\/wp\/v2\/poblacions?post=67777"},{"taxonomy":"mec_category","embeddable":true,"href":"https:\/\/turismevalles.com\/es\/wp-json\/wp\/v2\/mec_category?post=67777"}],"curies":[{"name":"wp","href":"https:\/\/api.w.org\/{rel}","templated":true}]}}

Llega el Carnaval a Les Franqueses del Vallès

<p>Para más información, <a href="https://www.lesfranqueses.cat/actualitat/noticies/el-14-de-febrer-arriba-carnaval.html#">clicar aquí</a></p>

<p>Para más información, clicar aquí</p>

<!-- This site is optimized with the Yoast SEO plugin v26.4 - https://yoast.com/wordpress/plugins/seo/ -->
<title>Llega el Carnaval a Les Franqueses del Vallès - Turisme Vallès</title>
<meta name="description" content="carnaval-en-les-franqueses-del-valles-congost-valles-oriental-costa-barcelona-catalunya" />
<meta name="robots" content="index, follow, max-snippet:-1, max-image-preview:large, max-video-preview:-1" />
<link rel="canonical" href="https://turismevalles.com/es/events/llega-el-carnaval-a-les-franqueses-del-valles/" />
<meta property="og:locale" content="es_ES" />
<meta property="og:type" content="article" />
<meta property="og:title" content="Llega el Carnaval a Les Franqueses del Vallès - Turisme Vallès" />
<meta property="og:description" content="carnaval-en-les-franqueses-del-valles-congost-valles-oriental-costa-barcelona-catalunya" />
<meta property="og:url" content="https://turismevalles.com/es/events/llega-el-carnaval-a-les-franqueses-del-valles/" />
<meta property="og:site_name" content="Turisme Vallès" />
<meta property="article:modified_time" content="2026-02-03T13:26:33+00:00" />
<meta property="og:image" content="https://turismevalles.com/wp-content/uploads/2026/02/Disseny_sense_titol__1_LF.png" />
	<meta property="og:image:width" content="1414" />
	<meta property="og:image:height" content="2000" />
	<meta property="og:image:type" content="image/png" />
<meta name="twitter:card" content="summary_large_image" />
<meta name="twitter:label1" content="Tiempo de lectura" />
	<meta name="twitter:data1" content="1 minuto" />
<script type="application/ld+json" class="yoast-schema-graph">{"@context":"https://schema.org","@graph":[{"@type":"WebPage","@id":"https://turismevalles.com/es/events/llega-el-carnaval-a-les-franqueses-del-valles/","url":"https://turismevalles.com/es/events/llega-el-carnaval-a-les-franqueses-del-valles/","name":"Llega el Carnaval a Les Franqueses del Vallès - Turisme Vallès","isPartOf":{"@id":"https://turismevalles.com/en/#website"},"primaryImageOfPage":{"@id":"https://turismevalles.com/es/events/llega-el-carnaval-a-les-franqueses-del-valles/#primaryimage"},"image":{"@id":"https://turismevalles.com/es/events/llega-el-carnaval-a-les-franqueses-del-valles/#primaryimage"},"thumbnailUrl":"https://turismevalles.com/wp-content/uploads/2026/02/Disseny_sense_titol__1_LF.png","datePublished":"2026-02-03T13:25:25+00:00","dateModified":"2026-02-03T13:26:33+00:00","description":"carnaval-en-les-franqueses-del-valles-congost-valles-oriental-costa-barcelona-catalunya","breadcrumb":{"@id":"https://turismevalles.com/es/events/llega-el-carnaval-a-les-franqueses-del-valles/#breadcrumb"},"inLanguage":"es","potentialAction":[{"@type":"ReadAction","target":["https://turismevalles.com/es/events/llega-el-carnaval-a-les-franqueses-del-valles/"]}]},{"@type":"ImageObject","inLanguage":"es","@id":"https://turismevalles.com/es/events/llega-el-carnaval-a-les-franqueses-del-valles/#primaryimage","url":"https://turismevalles.com/wp-content/uploads/2026/02/Disseny_sense_titol__1_LF.png","contentUrl":"https://turismevalles.com/wp-content/uploads/2026/02/Disseny_sense_titol__1_LF.png","width":1414,"height":2000},{"@type":"BreadcrumbList","@id":"https://turismevalles.com/es/events/llega-el-carnaval-a-les-franqueses-del-valles/#breadcrumb","itemListElement":[{"@type":"ListItem","position":1,"name":"Inicio","item":"https://turismevalles.com/es/"},{"@type":"ListItem","position":2,"name":"Esdeveniments","item":"https://turismevalles.com/events/"},{"@type":"ListItem","position":3,"name":"Llega el Carnaval a Les Franqueses del Vallès"}]},{"@type":"WebSite","@id":"https://turismevalles.com/en/#website","url":"https://turismevalles.com/en/","name":"Turisme Vallès","description":"","publisher":{"@id":"https://turismevalles.com/en/#organization"},"potentialAction":[{"@type":"SearchAction","target":{"@type":"EntryPoint","urlTemplate":"https://turismevalles.com/en/?s={search_term_string}"},"query-input":{"@type":"PropertyValueSpecification","valueRequired":true,"valueName":"search_term_string"}}],"inLanguage":"es"},{"@type":"Organization","@id":"https://turismevalles.com/en/#organization","name":"Turisme Vallès","url":"https://turismevalles.com/en/","logo":{"@type":"ImageObject","inLanguage":"es","@id":"https://turismevalles.com/en/#/schema/logo/image/","url":"https://turismevalles.com/wp-content/uploads/2020/08/cropped-logo_ca-2.png","contentUrl":"https://turismevalles.com/wp-content/uploads/2020/08/cropped-logo_ca-2.png","width":314,"height":85,"caption":"Turisme Vallès"},"image":{"@id":"https://turismevalles.com/en/#/schema/logo/image/"}}]}</script>
<!-- / Yoast SEO plugin. -->

Llega el Carnaval a Les Franqueses del Vallès - Turisme Vallès

Turisme Vallès

Para más información, clicar aquí
