{"id":70671,"date":"2026-05-19T14:16:26","date_gmt":"2026-05-19T12:16:26","guid":{"rendered":"https:\/\/turismevalles.com\/?post_type=mec-events&#038;p=70671"},"modified":"2026-05-19T14:16:26","modified_gmt":"2026-05-19T12:16:26","slug":"1era-edicion-gastrotapas-en-les-franqueses-del-valles","status":"publish","type":"mec-events","link":"https:\/\/turismevalles.com\/es\/events\/1era-edicion-gastrotapas-en-les-franqueses-del-valles\/","title":{"rendered":"1era. Edici\u00f3n \u00bb GastroTapas\u00bb en Les Franqueses del Vall\u00e8s"},"content":{"rendered":"<p>Para m\u00e1s informaci\u00f3n, <a href=\"https:\/\/www-lesfranqueses-cat.translate.goog\/actualitat\/noticies\/gaudeix-del-gastrotapes-del-22-de-maig-al-7-de-juny.html?_x_tr_sl=ca&amp;_x_tr_tl=es&amp;_x_tr_hl=esie%3DUTF-8\">clicar aqu\u00ed<\/a><\/p>\n","protected":false},"excerpt":{"rendered":"<p>Para m\u00e1s informaci\u00f3n, clicar aqu\u00ed<\/p>\n","protected":false},"author":5,"featured_media":70670,"comment_status":"open","ping_status":"closed","template":"","tags":[1500,1939,1469],"poblacions":[903],"mec_category":[1660,938],"class_list":["post-70671","mec-events","type-mec-events","status-publish","has-post-thumbnail","hentry","tag-festa","tag-festa-2-es","tag-gastronomia-es","poblacions-les-franqueses-del-valles-es","mec_category-fires-i-festes-es","mec_category-gastronomia-es","generate-columns","tablet-grid-50","mobile-grid-100","grid-parent","grid-33"],"acf":[],"yoast_head":"<!-- This site is optimized with the Yoast SEO plugin v26.4 - https:\/\/yoast.com\/wordpress\/plugins\/seo\/ -->\n<title>1era. Edici\u00f3n &quot; GastroTapas&quot; en Les Franqueses del Vall\u00e8s - Turisme Vall\u00e8s<\/title>\n<meta name=\"robots\" content=\"index, follow, max-snippet:-1, max-image-preview:large, max-video-preview:-1\" \/>\n<link rel=\"canonical\" href=\"https:\/\/turismevalles.com\/es\/events\/1era-edicion-gastrotapas-en-les-franqueses-del-valles\/\" \/>\n<meta property=\"og:locale\" content=\"es_ES\" \/>\n<meta property=\"og:type\" content=\"article\" \/>\n<meta property=\"og:title\" content=\"1era. Edici\u00f3n &quot; GastroTapas&quot; en Les Franqueses del Vall\u00e8s - Turisme Vall\u00e8s\" \/>\n<meta property=\"og:description\" content=\"Para m\u00e1s informaci\u00f3n, clicar aqu\u00ed\" \/>\n<meta property=\"og:url\" content=\"https:\/\/turismevalles.com\/es\/events\/1era-edicion-gastrotapas-en-les-franqueses-del-valles\/\" \/>\n<meta property=\"og:site_name\" content=\"Turisme Vall\u00e8s\" \/>\n<meta property=\"og:image\" content=\"https:\/\/turismevalles.com\/wp-content\/uploads\/2026\/05\/LFdV.jpeg\" \/>\n\t<meta property=\"og:image:width\" content=\"1600\" \/>\n\t<meta property=\"og:image:height\" content=\"1200\" \/>\n\t<meta property=\"og:image:type\" content=\"image\/jpeg\" \/>\n<meta name=\"twitter:card\" content=\"summary_large_image\" \/>\n<meta name=\"twitter:label1\" content=\"Tiempo de lectura\" \/>\n\t<meta name=\"twitter:data1\" content=\"1 minuto\" \/>\n<script type=\"application\/ld+json\" class=\"yoast-schema-graph\">{\"@context\":\"https:\/\/schema.org\",\"@graph\":[{\"@type\":\"WebPage\",\"@id\":\"https:\/\/turismevalles.com\/es\/events\/1era-edicion-gastrotapas-en-les-franqueses-del-valles\/\",\"url\":\"https:\/\/turismevalles.com\/es\/events\/1era-edicion-gastrotapas-en-les-franqueses-del-valles\/\",\"name\":\"1era. Edici\u00f3n \\\" GastroTapas\\\" en Les Franqueses del Vall\u00e8s - Turisme Vall\u00e8s\",\"isPartOf\":{\"@id\":\"https:\/\/turismevalles.com\/en\/#website\"},\"primaryImageOfPage\":{\"@id\":\"https:\/\/turismevalles.com\/es\/events\/1era-edicion-gastrotapas-en-les-franqueses-del-valles\/#primaryimage\"},\"image\":{\"@id\":\"https:\/\/turismevalles.com\/es\/events\/1era-edicion-gastrotapas-en-les-franqueses-del-valles\/#primaryimage\"},\"thumbnailUrl\":\"https:\/\/turismevalles.com\/wp-content\/uploads\/2026\/05\/LFdV.jpeg\",\"datePublished\":\"2026-05-19T12:16:26+00:00\",\"breadcrumb\":{\"@id\":\"https:\/\/turismevalles.com\/es\/events\/1era-edicion-gastrotapas-en-les-franqueses-del-valles\/#breadcrumb\"},\"inLanguage\":\"es\",\"potentialAction\":[{\"@type\":\"ReadAction\",\"target\":[\"https:\/\/turismevalles.com\/es\/events\/1era-edicion-gastrotapas-en-les-franqueses-del-valles\/\"]}]},{\"@type\":\"ImageObject\",\"inLanguage\":\"es\",\"@id\":\"https:\/\/turismevalles.com\/es\/events\/1era-edicion-gastrotapas-en-les-franqueses-del-valles\/#primaryimage\",\"url\":\"https:\/\/turismevalles.com\/wp-content\/uploads\/2026\/05\/LFdV.jpeg\",\"contentUrl\":\"https:\/\/turismevalles.com\/wp-content\/uploads\/2026\/05\/LFdV.jpeg\",\"width\":1600,\"height\":1200},{\"@type\":\"BreadcrumbList\",\"@id\":\"https:\/\/turismevalles.com\/es\/events\/1era-edicion-gastrotapas-en-les-franqueses-del-valles\/#breadcrumb\",\"itemListElement\":[{\"@type\":\"ListItem\",\"position\":1,\"name\":\"Inicio\",\"item\":\"https:\/\/turismevalles.com\/es\/\"},{\"@type\":\"ListItem\",\"position\":2,\"name\":\"Esdeveniments\",\"item\":\"https:\/\/turismevalles.com\/events\/\"},{\"@type\":\"ListItem\",\"position\":3,\"name\":\"1era. Edici\u00f3n &#8221; GastroTapas&#8221; en Les Franqueses del Vall\u00e8s\"}]},{\"@type\":\"WebSite\",\"@id\":\"https:\/\/turismevalles.com\/en\/#website\",\"url\":\"https:\/\/turismevalles.com\/en\/\",\"name\":\"Turisme Vall\u00e8s\",\"description\":\"\",\"publisher\":{\"@id\":\"https:\/\/turismevalles.com\/en\/#organization\"},\"potentialAction\":[{\"@type\":\"SearchAction\",\"target\":{\"@type\":\"EntryPoint\",\"urlTemplate\":\"https:\/\/turismevalles.com\/en\/?s={search_term_string}\"},\"query-input\":{\"@type\":\"PropertyValueSpecification\",\"valueRequired\":true,\"valueName\":\"search_term_string\"}}],\"inLanguage\":\"es\"},{\"@type\":\"Organization\",\"@id\":\"https:\/\/turismevalles.com\/en\/#organization\",\"name\":\"Turisme Vall\u00e8s\",\"url\":\"https:\/\/turismevalles.com\/en\/\",\"logo\":{\"@type\":\"ImageObject\",\"inLanguage\":\"es\",\"@id\":\"https:\/\/turismevalles.com\/en\/#\/schema\/logo\/image\/\",\"url\":\"https:\/\/turismevalles.com\/wp-content\/uploads\/2020\/08\/cropped-logo_ca-2.png\",\"contentUrl\":\"https:\/\/turismevalles.com\/wp-content\/uploads\/2020\/08\/cropped-logo_ca-2.png\",\"width\":314,\"height\":85,\"caption\":\"Turisme Vall\u00e8s\"},\"image\":{\"@id\":\"https:\/\/turismevalles.com\/en\/#\/schema\/logo\/image\/\"}}]}<\/script>\n<!-- \/ Yoast SEO plugin. -->","yoast_head_json":{"title":"1era. Edici\u00f3n \" GastroTapas\" en Les Franqueses del Vall\u00e8s - Turisme Vall\u00e8s","robots":{"index":"index","follow":"follow","max-snippet":"max-snippet:-1","max-image-preview":"max-image-preview:large","max-video-preview":"max-video-preview:-1"},"canonical":"https:\/\/turismevalles.com\/es\/events\/1era-edicion-gastrotapas-en-les-franqueses-del-valles\/","og_locale":"es_ES","og_type":"article","og_title":"1era. Edici\u00f3n \" GastroTapas\" en Les Franqueses del Vall\u00e8s - Turisme Vall\u00e8s","og_description":"Para m\u00e1s informaci\u00f3n, clicar aqu\u00ed","og_url":"https:\/\/turismevalles.com\/es\/events\/1era-edicion-gastrotapas-en-les-franqueses-del-valles\/","og_site_name":"Turisme Vall\u00e8s","og_image":[{"width":1600,"height":1200,"url":"https:\/\/turismevalles.com\/wp-content\/uploads\/2026\/05\/LFdV.jpeg","type":"image\/jpeg"}],"twitter_card":"summary_large_image","twitter_misc":{"Tiempo de lectura":"1 minuto"},"schema":{"@context":"https:\/\/schema.org","@graph":[{"@type":"WebPage","@id":"https:\/\/turismevalles.com\/es\/events\/1era-edicion-gastrotapas-en-les-franqueses-del-valles\/","url":"https:\/\/turismevalles.com\/es\/events\/1era-edicion-gastrotapas-en-les-franqueses-del-valles\/","name":"1era. Edici\u00f3n \" GastroTapas\" en Les Franqueses del Vall\u00e8s - Turisme Vall\u00e8s","isPartOf":{"@id":"https:\/\/turismevalles.com\/en\/#website"},"primaryImageOfPage":{"@id":"https:\/\/turismevalles.com\/es\/events\/1era-edicion-gastrotapas-en-les-franqueses-del-valles\/#primaryimage"},"image":{"@id":"https:\/\/turismevalles.com\/es\/events\/1era-edicion-gastrotapas-en-les-franqueses-del-valles\/#primaryimage"},"thumbnailUrl":"https:\/\/turismevalles.com\/wp-content\/uploads\/2026\/05\/LFdV.jpeg","datePublished":"2026-05-19T12:16:26+00:00","breadcrumb":{"@id":"https:\/\/turismevalles.com\/es\/events\/1era-edicion-gastrotapas-en-les-franqueses-del-valles\/#breadcrumb"},"inLanguage":"es","potentialAction":[{"@type":"ReadAction","target":["https:\/\/turismevalles.com\/es\/events\/1era-edicion-gastrotapas-en-les-franqueses-del-valles\/"]}]},{"@type":"ImageObject","inLanguage":"es","@id":"https:\/\/turismevalles.com\/es\/events\/1era-edicion-gastrotapas-en-les-franqueses-del-valles\/#primaryimage","url":"https:\/\/turismevalles.com\/wp-content\/uploads\/2026\/05\/LFdV.jpeg","contentUrl":"https:\/\/turismevalles.com\/wp-content\/uploads\/2026\/05\/LFdV.jpeg","width":1600,"height":1200},{"@type":"BreadcrumbList","@id":"https:\/\/turismevalles.com\/es\/events\/1era-edicion-gastrotapas-en-les-franqueses-del-valles\/#breadcrumb","itemListElement":[{"@type":"ListItem","position":1,"name":"Inicio","item":"https:\/\/turismevalles.com\/es\/"},{"@type":"ListItem","position":2,"name":"Esdeveniments","item":"https:\/\/turismevalles.com\/events\/"},{"@type":"ListItem","position":3,"name":"1era. Edici\u00f3n &#8221; GastroTapas&#8221; en Les Franqueses del Vall\u00e8s"}]},{"@type":"WebSite","@id":"https:\/\/turismevalles.com\/en\/#website","url":"https:\/\/turismevalles.com\/en\/","name":"Turisme Vall\u00e8s","description":"","publisher":{"@id":"https:\/\/turismevalles.com\/en\/#organization"},"potentialAction":[{"@type":"SearchAction","target":{"@type":"EntryPoint","urlTemplate":"https:\/\/turismevalles.com\/en\/?s={search_term_string}"},"query-input":{"@type":"PropertyValueSpecification","valueRequired":true,"valueName":"search_term_string"}}],"inLanguage":"es"},{"@type":"Organization","@id":"https:\/\/turismevalles.com\/en\/#organization","name":"Turisme Vall\u00e8s","url":"https:\/\/turismevalles.com\/en\/","logo":{"@type":"ImageObject","inLanguage":"es","@id":"https:\/\/turismevalles.com\/en\/#\/schema\/logo\/image\/","url":"https:\/\/turismevalles.com\/wp-content\/uploads\/2020\/08\/cropped-logo_ca-2.png","contentUrl":"https:\/\/turismevalles.com\/wp-content\/uploads\/2020\/08\/cropped-logo_ca-2.png","width":314,"height":85,"caption":"Turisme Vall\u00e8s"},"image":{"@id":"https:\/\/turismevalles.com\/en\/#\/schema\/logo\/image\/"}}]}},"uagb_featured_image_src":{"full":["https:\/\/turismevalles.com\/wp-content\/uploads\/2026\/05\/LFdV.jpeg",1600,1200,false],"thumbnail":["https:\/\/turismevalles.com\/wp-content\/uploads\/2026\/05\/LFdV-150x150.jpeg",150,150,true],"medium":["https:\/\/turismevalles.com\/wp-content\/uploads\/2026\/05\/LFdV-300x225.jpeg",300,225,true],"medium_large":["https:\/\/turismevalles.com\/wp-content\/uploads\/2026\/05\/LFdV-768x576.jpeg",768,576,true],"large":["https:\/\/turismevalles.com\/wp-content\/uploads\/2026\/05\/LFdV-1024x768.jpeg",1024,768,true],"thumblist":["https:\/\/turismevalles.com\/wp-content\/uploads\/2026\/05\/LFdV-300x300.jpeg",300,300,true],"meccarouselthumb":["https:\/\/turismevalles.com\/wp-content\/uploads\/2026\/05\/LFdV-474x324.jpeg",474,324,true],"gridsquare":["https:\/\/turismevalles.com\/wp-content\/uploads\/2026\/05\/LFdV-391x260.jpeg",391,260,true],"tileview":["https:\/\/turismevalles.com\/wp-content\/uploads\/2026\/05\/LFdV-300x400.jpeg",300,400,true],"1536x1536":["https:\/\/turismevalles.com\/wp-content\/uploads\/2026\/05\/LFdV-1536x1152.jpeg",1536,1152,true],"2048x2048":["https:\/\/turismevalles.com\/wp-content\/uploads\/2026\/05\/LFdV.jpeg",1600,1200,false]},"uagb_author_info":{"display_name":"Turisme Valles","author_link":"https:\/\/turismevalles.com\/es\/author\/turismevallesoriental\/"},"uagb_comment_info":0,"uagb_excerpt":"Para m\u00e1s informaci\u00f3n, clicar aqu\u00ed","_links":{"self":[{"href":"https:\/\/turismevalles.com\/es\/wp-json\/wp\/v2\/mec-events\/70671","targetHints":{"allow":["GET"]}}],"collection":[{"href":"https:\/\/turismevalles.com\/es\/wp-json\/wp\/v2\/mec-events"}],"about":[{"href":"https:\/\/turismevalles.com\/es\/wp-json\/wp\/v2\/types\/mec-events"}],"author":[{"embeddable":true,"href":"https:\/\/turismevalles.com\/es\/wp-json\/wp\/v2\/users\/5"}],"replies":[{"embeddable":true,"href":"https:\/\/turismevalles.com\/es\/wp-json\/wp\/v2\/comments?post=70671"}],"wp:featuredmedia":[{"embeddable":true,"href":"https:\/\/turismevalles.com\/es\/wp-json\/wp\/v2\/media\/70670"}],"wp:attachment":[{"href":"https:\/\/turismevalles.com\/es\/wp-json\/wp\/v2\/media?parent=70671"}],"wp:term":[{"taxonomy":"post_tag","embeddable":true,"href":"https:\/\/turismevalles.com\/es\/wp-json\/wp\/v2\/tags?post=70671"},{"taxonomy":"poblacions","embeddable":true,"href":"https:\/\/turismevalles.com\/es\/wp-json\/wp\/v2\/poblacions?post=70671"},{"taxonomy":"mec_category","embeddable":true,"href":"https:\/\/turismevalles.com\/es\/wp-json\/wp\/v2\/mec_category?post=70671"}],"curies":[{"name":"wp","href":"https:\/\/api.w.org\/{rel}","templated":true}]}}

1era. Edición » GastroTapas» en Les Franqueses del Vallès

<p>Para más información, <a href="https://www-lesfranqueses-cat.translate.goog/actualitat/noticies/gaudeix-del-gastrotapes-del-22-de-maig-al-7-de-juny.html?_x_tr_sl=ca&amp;_x_tr_tl=es&amp;_x_tr_hl=esie%3DUTF-8">clicar aquí</a></p>

<p>Para más información, clicar aquí</p>

<!-- This site is optimized with the Yoast SEO plugin v26.4 - https://yoast.com/wordpress/plugins/seo/ -->
<title>1era. Edición &quot; GastroTapas&quot; en Les Franqueses del Vallès - Turisme Vallès</title>
<meta name="robots" content="index, follow, max-snippet:-1, max-image-preview:large, max-video-preview:-1" />
<link rel="canonical" href="https://turismevalles.com/es/events/1era-edicion-gastrotapas-en-les-franqueses-del-valles/" />
<meta property="og:locale" content="es_ES" />
<meta property="og:type" content="article" />
<meta property="og:title" content="1era. Edición &quot; GastroTapas&quot; en Les Franqueses del Vallès - Turisme Vallès" />
<meta property="og:description" content="Para más información, clicar aquí" />
<meta property="og:url" content="https://turismevalles.com/es/events/1era-edicion-gastrotapas-en-les-franqueses-del-valles/" />
<meta property="og:site_name" content="Turisme Vallès" />
<meta property="og:image" content="https://turismevalles.com/wp-content/uploads/2026/05/LFdV.jpeg" />
	<meta property="og:image:width" content="1600" />
	<meta property="og:image:height" content="1200" />
	<meta property="og:image:type" content="image/jpeg" />
<meta name="twitter:card" content="summary_large_image" />
<meta name="twitter:label1" content="Tiempo de lectura" />
	<meta name="twitter:data1" content="1 minuto" />
<script type="application/ld+json" class="yoast-schema-graph">{"@context":"https://schema.org","@graph":[{"@type":"WebPage","@id":"https://turismevalles.com/es/events/1era-edicion-gastrotapas-en-les-franqueses-del-valles/","url":"https://turismevalles.com/es/events/1era-edicion-gastrotapas-en-les-franqueses-del-valles/","name":"1era. Edición \" GastroTapas\" en Les Franqueses del Vallès - Turisme Vallès","isPartOf":{"@id":"https://turismevalles.com/en/#website"},"primaryImageOfPage":{"@id":"https://turismevalles.com/es/events/1era-edicion-gastrotapas-en-les-franqueses-del-valles/#primaryimage"},"image":{"@id":"https://turismevalles.com/es/events/1era-edicion-gastrotapas-en-les-franqueses-del-valles/#primaryimage"},"thumbnailUrl":"https://turismevalles.com/wp-content/uploads/2026/05/LFdV.jpeg","datePublished":"2026-05-19T12:16:26+00:00","breadcrumb":{"@id":"https://turismevalles.com/es/events/1era-edicion-gastrotapas-en-les-franqueses-del-valles/#breadcrumb"},"inLanguage":"es","potentialAction":[{"@type":"ReadAction","target":["https://turismevalles.com/es/events/1era-edicion-gastrotapas-en-les-franqueses-del-valles/"]}]},{"@type":"ImageObject","inLanguage":"es","@id":"https://turismevalles.com/es/events/1era-edicion-gastrotapas-en-les-franqueses-del-valles/#primaryimage","url":"https://turismevalles.com/wp-content/uploads/2026/05/LFdV.jpeg","contentUrl":"https://turismevalles.com/wp-content/uploads/2026/05/LFdV.jpeg","width":1600,"height":1200},{"@type":"BreadcrumbList","@id":"https://turismevalles.com/es/events/1era-edicion-gastrotapas-en-les-franqueses-del-valles/#breadcrumb","itemListElement":[{"@type":"ListItem","position":1,"name":"Inicio","item":"https://turismevalles.com/es/"},{"@type":"ListItem","position":2,"name":"Esdeveniments","item":"https://turismevalles.com/events/"},{"@type":"ListItem","position":3,"name":"1era. Edición &#8221; GastroTapas&#8221; en Les Franqueses del Vallès"}]},{"@type":"WebSite","@id":"https://turismevalles.com/en/#website","url":"https://turismevalles.com/en/","name":"Turisme Vallès","description":"","publisher":{"@id":"https://turismevalles.com/en/#organization"},"potentialAction":[{"@type":"SearchAction","target":{"@type":"EntryPoint","urlTemplate":"https://turismevalles.com/en/?s={search_term_string}"},"query-input":{"@type":"PropertyValueSpecification","valueRequired":true,"valueName":"search_term_string"}}],"inLanguage":"es"},{"@type":"Organization","@id":"https://turismevalles.com/en/#organization","name":"Turisme Vallès","url":"https://turismevalles.com/en/","logo":{"@type":"ImageObject","inLanguage":"es","@id":"https://turismevalles.com/en/#/schema/logo/image/","url":"https://turismevalles.com/wp-content/uploads/2020/08/cropped-logo_ca-2.png","contentUrl":"https://turismevalles.com/wp-content/uploads/2020/08/cropped-logo_ca-2.png","width":314,"height":85,"caption":"Turisme Vallès"},"image":{"@id":"https://turismevalles.com/en/#/schema/logo/image/"}}]}</script>
<!-- / Yoast SEO plugin. -->

1era. Edición " GastroTapas" en Les Franqueses del Vallès - Turisme Vallès

Para más información, clicar aquí

Turisme Vallès

1era. Edición &#8221; GastroTapas&#8221; en Les Franqueses del Vallès
