{"id":73758,"date":"2026-09-01T15:03:11","date_gmt":"2026-09-01T13:03:11","guid":{"rendered":"https:\/\/turismevalles.com\/events\/parques-en-concierto-en-sant-pere-de-vilamajor\/"},"modified":"2026-09-01T15:03:11","modified_gmt":"2026-09-01T13:03:11","slug":"parques-en-concierto-en-sant-pere-de-vilamajor","status":"publish","type":"mec-events","link":"https:\/\/turismevalles.com\/es\/events\/parques-en-concierto-en-sant-pere-de-vilamajor\/","title":{"rendered":"Parques en concierto en Sant Pere de Vilamajor"},"content":{"rendered":"<p>Parques en concierto 2026 \u00b7 Pau Figueres<br \/>\nConcierto de guitarra flamenca que fusiona tradici\u00f3n, jazz y sonoridades contempor\u00e1neas.<br \/>\n6 de septiembre, 12 h<br \/>\nIglesia de San Pedro, San Pedro de Vilamajor<br \/>\nGratuito \u00b7 Reserva previa obligatoria<br \/>\nA las 11 h, visita gratuita a la For\u00e7a de Vilamajor.<br \/>\nToda la informaci\u00f3n y reservas en <a href=\"https:\/\/parcs.diba.cat\/ca\/web\/agenda\/-\/montseny-parcs-en-concert-2026-cl%C3%A0ssica-pau-figueres\">parcs.diba.cat<\/a><\/p>\n","protected":false},"excerpt":{"rendered":"<p>Parques en concierto 2026 \u00b7 Pau Figueres Concierto de guitarra flamenca que fusiona tradici\u00f3n, jazz y sonoridades contempor\u00e1neas. 6 de septiembre, 12 h Iglesia de &#8230; <a title=\"Parques en concierto en Sant Pere de Vilamajor\" class=\"read-more\" href=\"https:\/\/turismevalles.com\/es\/events\/parques-en-concierto-en-sant-pere-de-vilamajor\/\" aria-label=\"M\u00e1s en Parques en concierto en Sant Pere de Vilamajor\">Veure m\u00e9s<\/a><\/p>\n","protected":false},"author":5,"featured_media":73755,"comment_status":"open","ping_status":"closed","template":"","tags":[1097,1135,2683],"poblacions":[847],"mec_category":[1094,1095],"class_list":["post-73758","mec-events","type-mec-events","status-publish","has-post-thumbnail","hentry","tag-conciertos","tag-musica-es","tag-parcs-naturals-es","poblacions-sant-pere-de-vilamajor-es","mec_category-conciertos","mec_category-espectaculos","generate-columns","tablet-grid-50","mobile-grid-100","grid-parent","grid-33"],"acf":[],"yoast_head":"<!-- This site is optimized with the Yoast SEO plugin v26.4 - https:\/\/yoast.com\/wordpress\/plugins\/seo\/ -->\n<title>Parques en concierto en Sant Pere de Vilamajor - Turisme Vall\u00e8s<\/title>\n<meta name=\"description\" content=\"Parques en concierto en Sant Pere de Vilamajor\" \/>\n<meta name=\"robots\" content=\"index, follow, max-snippet:-1, max-image-preview:large, max-video-preview:-1\" \/>\n<link rel=\"canonical\" href=\"https:\/\/turismevalles.com\/es\/events\/parques-en-concierto-en-sant-pere-de-vilamajor\/\" \/>\n<meta property=\"og:locale\" content=\"es_ES\" \/>\n<meta property=\"og:type\" content=\"article\" \/>\n<meta property=\"og:title\" content=\"Parques en concierto en Sant Pere de Vilamajor - Turisme Vall\u00e8s\" \/>\n<meta property=\"og:description\" content=\"Parques en concierto en Sant Pere de Vilamajor\" \/>\n<meta property=\"og:url\" content=\"https:\/\/turismevalles.com\/es\/events\/parques-en-concierto-en-sant-pere-de-vilamajor\/\" \/>\n<meta property=\"og:site_name\" content=\"Turisme Vall\u00e8s\" \/>\n<meta property=\"og:image\" content=\"https:\/\/turismevalles.com\/wp-content\/uploads\/2026\/09\/Pau-Figueras_anapalma_0009-copy.jpg\" \/>\n\t<meta property=\"og:image:width\" content=\"650\" \/>\n\t<meta property=\"og:image:height\" content=\"470\" \/>\n\t<meta property=\"og:image:type\" content=\"image\/jpeg\" \/>\n<meta name=\"twitter:card\" content=\"summary_large_image\" \/>\n<script type=\"application\/ld+json\" class=\"yoast-schema-graph\">{\"@context\":\"https:\/\/schema.org\",\"@graph\":[{\"@type\":\"WebPage\",\"@id\":\"https:\/\/turismevalles.com\/es\/events\/parques-en-concierto-en-sant-pere-de-vilamajor\/\",\"url\":\"https:\/\/turismevalles.com\/es\/events\/parques-en-concierto-en-sant-pere-de-vilamajor\/\",\"name\":\"Parques en concierto en Sant Pere de Vilamajor - Turisme Vall\u00e8s\",\"isPartOf\":{\"@id\":\"https:\/\/turismevalles.com\/en\/#website\"},\"primaryImageOfPage\":{\"@id\":\"https:\/\/turismevalles.com\/es\/events\/parques-en-concierto-en-sant-pere-de-vilamajor\/#primaryimage\"},\"image\":{\"@id\":\"https:\/\/turismevalles.com\/es\/events\/parques-en-concierto-en-sant-pere-de-vilamajor\/#primaryimage\"},\"thumbnailUrl\":\"https:\/\/turismevalles.com\/wp-content\/uploads\/2026\/09\/Pau-Figueras_anapalma_0009-copy.jpg\",\"datePublished\":\"2026-09-01T13:03:11+00:00\",\"description\":\"Parques en concierto en Sant Pere de Vilamajor\",\"breadcrumb\":{\"@id\":\"https:\/\/turismevalles.com\/es\/events\/parques-en-concierto-en-sant-pere-de-vilamajor\/#breadcrumb\"},\"inLanguage\":\"es\",\"potentialAction\":[{\"@type\":\"ReadAction\",\"target\":[\"https:\/\/turismevalles.com\/es\/events\/parques-en-concierto-en-sant-pere-de-vilamajor\/\"]}]},{\"@type\":\"ImageObject\",\"inLanguage\":\"es\",\"@id\":\"https:\/\/turismevalles.com\/es\/events\/parques-en-concierto-en-sant-pere-de-vilamajor\/#primaryimage\",\"url\":\"https:\/\/turismevalles.com\/wp-content\/uploads\/2026\/09\/Pau-Figueras_anapalma_0009-copy.jpg\",\"contentUrl\":\"https:\/\/turismevalles.com\/wp-content\/uploads\/2026\/09\/Pau-Figueras_anapalma_0009-copy.jpg\",\"width\":650,\"height\":470},{\"@type\":\"BreadcrumbList\",\"@id\":\"https:\/\/turismevalles.com\/es\/events\/parques-en-concierto-en-sant-pere-de-vilamajor\/#breadcrumb\",\"itemListElement\":[{\"@type\":\"ListItem\",\"position\":1,\"name\":\"Inicio\",\"item\":\"https:\/\/turismevalles.com\/es\/\"},{\"@type\":\"ListItem\",\"position\":2,\"name\":\"Esdeveniments\",\"item\":\"https:\/\/turismevalles.com\/events\/\"},{\"@type\":\"ListItem\",\"position\":3,\"name\":\"Parques en concierto en Sant Pere de Vilamajor\"}]},{\"@type\":\"WebSite\",\"@id\":\"https:\/\/turismevalles.com\/en\/#website\",\"url\":\"https:\/\/turismevalles.com\/en\/\",\"name\":\"Turisme Vall\u00e8s\",\"description\":\"\",\"publisher\":{\"@id\":\"https:\/\/turismevalles.com\/en\/#organization\"},\"potentialAction\":[{\"@type\":\"SearchAction\",\"target\":{\"@type\":\"EntryPoint\",\"urlTemplate\":\"https:\/\/turismevalles.com\/en\/?s={search_term_string}\"},\"query-input\":{\"@type\":\"PropertyValueSpecification\",\"valueRequired\":true,\"valueName\":\"search_term_string\"}}],\"inLanguage\":\"es\"},{\"@type\":\"Organization\",\"@id\":\"https:\/\/turismevalles.com\/en\/#organization\",\"name\":\"Turisme Vall\u00e8s\",\"url\":\"https:\/\/turismevalles.com\/en\/\",\"logo\":{\"@type\":\"ImageObject\",\"inLanguage\":\"es\",\"@id\":\"https:\/\/turismevalles.com\/en\/#\/schema\/logo\/image\/\",\"url\":\"https:\/\/turismevalles.com\/wp-content\/uploads\/2020\/08\/cropped-logo_ca-2.png\",\"contentUrl\":\"https:\/\/turismevalles.com\/wp-content\/uploads\/2020\/08\/cropped-logo_ca-2.png\",\"width\":314,\"height\":85,\"caption\":\"Turisme Vall\u00e8s\"},\"image\":{\"@id\":\"https:\/\/turismevalles.com\/en\/#\/schema\/logo\/image\/\"}}]}<\/script>\n<!-- \/ Yoast SEO plugin. -->","yoast_head_json":{"title":"Parques en concierto en Sant Pere de Vilamajor - Turisme Vall\u00e8s","description":"Parques en concierto en Sant Pere de Vilamajor","robots":{"index":"index","follow":"follow","max-snippet":"max-snippet:-1","max-image-preview":"max-image-preview:large","max-video-preview":"max-video-preview:-1"},"canonical":"https:\/\/turismevalles.com\/es\/events\/parques-en-concierto-en-sant-pere-de-vilamajor\/","og_locale":"es_ES","og_type":"article","og_title":"Parques en concierto en Sant Pere de Vilamajor - Turisme Vall\u00e8s","og_description":"Parques en concierto en Sant Pere de Vilamajor","og_url":"https:\/\/turismevalles.com\/es\/events\/parques-en-concierto-en-sant-pere-de-vilamajor\/","og_site_name":"Turisme Vall\u00e8s","og_image":[{"width":650,"height":470,"url":"https:\/\/turismevalles.com\/wp-content\/uploads\/2026\/09\/Pau-Figueras_anapalma_0009-copy.jpg","type":"image\/jpeg"}],"twitter_card":"summary_large_image","schema":{"@context":"https:\/\/schema.org","@graph":[{"@type":"WebPage","@id":"https:\/\/turismevalles.com\/es\/events\/parques-en-concierto-en-sant-pere-de-vilamajor\/","url":"https:\/\/turismevalles.com\/es\/events\/parques-en-concierto-en-sant-pere-de-vilamajor\/","name":"Parques en concierto en Sant Pere de Vilamajor - Turisme Vall\u00e8s","isPartOf":{"@id":"https:\/\/turismevalles.com\/en\/#website"},"primaryImageOfPage":{"@id":"https:\/\/turismevalles.com\/es\/events\/parques-en-concierto-en-sant-pere-de-vilamajor\/#primaryimage"},"image":{"@id":"https:\/\/turismevalles.com\/es\/events\/parques-en-concierto-en-sant-pere-de-vilamajor\/#primaryimage"},"thumbnailUrl":"https:\/\/turismevalles.com\/wp-content\/uploads\/2026\/09\/Pau-Figueras_anapalma_0009-copy.jpg","datePublished":"2026-09-01T13:03:11+00:00","description":"Parques en concierto en Sant Pere de Vilamajor","breadcrumb":{"@id":"https:\/\/turismevalles.com\/es\/events\/parques-en-concierto-en-sant-pere-de-vilamajor\/#breadcrumb"},"inLanguage":"es","potentialAction":[{"@type":"ReadAction","target":["https:\/\/turismevalles.com\/es\/events\/parques-en-concierto-en-sant-pere-de-vilamajor\/"]}]},{"@type":"ImageObject","inLanguage":"es","@id":"https:\/\/turismevalles.com\/es\/events\/parques-en-concierto-en-sant-pere-de-vilamajor\/#primaryimage","url":"https:\/\/turismevalles.com\/wp-content\/uploads\/2026\/09\/Pau-Figueras_anapalma_0009-copy.jpg","contentUrl":"https:\/\/turismevalles.com\/wp-content\/uploads\/2026\/09\/Pau-Figueras_anapalma_0009-copy.jpg","width":650,"height":470},{"@type":"BreadcrumbList","@id":"https:\/\/turismevalles.com\/es\/events\/parques-en-concierto-en-sant-pere-de-vilamajor\/#breadcrumb","itemListElement":[{"@type":"ListItem","position":1,"name":"Inicio","item":"https:\/\/turismevalles.com\/es\/"},{"@type":"ListItem","position":2,"name":"Esdeveniments","item":"https:\/\/turismevalles.com\/events\/"},{"@type":"ListItem","position":3,"name":"Parques en concierto en Sant Pere de Vilamajor"}]},{"@type":"WebSite","@id":"https:\/\/turismevalles.com\/en\/#website","url":"https:\/\/turismevalles.com\/en\/","name":"Turisme Vall\u00e8s","description":"","publisher":{"@id":"https:\/\/turismevalles.com\/en\/#organization"},"potentialAction":[{"@type":"SearchAction","target":{"@type":"EntryPoint","urlTemplate":"https:\/\/turismevalles.com\/en\/?s={search_term_string}"},"query-input":{"@type":"PropertyValueSpecification","valueRequired":true,"valueName":"search_term_string"}}],"inLanguage":"es"},{"@type":"Organization","@id":"https:\/\/turismevalles.com\/en\/#organization","name":"Turisme Vall\u00e8s","url":"https:\/\/turismevalles.com\/en\/","logo":{"@type":"ImageObject","inLanguage":"es","@id":"https:\/\/turismevalles.com\/en\/#\/schema\/logo\/image\/","url":"https:\/\/turismevalles.com\/wp-content\/uploads\/2020\/08\/cropped-logo_ca-2.png","contentUrl":"https:\/\/turismevalles.com\/wp-content\/uploads\/2020\/08\/cropped-logo_ca-2.png","width":314,"height":85,"caption":"Turisme Vall\u00e8s"},"image":{"@id":"https:\/\/turismevalles.com\/en\/#\/schema\/logo\/image\/"}}]}},"uagb_featured_image_src":{"full":["https:\/\/turismevalles.com\/wp-content\/uploads\/2026\/09\/Pau-Figueras_anapalma_0009-copy.jpg",650,470,false],"thumbnail":["https:\/\/turismevalles.com\/wp-content\/uploads\/2026\/09\/Pau-Figueras_anapalma_0009-copy-150x150.jpg",150,150,true],"medium":["https:\/\/turismevalles.com\/wp-content\/uploads\/2026\/09\/Pau-Figueras_anapalma_0009-copy-300x217.jpg",300,217,true],"medium_large":["https:\/\/turismevalles.com\/wp-content\/uploads\/2026\/09\/Pau-Figueras_anapalma_0009-copy.jpg",650,470,false],"large":["https:\/\/turismevalles.com\/wp-content\/uploads\/2026\/09\/Pau-Figueras_anapalma_0009-copy.jpg",650,470,false],"thumblist":["https:\/\/turismevalles.com\/wp-content\/uploads\/2026\/09\/Pau-Figueras_anapalma_0009-copy-300x300.jpg",300,300,true],"meccarouselthumb":["https:\/\/turismevalles.com\/wp-content\/uploads\/2026\/09\/Pau-Figueras_anapalma_0009-copy-474x324.jpg",474,324,true],"gridsquare":["https:\/\/turismevalles.com\/wp-content\/uploads\/2026\/09\/Pau-Figueras_anapalma_0009-copy-391x260.jpg",391,260,true],"tileview":["https:\/\/turismevalles.com\/wp-content\/uploads\/2026\/09\/Pau-Figueras_anapalma_0009-copy-300x400.jpg",300,400,true],"1536x1536":["https:\/\/turismevalles.com\/wp-content\/uploads\/2026\/09\/Pau-Figueras_anapalma_0009-copy.jpg",650,470,false],"2048x2048":["https:\/\/turismevalles.com\/wp-content\/uploads\/2026\/09\/Pau-Figueras_anapalma_0009-copy.jpg",650,470,false]},"uagb_author_info":{"display_name":"Turisme Valles","author_link":"https:\/\/turismevalles.com\/es\/author\/turismevallesoriental\/"},"uagb_comment_info":0,"uagb_excerpt":"Parques en concierto 2026 \u00b7 Pau Figueres Concierto de guitarra flamenca que fusiona tradici\u00f3n, jazz y sonoridades contempor\u00e1neas. 6 de septiembre, 12 h Iglesia de ... Veure m\u00e9s","_links":{"self":[{"href":"https:\/\/turismevalles.com\/es\/wp-json\/wp\/v2\/mec-events\/73758","targetHints":{"allow":["GET"]}}],"collection":[{"href":"https:\/\/turismevalles.com\/es\/wp-json\/wp\/v2\/mec-events"}],"about":[{"href":"https:\/\/turismevalles.com\/es\/wp-json\/wp\/v2\/types\/mec-events"}],"author":[{"embeddable":true,"href":"https:\/\/turismevalles.com\/es\/wp-json\/wp\/v2\/users\/5"}],"replies":[{"embeddable":true,"href":"https:\/\/turismevalles.com\/es\/wp-json\/wp\/v2\/comments?post=73758"}],"wp:featuredmedia":[{"embeddable":true,"href":"https:\/\/turismevalles.com\/es\/wp-json\/wp\/v2\/media\/73755"}],"wp:attachment":[{"href":"https:\/\/turismevalles.com\/es\/wp-json\/wp\/v2\/media?parent=73758"}],"wp:term":[{"taxonomy":"post_tag","embeddable":true,"href":"https:\/\/turismevalles.com\/es\/wp-json\/wp\/v2\/tags?post=73758"},{"taxonomy":"poblacions","embeddable":true,"href":"https:\/\/turismevalles.com\/es\/wp-json\/wp\/v2\/poblacions?post=73758"},{"taxonomy":"mec_category","embeddable":true,"href":"https:\/\/turismevalles.com\/es\/wp-json\/wp\/v2\/mec_category?post=73758"}],"curies":[{"name":"wp","href":"https:\/\/api.w.org\/{rel}","templated":true}]}}

<p>Parques en concierto 2026 · Pau Figueres<br />
Concierto de guitarra flamenca que fusiona tradición, jazz y sonoridades contemporáneas.<br />
6 de septiembre, 12 h<br />
Iglesia de San Pedro, San Pedro de Vilamajor<br />
Gratuito · Reserva previa obligatoria<br />
A las 11 h, visita gratuita a la Força de Vilamajor.<br />
Toda la información y reservas en <a href="https://parcs.diba.cat/ca/web/agenda/-/montseny-parcs-en-concert-2026-cl%C3%A0ssica-pau-figueres">parcs.diba.cat</a></p>

<p>Parques en concierto 2026 · Pau Figueres Concierto de guitarra flamenca que fusiona tradición, jazz y sonoridades contemporáneas. 6 de septiembre, 12 h Iglesia de &#8230; <a title="Parques en concierto en Sant Pere de Vilamajor" class="read-more" href="https://turismevalles.com/es/events/parques-en-concierto-en-sant-pere-de-vilamajor/" aria-label="Más en Parques en concierto en Sant Pere de Vilamajor">Veure més</a></p>

<!-- This site is optimized with the Yoast SEO plugin v26.4 - https://yoast.com/wordpress/plugins/seo/ -->
<title>Parques en concierto en Sant Pere de Vilamajor - Turisme Vallès</title>
<meta name="description" content="Parques en concierto en Sant Pere de Vilamajor" />
<meta name="robots" content="index, follow, max-snippet:-1, max-image-preview:large, max-video-preview:-1" />
<link rel="canonical" href="https://turismevalles.com/es/events/parques-en-concierto-en-sant-pere-de-vilamajor/" />
<meta property="og:locale" content="es_ES" />
<meta property="og:type" content="article" />
<meta property="og:title" content="Parques en concierto en Sant Pere de Vilamajor - Turisme Vallès" />
<meta property="og:description" content="Parques en concierto en Sant Pere de Vilamajor" />
<meta property="og:url" content="https://turismevalles.com/es/events/parques-en-concierto-en-sant-pere-de-vilamajor/" />
<meta property="og:site_name" content="Turisme Vallès" />
<meta property="og:image" content="https://turismevalles.com/wp-content/uploads/2026/09/Pau-Figueras_anapalma_0009-copy.jpg" />
	<meta property="og:image:width" content="650" />
	<meta property="og:image:height" content="470" />
	<meta property="og:image:type" content="image/jpeg" />
<meta name="twitter:card" content="summary_large_image" />
<script type="application/ld+json" class="yoast-schema-graph">{"@context":"https://schema.org","@graph":[{"@type":"WebPage","@id":"https://turismevalles.com/es/events/parques-en-concierto-en-sant-pere-de-vilamajor/","url":"https://turismevalles.com/es/events/parques-en-concierto-en-sant-pere-de-vilamajor/","name":"Parques en concierto en Sant Pere de Vilamajor - Turisme Vallès","isPartOf":{"@id":"https://turismevalles.com/en/#website"},"primaryImageOfPage":{"@id":"https://turismevalles.com/es/events/parques-en-concierto-en-sant-pere-de-vilamajor/#primaryimage"},"image":{"@id":"https://turismevalles.com/es/events/parques-en-concierto-en-sant-pere-de-vilamajor/#primaryimage"},"thumbnailUrl":"https://turismevalles.com/wp-content/uploads/2026/09/Pau-Figueras_anapalma_0009-copy.jpg","datePublished":"2026-09-01T13:03:11+00:00","description":"Parques en concierto en Sant Pere de Vilamajor","breadcrumb":{"@id":"https://turismevalles.com/es/events/parques-en-concierto-en-sant-pere-de-vilamajor/#breadcrumb"},"inLanguage":"es","potentialAction":[{"@type":"ReadAction","target":["https://turismevalles.com/es/events/parques-en-concierto-en-sant-pere-de-vilamajor/"]}]},{"@type":"ImageObject","inLanguage":"es","@id":"https://turismevalles.com/es/events/parques-en-concierto-en-sant-pere-de-vilamajor/#primaryimage","url":"https://turismevalles.com/wp-content/uploads/2026/09/Pau-Figueras_anapalma_0009-copy.jpg","contentUrl":"https://turismevalles.com/wp-content/uploads/2026/09/Pau-Figueras_anapalma_0009-copy.jpg","width":650,"height":470},{"@type":"BreadcrumbList","@id":"https://turismevalles.com/es/events/parques-en-concierto-en-sant-pere-de-vilamajor/#breadcrumb","itemListElement":[{"@type":"ListItem","position":1,"name":"Inicio","item":"https://turismevalles.com/es/"},{"@type":"ListItem","position":2,"name":"Esdeveniments","item":"https://turismevalles.com/events/"},{"@type":"ListItem","position":3,"name":"Parques en concierto en Sant Pere de Vilamajor"}]},{"@type":"WebSite","@id":"https://turismevalles.com/en/#website","url":"https://turismevalles.com/en/","name":"Turisme Vallès","description":"","publisher":{"@id":"https://turismevalles.com/en/#organization"},"potentialAction":[{"@type":"SearchAction","target":{"@type":"EntryPoint","urlTemplate":"https://turismevalles.com/en/?s={search_term_string}"},"query-input":{"@type":"PropertyValueSpecification","valueRequired":true,"valueName":"search_term_string"}}],"inLanguage":"es"},{"@type":"Organization","@id":"https://turismevalles.com/en/#organization","name":"Turisme Vallès","url":"https://turismevalles.com/en/","logo":{"@type":"ImageObject","inLanguage":"es","@id":"https://turismevalles.com/en/#/schema/logo/image/","url":"https://turismevalles.com/wp-content/uploads/2020/08/cropped-logo_ca-2.png","contentUrl":"https://turismevalles.com/wp-content/uploads/2020/08/cropped-logo_ca-2.png","width":314,"height":85,"caption":"Turisme Vallès"},"image":{"@id":"https://turismevalles.com/en/#/schema/logo/image/"}}]}</script>
<!-- / Yoast SEO plugin. -->

Parques en concierto en Sant Pere de Vilamajor - Turisme Vallès

Turisme Vallès

Parques en concierto 2026 · Pau Figueres Concierto de guitarra flamenca que fusiona tradición, jazz y sonoridades contemporáneas. 6 de septiembre, 12 h Iglesia de ... Veure més
