{"id":10021,"date":"2020-12-03T11:40:45","date_gmt":"2020-12-03T09:40:45","guid":{"rendered":"http:\/\/turismevalles.com.mialias.net\/menjar\/aceite-de-variedad-vera\/"},"modified":"2020-12-03T11:40:45","modified_gmt":"2020-12-03T09:40:45","slug":"aceite-de-variedad-vera","status":"publish","type":"menjar","link":"https:\/\/turismevalles.com\/es\/comer\/aceite-de-variedad-vera\/","title":{"rendered":"Aceite de Variedad Vera"},"content":{"rendered":"\n<p>Se ha documentado que las principales variedades de olivos cultivados a la comarca del Vall\u00e8s Oriental a principios del siglo XIX eran las  olesanes,  arbequines,  verdales, valencianas y  sevillanas. Durante la segunda mitad del siglo XIX, un gran n\u00famero de estas variedades desaparecieron de la comarca a consecuencia de unos episodios excepcionales de heladas y se introdujeron variedades m\u00e1s resistentes, principalmente la variedad Vera, que tambi\u00e9n se conoce como la del pa\u00eds. Actualmente, podemos degustar el aceite y conocer esta variedad gracias a los labradores que todav\u00eda la cultivan y a la Feria del Aceite, que se celebra anualmente en el molino de *Can  Sapera de Bigues.&#13;\n<\/p>\n","protected":false},"featured_media":21677,"template":"","poblacions":[],"tipus_menjar":[339],"class_list":["post-10021","menjar","type-menjar","status-publish","has-post-thumbnail","hentry","tipus_menjar-productos","generate-columns","tablet-grid-50","mobile-grid-100","grid-parent","grid-33"],"acf":[],"yoast_head":"<!-- This site is optimized with the Yoast SEO plugin v26.4 - https:\/\/yoast.com\/wordpress\/plugins\/seo\/ -->\n<title>Aceite de Variedad Vera - Turisme Vall\u00e8s<\/title>\n<meta name=\"robots\" content=\"index, follow, max-snippet:-1, max-image-preview:large, max-video-preview:-1\" \/>\n<link rel=\"canonical\" href=\"https:\/\/turismevalles.com\/es\/comer\/aceite-de-variedad-vera\/\" \/>\n<meta property=\"og:locale\" content=\"es_ES\" \/>\n<meta property=\"og:type\" content=\"article\" \/>\n<meta property=\"og:title\" content=\"Aceite de Variedad Vera - Turisme Vall\u00e8s\" \/>\n<meta property=\"og:description\" content=\"Se ha documentado que las principales variedades de olivos cultivados a la comarca del Vall\u00e8s Oriental a principios del siglo XIX eran las olesanes, arbequines, ... Veure m\u00e9s\" \/>\n<meta property=\"og:url\" content=\"https:\/\/turismevalles.com\/es\/comer\/aceite-de-variedad-vera\/\" \/>\n<meta property=\"og:site_name\" content=\"Turisme Vall\u00e8s\" \/>\n<meta property=\"og:image\" content=\"https:\/\/turismevalles.com\/wp-content\/uploads\/2020\/11\/Olives-i-oli-Foto-Manel-Cuesta_4.jpg\" \/>\n\t<meta property=\"og:image:width\" content=\"1920\" \/>\n\t<meta property=\"og:image:height\" content=\"1280\" \/>\n\t<meta property=\"og:image:type\" content=\"image\/jpeg\" \/>\n<meta name=\"twitter:card\" content=\"summary_large_image\" \/>\n<meta name=\"twitter:label1\" content=\"Tiempo de lectura\" \/>\n\t<meta name=\"twitter:data1\" content=\"1 minuto\" \/>\n<script type=\"application\/ld+json\" class=\"yoast-schema-graph\">{\"@context\":\"https:\/\/schema.org\",\"@graph\":[{\"@type\":\"WebPage\",\"@id\":\"https:\/\/turismevalles.com\/es\/comer\/aceite-de-variedad-vera\/\",\"url\":\"https:\/\/turismevalles.com\/es\/comer\/aceite-de-variedad-vera\/\",\"name\":\"Aceite de Variedad Vera - Turisme Vall\u00e8s\",\"isPartOf\":{\"@id\":\"https:\/\/turismevalles.com\/en\/#website\"},\"primaryImageOfPage\":{\"@id\":\"https:\/\/turismevalles.com\/es\/comer\/aceite-de-variedad-vera\/#primaryimage\"},\"image\":{\"@id\":\"https:\/\/turismevalles.com\/es\/comer\/aceite-de-variedad-vera\/#primaryimage\"},\"thumbnailUrl\":\"https:\/\/turismevalles.com\/wp-content\/uploads\/2020\/11\/Olives-i-oli-Foto-Manel-Cuesta_4.jpg\",\"datePublished\":\"2020-12-03T09:40:45+00:00\",\"breadcrumb\":{\"@id\":\"https:\/\/turismevalles.com\/es\/comer\/aceite-de-variedad-vera\/#breadcrumb\"},\"inLanguage\":\"es\",\"potentialAction\":[{\"@type\":\"ReadAction\",\"target\":[\"https:\/\/turismevalles.com\/es\/comer\/aceite-de-variedad-vera\/\"]}]},{\"@type\":\"ImageObject\",\"inLanguage\":\"es\",\"@id\":\"https:\/\/turismevalles.com\/es\/comer\/aceite-de-variedad-vera\/#primaryimage\",\"url\":\"https:\/\/turismevalles.com\/wp-content\/uploads\/2020\/11\/Olives-i-oli-Foto-Manel-Cuesta_4.jpg\",\"contentUrl\":\"https:\/\/turismevalles.com\/wp-content\/uploads\/2020\/11\/Olives-i-oli-Foto-Manel-Cuesta_4.jpg\",\"width\":1920,\"height\":1280},{\"@type\":\"BreadcrumbList\",\"@id\":\"https:\/\/turismevalles.com\/es\/comer\/aceite-de-variedad-vera\/#breadcrumb\",\"itemListElement\":[{\"@type\":\"ListItem\",\"position\":1,\"name\":\"Inicio\",\"item\":\"https:\/\/turismevalles.com\/es\/\"},{\"@type\":\"ListItem\",\"position\":2,\"name\":\"Menjar\",\"item\":\"https:\/\/turismevalles.com\/menjar\/\"},{\"@type\":\"ListItem\",\"position\":3,\"name\":\"Aceite de Variedad Vera\"}]},{\"@type\":\"WebSite\",\"@id\":\"https:\/\/turismevalles.com\/en\/#website\",\"url\":\"https:\/\/turismevalles.com\/en\/\",\"name\":\"Turisme Vall\u00e8s\",\"description\":\"\",\"publisher\":{\"@id\":\"https:\/\/turismevalles.com\/en\/#organization\"},\"potentialAction\":[{\"@type\":\"SearchAction\",\"target\":{\"@type\":\"EntryPoint\",\"urlTemplate\":\"https:\/\/turismevalles.com\/en\/?s={search_term_string}\"},\"query-input\":{\"@type\":\"PropertyValueSpecification\",\"valueRequired\":true,\"valueName\":\"search_term_string\"}}],\"inLanguage\":\"es\"},{\"@type\":\"Organization\",\"@id\":\"https:\/\/turismevalles.com\/en\/#organization\",\"name\":\"Turisme Vall\u00e8s\",\"url\":\"https:\/\/turismevalles.com\/en\/\",\"logo\":{\"@type\":\"ImageObject\",\"inLanguage\":\"es\",\"@id\":\"https:\/\/turismevalles.com\/en\/#\/schema\/logo\/image\/\",\"url\":\"https:\/\/turismevalles.com\/wp-content\/uploads\/2020\/08\/cropped-logo_ca-2.png\",\"contentUrl\":\"https:\/\/turismevalles.com\/wp-content\/uploads\/2020\/08\/cropped-logo_ca-2.png\",\"width\":314,\"height\":85,\"caption\":\"Turisme Vall\u00e8s\"},\"image\":{\"@id\":\"https:\/\/turismevalles.com\/en\/#\/schema\/logo\/image\/\"}}]}<\/script>\n<!-- \/ Yoast SEO plugin. -->","yoast_head_json":{"title":"Aceite de Variedad Vera - Turisme Vall\u00e8s","robots":{"index":"index","follow":"follow","max-snippet":"max-snippet:-1","max-image-preview":"max-image-preview:large","max-video-preview":"max-video-preview:-1"},"canonical":"https:\/\/turismevalles.com\/es\/comer\/aceite-de-variedad-vera\/","og_locale":"es_ES","og_type":"article","og_title":"Aceite de Variedad Vera - Turisme Vall\u00e8s","og_description":"Se ha documentado que las principales variedades de olivos cultivados a la comarca del Vall\u00e8s Oriental a principios del siglo XIX eran las olesanes, arbequines, ... Veure m\u00e9s","og_url":"https:\/\/turismevalles.com\/es\/comer\/aceite-de-variedad-vera\/","og_site_name":"Turisme Vall\u00e8s","og_image":[{"width":1920,"height":1280,"url":"https:\/\/turismevalles.com\/wp-content\/uploads\/2020\/11\/Olives-i-oli-Foto-Manel-Cuesta_4.jpg","type":"image\/jpeg"}],"twitter_card":"summary_large_image","twitter_misc":{"Tiempo de lectura":"1 minuto"},"schema":{"@context":"https:\/\/schema.org","@graph":[{"@type":"WebPage","@id":"https:\/\/turismevalles.com\/es\/comer\/aceite-de-variedad-vera\/","url":"https:\/\/turismevalles.com\/es\/comer\/aceite-de-variedad-vera\/","name":"Aceite de Variedad Vera - Turisme Vall\u00e8s","isPartOf":{"@id":"https:\/\/turismevalles.com\/en\/#website"},"primaryImageOfPage":{"@id":"https:\/\/turismevalles.com\/es\/comer\/aceite-de-variedad-vera\/#primaryimage"},"image":{"@id":"https:\/\/turismevalles.com\/es\/comer\/aceite-de-variedad-vera\/#primaryimage"},"thumbnailUrl":"https:\/\/turismevalles.com\/wp-content\/uploads\/2020\/11\/Olives-i-oli-Foto-Manel-Cuesta_4.jpg","datePublished":"2020-12-03T09:40:45+00:00","breadcrumb":{"@id":"https:\/\/turismevalles.com\/es\/comer\/aceite-de-variedad-vera\/#breadcrumb"},"inLanguage":"es","potentialAction":[{"@type":"ReadAction","target":["https:\/\/turismevalles.com\/es\/comer\/aceite-de-variedad-vera\/"]}]},{"@type":"ImageObject","inLanguage":"es","@id":"https:\/\/turismevalles.com\/es\/comer\/aceite-de-variedad-vera\/#primaryimage","url":"https:\/\/turismevalles.com\/wp-content\/uploads\/2020\/11\/Olives-i-oli-Foto-Manel-Cuesta_4.jpg","contentUrl":"https:\/\/turismevalles.com\/wp-content\/uploads\/2020\/11\/Olives-i-oli-Foto-Manel-Cuesta_4.jpg","width":1920,"height":1280},{"@type":"BreadcrumbList","@id":"https:\/\/turismevalles.com\/es\/comer\/aceite-de-variedad-vera\/#breadcrumb","itemListElement":[{"@type":"ListItem","position":1,"name":"Inicio","item":"https:\/\/turismevalles.com\/es\/"},{"@type":"ListItem","position":2,"name":"Menjar","item":"https:\/\/turismevalles.com\/menjar\/"},{"@type":"ListItem","position":3,"name":"Aceite de Variedad Vera"}]},{"@type":"WebSite","@id":"https:\/\/turismevalles.com\/en\/#website","url":"https:\/\/turismevalles.com\/en\/","name":"Turisme Vall\u00e8s","description":"","publisher":{"@id":"https:\/\/turismevalles.com\/en\/#organization"},"potentialAction":[{"@type":"SearchAction","target":{"@type":"EntryPoint","urlTemplate":"https:\/\/turismevalles.com\/en\/?s={search_term_string}"},"query-input":{"@type":"PropertyValueSpecification","valueRequired":true,"valueName":"search_term_string"}}],"inLanguage":"es"},{"@type":"Organization","@id":"https:\/\/turismevalles.com\/en\/#organization","name":"Turisme Vall\u00e8s","url":"https:\/\/turismevalles.com\/en\/","logo":{"@type":"ImageObject","inLanguage":"es","@id":"https:\/\/turismevalles.com\/en\/#\/schema\/logo\/image\/","url":"https:\/\/turismevalles.com\/wp-content\/uploads\/2020\/08\/cropped-logo_ca-2.png","contentUrl":"https:\/\/turismevalles.com\/wp-content\/uploads\/2020\/08\/cropped-logo_ca-2.png","width":314,"height":85,"caption":"Turisme Vall\u00e8s"},"image":{"@id":"https:\/\/turismevalles.com\/en\/#\/schema\/logo\/image\/"}}]}},"uagb_featured_image_src":{"full":["https:\/\/turismevalles.com\/wp-content\/uploads\/2020\/11\/Olives-i-oli-Foto-Manel-Cuesta_4.jpg",1920,1280,false],"thumbnail":["https:\/\/turismevalles.com\/wp-content\/uploads\/2020\/11\/Olives-i-oli-Foto-Manel-Cuesta_4-150x150.jpg",150,150,true],"medium":["https:\/\/turismevalles.com\/wp-content\/uploads\/2020\/11\/Olives-i-oli-Foto-Manel-Cuesta_4-300x200.jpg",300,200,true],"medium_large":["https:\/\/turismevalles.com\/wp-content\/uploads\/2020\/11\/Olives-i-oli-Foto-Manel-Cuesta_4-768x512.jpg",768,512,true],"large":["https:\/\/turismevalles.com\/wp-content\/uploads\/2020\/11\/Olives-i-oli-Foto-Manel-Cuesta_4-1024x683.jpg",1024,683,true],"thumblist":["https:\/\/turismevalles.com\/wp-content\/uploads\/2020\/11\/Olives-i-oli-Foto-Manel-Cuesta_4-300x300.jpg",300,300,true],"meccarouselthumb":["https:\/\/turismevalles.com\/wp-content\/uploads\/2020\/11\/Olives-i-oli-Foto-Manel-Cuesta_4-474x324.jpg",474,324,true],"gridsquare":["https:\/\/turismevalles.com\/wp-content\/uploads\/2020\/11\/Olives-i-oli-Foto-Manel-Cuesta_4-391x260.jpg",391,260,true],"tileview":["https:\/\/turismevalles.com\/wp-content\/uploads\/2020\/11\/Olives-i-oli-Foto-Manel-Cuesta_4-300x400.jpg",300,400,true],"1536x1536":["https:\/\/turismevalles.com\/wp-content\/uploads\/2020\/11\/Olives-i-oli-Foto-Manel-Cuesta_4-1536x1024.jpg",1536,1024,true],"2048x2048":["https:\/\/turismevalles.com\/wp-content\/uploads\/2020\/11\/Olives-i-oli-Foto-Manel-Cuesta_4.jpg",1920,1280,false]},"uagb_author_info":{"display_name":"Turisme Valles","author_link":"https:\/\/turismevalles.com\/es\/author\/"},"uagb_comment_info":0,"uagb_excerpt":"Se ha documentado que las principales variedades de olivos cultivados a la comarca del Vall\u00e8s Oriental a principios del siglo XIX eran las olesanes, arbequines, ... Veure m\u00e9s","_links":{"self":[{"href":"https:\/\/turismevalles.com\/es\/wp-json\/wp\/v2\/menjar\/10021","targetHints":{"allow":["GET"]}}],"collection":[{"href":"https:\/\/turismevalles.com\/es\/wp-json\/wp\/v2\/menjar"}],"about":[{"href":"https:\/\/turismevalles.com\/es\/wp-json\/wp\/v2\/types\/menjar"}],"wp:featuredmedia":[{"embeddable":true,"href":"https:\/\/turismevalles.com\/es\/wp-json\/wp\/v2\/media\/21677"}],"wp:attachment":[{"href":"https:\/\/turismevalles.com\/es\/wp-json\/wp\/v2\/media?parent=10021"}],"wp:term":[{"taxonomy":"poblacions","embeddable":true,"href":"https:\/\/turismevalles.com\/es\/wp-json\/wp\/v2\/poblacions?post=10021"},{"taxonomy":"tipus_menjar","embeddable":true,"href":"https:\/\/turismevalles.com\/es\/wp-json\/wp\/v2\/tipus_menjar?post=10021"}],"curies":[{"name":"wp","href":"https:\/\/api.w.org\/{rel}","templated":true}]}}

<p>Se ha documentado que las principales variedades de olivos cultivados a la comarca del Vallès Oriental a principios del siglo XIX eran las  olesanes,  arbequines,  verdales, valencianas y  sevillanas. Durante la segunda mitad del siglo XIX, un gran número de estas variedades desaparecieron de la comarca a consecuencia de unos episodios excepcionales de heladas y se introdujeron variedades más resistentes, principalmente la variedad Vera, que también se conoce como la del país. Actualmente, podemos degustar el aceite y conocer esta variedad gracias a los labradores que todavía la cultivan y a la Feria del Aceite, que se celebra anualmente en el molino de *Can  Sapera de Bigues.&#13;
</p>

<!-- This site is optimized with the Yoast SEO plugin v26.4 - https://yoast.com/wordpress/plugins/seo/ -->
<title>Aceite de Variedad Vera - Turisme Vallès</title>
<meta name="robots" content="index, follow, max-snippet:-1, max-image-preview:large, max-video-preview:-1" />
<link rel="canonical" href="https://turismevalles.com/es/comer/aceite-de-variedad-vera/" />
<meta property="og:locale" content="es_ES" />
<meta property="og:type" content="article" />
<meta property="og:title" content="Aceite de Variedad Vera - Turisme Vallès" />
<meta property="og:description" content="Se ha documentado que las principales variedades de olivos cultivados a la comarca del Vallès Oriental a principios del siglo XIX eran las olesanes, arbequines, ... Veure més" />
<meta property="og:url" content="https://turismevalles.com/es/comer/aceite-de-variedad-vera/" />
<meta property="og:site_name" content="Turisme Vallès" />
<meta property="og:image" content="https://turismevalles.com/wp-content/uploads/2020/11/Olives-i-oli-Foto-Manel-Cuesta_4.jpg" />
	<meta property="og:image:width" content="1920" />
	<meta property="og:image:height" content="1280" />
	<meta property="og:image:type" content="image/jpeg" />
<meta name="twitter:card" content="summary_large_image" />
<meta name="twitter:label1" content="Tiempo de lectura" />
	<meta name="twitter:data1" content="1 minuto" />
<script type="application/ld+json" class="yoast-schema-graph">{"@context":"https://schema.org","@graph":[{"@type":"WebPage","@id":"https://turismevalles.com/es/comer/aceite-de-variedad-vera/","url":"https://turismevalles.com/es/comer/aceite-de-variedad-vera/","name":"Aceite de Variedad Vera - Turisme Vallès","isPartOf":{"@id":"https://turismevalles.com/en/#website"},"primaryImageOfPage":{"@id":"https://turismevalles.com/es/comer/aceite-de-variedad-vera/#primaryimage"},"image":{"@id":"https://turismevalles.com/es/comer/aceite-de-variedad-vera/#primaryimage"},"thumbnailUrl":"https://turismevalles.com/wp-content/uploads/2020/11/Olives-i-oli-Foto-Manel-Cuesta_4.jpg","datePublished":"2020-12-03T09:40:45+00:00","breadcrumb":{"@id":"https://turismevalles.com/es/comer/aceite-de-variedad-vera/#breadcrumb"},"inLanguage":"es","potentialAction":[{"@type":"ReadAction","target":["https://turismevalles.com/es/comer/aceite-de-variedad-vera/"]}]},{"@type":"ImageObject","inLanguage":"es","@id":"https://turismevalles.com/es/comer/aceite-de-variedad-vera/#primaryimage","url":"https://turismevalles.com/wp-content/uploads/2020/11/Olives-i-oli-Foto-Manel-Cuesta_4.jpg","contentUrl":"https://turismevalles.com/wp-content/uploads/2020/11/Olives-i-oli-Foto-Manel-Cuesta_4.jpg","width":1920,"height":1280},{"@type":"BreadcrumbList","@id":"https://turismevalles.com/es/comer/aceite-de-variedad-vera/#breadcrumb","itemListElement":[{"@type":"ListItem","position":1,"name":"Inicio","item":"https://turismevalles.com/es/"},{"@type":"ListItem","position":2,"name":"Menjar","item":"https://turismevalles.com/menjar/"},{"@type":"ListItem","position":3,"name":"Aceite de Variedad Vera"}]},{"@type":"WebSite","@id":"https://turismevalles.com/en/#website","url":"https://turismevalles.com/en/","name":"Turisme Vallès","description":"","publisher":{"@id":"https://turismevalles.com/en/#organization"},"potentialAction":[{"@type":"SearchAction","target":{"@type":"EntryPoint","urlTemplate":"https://turismevalles.com/en/?s={search_term_string}"},"query-input":{"@type":"PropertyValueSpecification","valueRequired":true,"valueName":"search_term_string"}}],"inLanguage":"es"},{"@type":"Organization","@id":"https://turismevalles.com/en/#organization","name":"Turisme Vallès","url":"https://turismevalles.com/en/","logo":{"@type":"ImageObject","inLanguage":"es","@id":"https://turismevalles.com/en/#/schema/logo/image/","url":"https://turismevalles.com/wp-content/uploads/2020/08/cropped-logo_ca-2.png","contentUrl":"https://turismevalles.com/wp-content/uploads/2020/08/cropped-logo_ca-2.png","width":314,"height":85,"caption":"Turisme Vallès"},"image":{"@id":"https://turismevalles.com/en/#/schema/logo/image/"}}]}</script>
<!-- / Yoast SEO plugin. -->

Aceite de Variedad Vera - Turisme Vallès

Se ha documentado que las principales variedades de olivos cultivados a la comarca del Vallès Oriental a principios del siglo XIX eran las olesanes, arbequines, ... Veure més

Turisme Vallès
