{"id":10022,"date":"2020-12-03T11:42:26","date_gmt":"2020-12-03T09:42:26","guid":{"rendered":"http:\/\/turismevalles.com.mialias.net\/menjar\/vientre-de-huesos\/"},"modified":"2020-12-03T11:42:26","modified_gmt":"2020-12-03T09:42:26","slug":"vientre-de-huesos","status":"publish","type":"menjar","link":"https:\/\/turismevalles.com\/es\/comer\/vientre-de-huesos\/","title":{"rendered":"Vientre de huesos"},"content":{"rendered":"\n<p>Embutido tradicional del Vall\u00e8s, nacido a ra\u00edz de la cultura de la matanza del cerdo a las casas de labrador del Vall\u00e8s. Actualmente se encuentra bajo diferentes terminolog\u00edas: saco de huesos, saco de los huesecillos o vientre de huesos. Se elabora con vientre, sal y pimienta, y tambi\u00e9n puede traer cabeza de costilla, careta, lengua, ri\u00f1\u00f3n, oreja y alg\u00fan recorte de magro.<\/p>\n\n<p>Fuente:<\/p>\n\n<ul class=\"wp-block-list\"><li>Generalitat de Catalunya, Departamento de Agricultura, Alimentaci\u00f3n y Acci\u00f3n Rural. Los embutidos de Catalu\u00f1a. 2010&#13;\n<\/li><li>Blog de La Catxaruda: \u00a0<a href=\"http:\/\/tallisuc.blogspot.com.es\/2013\/01\/el-ventre-dossos-un-embotit-del-valles.html\">http:\/\/tallisuc.blogspot.com.es\/2013\/01\/el-ventre-dossos-un-embotit-del-valles.html<\/a><\/li><li>Aportaciones de Pep  Salsetes y Marina, de  Slow  Food Vall\u00e8s Oriental <\/li><\/ul>\n","protected":false},"featured_media":5333,"template":"","poblacions":[],"tipus_menjar":[339],"class_list":["post-10022","menjar","type-menjar","status-publish","has-post-thumbnail","hentry","tipus_menjar-productos","generate-columns","tablet-grid-50","mobile-grid-100","grid-parent","grid-33"],"acf":[],"yoast_head":"<!-- This site is optimized with the Yoast SEO plugin v26.4 - https:\/\/yoast.com\/wordpress\/plugins\/seo\/ -->\n<title>Vientre de huesos - Turisme Vall\u00e8s<\/title>\n<meta name=\"robots\" content=\"index, follow, max-snippet:-1, max-image-preview:large, max-video-preview:-1\" \/>\n<link rel=\"canonical\" href=\"https:\/\/turismevalles.com\/es\/comer\/vientre-de-huesos\/\" \/>\n<meta property=\"og:locale\" content=\"es_ES\" \/>\n<meta property=\"og:type\" content=\"article\" \/>\n<meta property=\"og:title\" content=\"Vientre de huesos - Turisme Vall\u00e8s\" \/>\n<meta property=\"og:description\" content=\"Embutido tradicional del Vall\u00e8s, nacido a ra\u00edz de la cultura de la matanza del cerdo a las casas de labrador del Vall\u00e8s. Actualmente se encuentra ... Veure m\u00e9s\" \/>\n<meta property=\"og:url\" content=\"https:\/\/turismevalles.com\/es\/comer\/vientre-de-huesos\/\" \/>\n<meta property=\"og:site_name\" content=\"Turisme Vall\u00e8s\" \/>\n<meta property=\"og:image\" content=\"https:\/\/turismevalles.com\/wp-content\/uploads\/2020\/11\/turismevalles1452.jpg\" \/>\n\t<meta property=\"og:image:width\" content=\"1402\" \/>\n\t<meta property=\"og:image:height\" content=\"1159\" \/>\n\t<meta property=\"og:image:type\" content=\"image\/jpeg\" \/>\n<meta name=\"twitter:card\" content=\"summary_large_image\" \/>\n<meta name=\"twitter:label1\" content=\"Tiempo de lectura\" \/>\n\t<meta name=\"twitter:data1\" content=\"1 minuto\" \/>\n<script type=\"application\/ld+json\" class=\"yoast-schema-graph\">{\"@context\":\"https:\/\/schema.org\",\"@graph\":[{\"@type\":\"WebPage\",\"@id\":\"https:\/\/turismevalles.com\/es\/comer\/vientre-de-huesos\/\",\"url\":\"https:\/\/turismevalles.com\/es\/comer\/vientre-de-huesos\/\",\"name\":\"Vientre de huesos - Turisme Vall\u00e8s\",\"isPartOf\":{\"@id\":\"https:\/\/turismevalles.com\/en\/#website\"},\"primaryImageOfPage\":{\"@id\":\"https:\/\/turismevalles.com\/es\/comer\/vientre-de-huesos\/#primaryimage\"},\"image\":{\"@id\":\"https:\/\/turismevalles.com\/es\/comer\/vientre-de-huesos\/#primaryimage\"},\"thumbnailUrl\":\"https:\/\/turismevalles.com\/wp-content\/uploads\/2020\/11\/turismevalles1452.jpg\",\"datePublished\":\"2020-12-03T09:42:26+00:00\",\"breadcrumb\":{\"@id\":\"https:\/\/turismevalles.com\/es\/comer\/vientre-de-huesos\/#breadcrumb\"},\"inLanguage\":\"es\",\"potentialAction\":[{\"@type\":\"ReadAction\",\"target\":[\"https:\/\/turismevalles.com\/es\/comer\/vientre-de-huesos\/\"]}]},{\"@type\":\"ImageObject\",\"inLanguage\":\"es\",\"@id\":\"https:\/\/turismevalles.com\/es\/comer\/vientre-de-huesos\/#primaryimage\",\"url\":\"https:\/\/turismevalles.com\/wp-content\/uploads\/2020\/11\/turismevalles1452.jpg\",\"contentUrl\":\"https:\/\/turismevalles.com\/wp-content\/uploads\/2020\/11\/turismevalles1452.jpg\",\"width\":1402,\"height\":1159},{\"@type\":\"BreadcrumbList\",\"@id\":\"https:\/\/turismevalles.com\/es\/comer\/vientre-de-huesos\/#breadcrumb\",\"itemListElement\":[{\"@type\":\"ListItem\",\"position\":1,\"name\":\"Inicio\",\"item\":\"https:\/\/turismevalles.com\/es\/\"},{\"@type\":\"ListItem\",\"position\":2,\"name\":\"Menjar\",\"item\":\"https:\/\/turismevalles.com\/menjar\/\"},{\"@type\":\"ListItem\",\"position\":3,\"name\":\"Vientre de huesos\"}]},{\"@type\":\"WebSite\",\"@id\":\"https:\/\/turismevalles.com\/en\/#website\",\"url\":\"https:\/\/turismevalles.com\/en\/\",\"name\":\"Turisme Vall\u00e8s\",\"description\":\"\",\"publisher\":{\"@id\":\"https:\/\/turismevalles.com\/en\/#organization\"},\"potentialAction\":[{\"@type\":\"SearchAction\",\"target\":{\"@type\":\"EntryPoint\",\"urlTemplate\":\"https:\/\/turismevalles.com\/en\/?s={search_term_string}\"},\"query-input\":{\"@type\":\"PropertyValueSpecification\",\"valueRequired\":true,\"valueName\":\"search_term_string\"}}],\"inLanguage\":\"es\"},{\"@type\":\"Organization\",\"@id\":\"https:\/\/turismevalles.com\/en\/#organization\",\"name\":\"Turisme Vall\u00e8s\",\"url\":\"https:\/\/turismevalles.com\/en\/\",\"logo\":{\"@type\":\"ImageObject\",\"inLanguage\":\"es\",\"@id\":\"https:\/\/turismevalles.com\/en\/#\/schema\/logo\/image\/\",\"url\":\"https:\/\/turismevalles.com\/wp-content\/uploads\/2020\/08\/cropped-logo_ca-2.png\",\"contentUrl\":\"https:\/\/turismevalles.com\/wp-content\/uploads\/2020\/08\/cropped-logo_ca-2.png\",\"width\":314,\"height\":85,\"caption\":\"Turisme Vall\u00e8s\"},\"image\":{\"@id\":\"https:\/\/turismevalles.com\/en\/#\/schema\/logo\/image\/\"}}]}<\/script>\n<!-- \/ Yoast SEO plugin. -->","yoast_head_json":{"title":"Vientre de huesos - Turisme Vall\u00e8s","robots":{"index":"index","follow":"follow","max-snippet":"max-snippet:-1","max-image-preview":"max-image-preview:large","max-video-preview":"max-video-preview:-1"},"canonical":"https:\/\/turismevalles.com\/es\/comer\/vientre-de-huesos\/","og_locale":"es_ES","og_type":"article","og_title":"Vientre de huesos - Turisme Vall\u00e8s","og_description":"Embutido tradicional del Vall\u00e8s, nacido a ra\u00edz de la cultura de la matanza del cerdo a las casas de labrador del Vall\u00e8s. Actualmente se encuentra ... Veure m\u00e9s","og_url":"https:\/\/turismevalles.com\/es\/comer\/vientre-de-huesos\/","og_site_name":"Turisme Vall\u00e8s","og_image":[{"width":1402,"height":1159,"url":"https:\/\/turismevalles.com\/wp-content\/uploads\/2020\/11\/turismevalles1452.jpg","type":"image\/jpeg"}],"twitter_card":"summary_large_image","twitter_misc":{"Tiempo de lectura":"1 minuto"},"schema":{"@context":"https:\/\/schema.org","@graph":[{"@type":"WebPage","@id":"https:\/\/turismevalles.com\/es\/comer\/vientre-de-huesos\/","url":"https:\/\/turismevalles.com\/es\/comer\/vientre-de-huesos\/","name":"Vientre de huesos - Turisme Vall\u00e8s","isPartOf":{"@id":"https:\/\/turismevalles.com\/en\/#website"},"primaryImageOfPage":{"@id":"https:\/\/turismevalles.com\/es\/comer\/vientre-de-huesos\/#primaryimage"},"image":{"@id":"https:\/\/turismevalles.com\/es\/comer\/vientre-de-huesos\/#primaryimage"},"thumbnailUrl":"https:\/\/turismevalles.com\/wp-content\/uploads\/2020\/11\/turismevalles1452.jpg","datePublished":"2020-12-03T09:42:26+00:00","breadcrumb":{"@id":"https:\/\/turismevalles.com\/es\/comer\/vientre-de-huesos\/#breadcrumb"},"inLanguage":"es","potentialAction":[{"@type":"ReadAction","target":["https:\/\/turismevalles.com\/es\/comer\/vientre-de-huesos\/"]}]},{"@type":"ImageObject","inLanguage":"es","@id":"https:\/\/turismevalles.com\/es\/comer\/vientre-de-huesos\/#primaryimage","url":"https:\/\/turismevalles.com\/wp-content\/uploads\/2020\/11\/turismevalles1452.jpg","contentUrl":"https:\/\/turismevalles.com\/wp-content\/uploads\/2020\/11\/turismevalles1452.jpg","width":1402,"height":1159},{"@type":"BreadcrumbList","@id":"https:\/\/turismevalles.com\/es\/comer\/vientre-de-huesos\/#breadcrumb","itemListElement":[{"@type":"ListItem","position":1,"name":"Inicio","item":"https:\/\/turismevalles.com\/es\/"},{"@type":"ListItem","position":2,"name":"Menjar","item":"https:\/\/turismevalles.com\/menjar\/"},{"@type":"ListItem","position":3,"name":"Vientre de huesos"}]},{"@type":"WebSite","@id":"https:\/\/turismevalles.com\/en\/#website","url":"https:\/\/turismevalles.com\/en\/","name":"Turisme Vall\u00e8s","description":"","publisher":{"@id":"https:\/\/turismevalles.com\/en\/#organization"},"potentialAction":[{"@type":"SearchAction","target":{"@type":"EntryPoint","urlTemplate":"https:\/\/turismevalles.com\/en\/?s={search_term_string}"},"query-input":{"@type":"PropertyValueSpecification","valueRequired":true,"valueName":"search_term_string"}}],"inLanguage":"es"},{"@type":"Organization","@id":"https:\/\/turismevalles.com\/en\/#organization","name":"Turisme Vall\u00e8s","url":"https:\/\/turismevalles.com\/en\/","logo":{"@type":"ImageObject","inLanguage":"es","@id":"https:\/\/turismevalles.com\/en\/#\/schema\/logo\/image\/","url":"https:\/\/turismevalles.com\/wp-content\/uploads\/2020\/08\/cropped-logo_ca-2.png","contentUrl":"https:\/\/turismevalles.com\/wp-content\/uploads\/2020\/08\/cropped-logo_ca-2.png","width":314,"height":85,"caption":"Turisme Vall\u00e8s"},"image":{"@id":"https:\/\/turismevalles.com\/en\/#\/schema\/logo\/image\/"}}]}},"uagb_featured_image_src":{"full":["https:\/\/turismevalles.com\/wp-content\/uploads\/2020\/11\/turismevalles1452.jpg",1402,1159,false],"thumbnail":["https:\/\/turismevalles.com\/wp-content\/uploads\/2020\/11\/turismevalles1452-150x150.jpg",150,150,true],"medium":["https:\/\/turismevalles.com\/wp-content\/uploads\/2020\/11\/turismevalles1452-300x248.jpg",300,248,true],"medium_large":["https:\/\/turismevalles.com\/wp-content\/uploads\/2020\/11\/turismevalles1452-768x635.jpg",768,635,true],"large":["https:\/\/turismevalles.com\/wp-content\/uploads\/2020\/11\/turismevalles1452-1024x847.jpg",1024,847,true],"thumblist":["https:\/\/turismevalles.com\/wp-content\/uploads\/2020\/11\/turismevalles1452.jpg",300,248,false],"meccarouselthumb":["https:\/\/turismevalles.com\/wp-content\/uploads\/2020\/11\/turismevalles1452.jpg",392,324,false],"gridsquare":["https:\/\/turismevalles.com\/wp-content\/uploads\/2020\/11\/turismevalles1452.jpg",315,260,false],"tileview":["https:\/\/turismevalles.com\/wp-content\/uploads\/2020\/11\/turismevalles1452.jpg",300,248,false],"1536x1536":["https:\/\/turismevalles.com\/wp-content\/uploads\/2020\/11\/turismevalles1452.jpg",1402,1159,false],"2048x2048":["https:\/\/turismevalles.com\/wp-content\/uploads\/2020\/11\/turismevalles1452.jpg",1402,1159,false]},"uagb_author_info":{"display_name":"Turisme Valles","author_link":"https:\/\/turismevalles.com\/es\/author\/"},"uagb_comment_info":0,"uagb_excerpt":"Embutido tradicional del Vall\u00e8s, nacido a ra\u00edz de la cultura de la matanza del cerdo a las casas de labrador del Vall\u00e8s. Actualmente se encuentra ... Veure m\u00e9s","_links":{"self":[{"href":"https:\/\/turismevalles.com\/es\/wp-json\/wp\/v2\/menjar\/10022","targetHints":{"allow":["GET"]}}],"collection":[{"href":"https:\/\/turismevalles.com\/es\/wp-json\/wp\/v2\/menjar"}],"about":[{"href":"https:\/\/turismevalles.com\/es\/wp-json\/wp\/v2\/types\/menjar"}],"wp:featuredmedia":[{"embeddable":true,"href":"https:\/\/turismevalles.com\/es\/wp-json\/wp\/v2\/media\/5333"}],"wp:attachment":[{"href":"https:\/\/turismevalles.com\/es\/wp-json\/wp\/v2\/media?parent=10022"}],"wp:term":[{"taxonomy":"poblacions","embeddable":true,"href":"https:\/\/turismevalles.com\/es\/wp-json\/wp\/v2\/poblacions?post=10022"},{"taxonomy":"tipus_menjar","embeddable":true,"href":"https:\/\/turismevalles.com\/es\/wp-json\/wp\/v2\/tipus_menjar?post=10022"}],"curies":[{"name":"wp","href":"https:\/\/api.w.org\/{rel}","templated":true}]}}

<p>Embutido tradicional del Vallès, nacido a raíz de la cultura de la matanza del cerdo a las casas de labrador del Vallès. Actualmente se encuentra bajo diferentes terminologías: saco de huesos, saco de los huesecillos o vientre de huesos. Se elabora con vientre, sal y pimienta, y también puede traer cabeza de costilla, careta, lengua, riñón, oreja y algún recorte de magro.</p>

<p>Fuente:</p>

<ul class="wp-block-list"><li>Generalitat de Catalunya, Departamento de Agricultura, Alimentación y Acción Rural. Los embutidos de Cataluña. 2010&#13;
</li><li>Blog de La Catxaruda:  <a href="http://tallisuc.blogspot.com.es/2013/01/el-ventre-dossos-un-embotit-del-valles.html">http://tallisuc.blogspot.com.es/2013/01/el-ventre-dossos-un-embotit-del-valles.html</a></li><li>Aportaciones de Pep  Salsetes y Marina, de  Slow  Food Vallès Oriental </li></ul>

<!-- This site is optimized with the Yoast SEO plugin v26.4 - https://yoast.com/wordpress/plugins/seo/ -->
<title>Vientre de huesos - Turisme Vallès</title>
<meta name="robots" content="index, follow, max-snippet:-1, max-image-preview:large, max-video-preview:-1" />
<link rel="canonical" href="https://turismevalles.com/es/comer/vientre-de-huesos/" />
<meta property="og:locale" content="es_ES" />
<meta property="og:type" content="article" />
<meta property="og:title" content="Vientre de huesos - Turisme Vallès" />
<meta property="og:description" content="Embutido tradicional del Vallès, nacido a raíz de la cultura de la matanza del cerdo a las casas de labrador del Vallès. Actualmente se encuentra ... Veure més" />
<meta property="og:url" content="https://turismevalles.com/es/comer/vientre-de-huesos/" />
<meta property="og:site_name" content="Turisme Vallès" />
<meta property="og:image" content="https://turismevalles.com/wp-content/uploads/2020/11/turismevalles1452.jpg" />
	<meta property="og:image:width" content="1402" />
	<meta property="og:image:height" content="1159" />
	<meta property="og:image:type" content="image/jpeg" />
<meta name="twitter:card" content="summary_large_image" />
<meta name="twitter:label1" content="Tiempo de lectura" />
	<meta name="twitter:data1" content="1 minuto" />
<script type="application/ld+json" class="yoast-schema-graph">{"@context":"https://schema.org","@graph":[{"@type":"WebPage","@id":"https://turismevalles.com/es/comer/vientre-de-huesos/","url":"https://turismevalles.com/es/comer/vientre-de-huesos/","name":"Vientre de huesos - Turisme Vallès","isPartOf":{"@id":"https://turismevalles.com/en/#website"},"primaryImageOfPage":{"@id":"https://turismevalles.com/es/comer/vientre-de-huesos/#primaryimage"},"image":{"@id":"https://turismevalles.com/es/comer/vientre-de-huesos/#primaryimage"},"thumbnailUrl":"https://turismevalles.com/wp-content/uploads/2020/11/turismevalles1452.jpg","datePublished":"2020-12-03T09:42:26+00:00","breadcrumb":{"@id":"https://turismevalles.com/es/comer/vientre-de-huesos/#breadcrumb"},"inLanguage":"es","potentialAction":[{"@type":"ReadAction","target":["https://turismevalles.com/es/comer/vientre-de-huesos/"]}]},{"@type":"ImageObject","inLanguage":"es","@id":"https://turismevalles.com/es/comer/vientre-de-huesos/#primaryimage","url":"https://turismevalles.com/wp-content/uploads/2020/11/turismevalles1452.jpg","contentUrl":"https://turismevalles.com/wp-content/uploads/2020/11/turismevalles1452.jpg","width":1402,"height":1159},{"@type":"BreadcrumbList","@id":"https://turismevalles.com/es/comer/vientre-de-huesos/#breadcrumb","itemListElement":[{"@type":"ListItem","position":1,"name":"Inicio","item":"https://turismevalles.com/es/"},{"@type":"ListItem","position":2,"name":"Menjar","item":"https://turismevalles.com/menjar/"},{"@type":"ListItem","position":3,"name":"Vientre de huesos"}]},{"@type":"WebSite","@id":"https://turismevalles.com/en/#website","url":"https://turismevalles.com/en/","name":"Turisme Vallès","description":"","publisher":{"@id":"https://turismevalles.com/en/#organization"},"potentialAction":[{"@type":"SearchAction","target":{"@type":"EntryPoint","urlTemplate":"https://turismevalles.com/en/?s={search_term_string}"},"query-input":{"@type":"PropertyValueSpecification","valueRequired":true,"valueName":"search_term_string"}}],"inLanguage":"es"},{"@type":"Organization","@id":"https://turismevalles.com/en/#organization","name":"Turisme Vallès","url":"https://turismevalles.com/en/","logo":{"@type":"ImageObject","inLanguage":"es","@id":"https://turismevalles.com/en/#/schema/logo/image/","url":"https://turismevalles.com/wp-content/uploads/2020/08/cropped-logo_ca-2.png","contentUrl":"https://turismevalles.com/wp-content/uploads/2020/08/cropped-logo_ca-2.png","width":314,"height":85,"caption":"Turisme Vallès"},"image":{"@id":"https://turismevalles.com/en/#/schema/logo/image/"}}]}</script>
<!-- / Yoast SEO plugin. -->

Vientre de huesos - Turisme Vallès

Embutido tradicional del Vallès, nacido a raíz de la cultura de la matanza del cerdo a las casas de labrador del Vallès. Actualmente se encuentra ... Veure més

Turisme Vallès
