{"id":10026,"date":"2020-12-03T11:59:16","date_gmt":"2020-12-03T09:59:16","guid":{"rendered":"http:\/\/turismevalles.com.mialias.net\/menjar\/el-anis-naranja-y-las-flores-del-remedio\/"},"modified":"2020-12-03T11:59:16","modified_gmt":"2020-12-03T09:59:16","slug":"el-anis-naranja-y-las-flores-del-remedio","status":"publish","type":"menjar","link":"https:\/\/turismevalles.com\/es\/comer\/el-anis-naranja-y-las-flores-del-remedio\/","title":{"rendered":"El An\u00eds Naranja y las Flores del Remedio"},"content":{"rendered":"\n<p>El \u00a0An\u00eds Naranja y las Flores del Remedio son dos licores tradicionales de la comarca del Vall\u00e8s Oriental, originarios de la ciudad de Caldes de Montbui, que se elaboran desde el a\u00f1o 1918 y que son muy apreciados como digestivos. Las Flores de Remedio\u00a0es un licor fruto de la destilaci\u00f3n de plantas y hierbas arom\u00e1ticas, parte de las cuales son hierbas aut\u00f3ctonas. Este licor tiene una graduaci\u00f3n alcoh\u00f3lica de 34\u00b0 que le confiere un gusto intenso que se mantiene a la boca. El \u00a0An\u00eds Naranja es un licor obtenido a partir de la destilaci\u00f3n de la piel de la naranja con an\u00eds estrellado. Se puede degustar solo, con cubitos o combinado con caf\u00e9.<\/p>\n\n<p>Fuente: Web de La Vallesana: \u00a0<a href=\"http:\/\/www.florsdelremei.cat\">www.florsdelremei.cat<\/a><\/p>\n","protected":false},"featured_media":21681,"template":"","poblacions":[],"tipus_menjar":[339],"class_list":["post-10026","menjar","type-menjar","status-publish","has-post-thumbnail","hentry","tipus_menjar-productos","generate-columns","tablet-grid-50","mobile-grid-100","grid-parent","grid-33"],"acf":[],"yoast_head":"<!-- This site is optimized with the Yoast SEO plugin v26.4 - https:\/\/yoast.com\/wordpress\/plugins\/seo\/ -->\n<title>El An\u00eds Naranja y las Flores del Remedio - Turisme Vall\u00e8s<\/title>\n<meta name=\"robots\" content=\"index, follow, max-snippet:-1, max-image-preview:large, max-video-preview:-1\" \/>\n<link rel=\"canonical\" href=\"https:\/\/turismevalles.com\/es\/comer\/el-anis-naranja-y-las-flores-del-remedio\/\" \/>\n<meta property=\"og:locale\" content=\"es_ES\" \/>\n<meta property=\"og:type\" content=\"article\" \/>\n<meta property=\"og:title\" content=\"El An\u00eds Naranja y las Flores del Remedio - Turisme Vall\u00e8s\" \/>\n<meta property=\"og:description\" content=\"El \u00a0An\u00eds Naranja y las Flores del Remedio son dos licores tradicionales de la comarca del Vall\u00e8s Oriental, originarios de la ciudad de Caldes de ... Veure m\u00e9s\" \/>\n<meta property=\"og:url\" content=\"https:\/\/turismevalles.com\/es\/comer\/el-anis-naranja-y-las-flores-del-remedio\/\" \/>\n<meta property=\"og:site_name\" content=\"Turisme Vall\u00e8s\" \/>\n<meta property=\"og:image\" content=\"https:\/\/turismevalles.com\/wp-content\/uploads\/2020\/11\/anis.jpg\" \/>\n\t<meta property=\"og:image:width\" content=\"904\" \/>\n\t<meta property=\"og:image:height\" content=\"825\" \/>\n\t<meta property=\"og:image:type\" content=\"image\/jpeg\" \/>\n<meta name=\"twitter:card\" content=\"summary_large_image\" \/>\n<meta name=\"twitter:label1\" content=\"Tiempo de lectura\" \/>\n\t<meta name=\"twitter:data1\" content=\"1 minuto\" \/>\n<script type=\"application\/ld+json\" class=\"yoast-schema-graph\">{\"@context\":\"https:\/\/schema.org\",\"@graph\":[{\"@type\":\"WebPage\",\"@id\":\"https:\/\/turismevalles.com\/es\/comer\/el-anis-naranja-y-las-flores-del-remedio\/\",\"url\":\"https:\/\/turismevalles.com\/es\/comer\/el-anis-naranja-y-las-flores-del-remedio\/\",\"name\":\"El An\u00eds Naranja y las Flores del Remedio - Turisme Vall\u00e8s\",\"isPartOf\":{\"@id\":\"https:\/\/turismevalles.com\/en\/#website\"},\"primaryImageOfPage\":{\"@id\":\"https:\/\/turismevalles.com\/es\/comer\/el-anis-naranja-y-las-flores-del-remedio\/#primaryimage\"},\"image\":{\"@id\":\"https:\/\/turismevalles.com\/es\/comer\/el-anis-naranja-y-las-flores-del-remedio\/#primaryimage\"},\"thumbnailUrl\":\"https:\/\/turismevalles.com\/wp-content\/uploads\/2020\/11\/anis.jpg\",\"datePublished\":\"2020-12-03T09:59:16+00:00\",\"breadcrumb\":{\"@id\":\"https:\/\/turismevalles.com\/es\/comer\/el-anis-naranja-y-las-flores-del-remedio\/#breadcrumb\"},\"inLanguage\":\"es\",\"potentialAction\":[{\"@type\":\"ReadAction\",\"target\":[\"https:\/\/turismevalles.com\/es\/comer\/el-anis-naranja-y-las-flores-del-remedio\/\"]}]},{\"@type\":\"ImageObject\",\"inLanguage\":\"es\",\"@id\":\"https:\/\/turismevalles.com\/es\/comer\/el-anis-naranja-y-las-flores-del-remedio\/#primaryimage\",\"url\":\"https:\/\/turismevalles.com\/wp-content\/uploads\/2020\/11\/anis.jpg\",\"contentUrl\":\"https:\/\/turismevalles.com\/wp-content\/uploads\/2020\/11\/anis.jpg\",\"width\":904,\"height\":825},{\"@type\":\"BreadcrumbList\",\"@id\":\"https:\/\/turismevalles.com\/es\/comer\/el-anis-naranja-y-las-flores-del-remedio\/#breadcrumb\",\"itemListElement\":[{\"@type\":\"ListItem\",\"position\":1,\"name\":\"Inicio\",\"item\":\"https:\/\/turismevalles.com\/es\/\"},{\"@type\":\"ListItem\",\"position\":2,\"name\":\"Menjar\",\"item\":\"https:\/\/turismevalles.com\/menjar\/\"},{\"@type\":\"ListItem\",\"position\":3,\"name\":\"El An\u00eds Naranja y las Flores del Remedio\"}]},{\"@type\":\"WebSite\",\"@id\":\"https:\/\/turismevalles.com\/en\/#website\",\"url\":\"https:\/\/turismevalles.com\/en\/\",\"name\":\"Turisme Vall\u00e8s\",\"description\":\"\",\"publisher\":{\"@id\":\"https:\/\/turismevalles.com\/en\/#organization\"},\"potentialAction\":[{\"@type\":\"SearchAction\",\"target\":{\"@type\":\"EntryPoint\",\"urlTemplate\":\"https:\/\/turismevalles.com\/en\/?s={search_term_string}\"},\"query-input\":{\"@type\":\"PropertyValueSpecification\",\"valueRequired\":true,\"valueName\":\"search_term_string\"}}],\"inLanguage\":\"es\"},{\"@type\":\"Organization\",\"@id\":\"https:\/\/turismevalles.com\/en\/#organization\",\"name\":\"Turisme Vall\u00e8s\",\"url\":\"https:\/\/turismevalles.com\/en\/\",\"logo\":{\"@type\":\"ImageObject\",\"inLanguage\":\"es\",\"@id\":\"https:\/\/turismevalles.com\/en\/#\/schema\/logo\/image\/\",\"url\":\"https:\/\/turismevalles.com\/wp-content\/uploads\/2020\/08\/cropped-logo_ca-2.png\",\"contentUrl\":\"https:\/\/turismevalles.com\/wp-content\/uploads\/2020\/08\/cropped-logo_ca-2.png\",\"width\":314,\"height\":85,\"caption\":\"Turisme Vall\u00e8s\"},\"image\":{\"@id\":\"https:\/\/turismevalles.com\/en\/#\/schema\/logo\/image\/\"}}]}<\/script>\n<!-- \/ Yoast SEO plugin. -->","yoast_head_json":{"title":"El An\u00eds Naranja y las Flores del Remedio - Turisme Vall\u00e8s","robots":{"index":"index","follow":"follow","max-snippet":"max-snippet:-1","max-image-preview":"max-image-preview:large","max-video-preview":"max-video-preview:-1"},"canonical":"https:\/\/turismevalles.com\/es\/comer\/el-anis-naranja-y-las-flores-del-remedio\/","og_locale":"es_ES","og_type":"article","og_title":"El An\u00eds Naranja y las Flores del Remedio - Turisme Vall\u00e8s","og_description":"El \u00a0An\u00eds Naranja y las Flores del Remedio son dos licores tradicionales de la comarca del Vall\u00e8s Oriental, originarios de la ciudad de Caldes de ... Veure m\u00e9s","og_url":"https:\/\/turismevalles.com\/es\/comer\/el-anis-naranja-y-las-flores-del-remedio\/","og_site_name":"Turisme Vall\u00e8s","og_image":[{"width":904,"height":825,"url":"https:\/\/turismevalles.com\/wp-content\/uploads\/2020\/11\/anis.jpg","type":"image\/jpeg"}],"twitter_card":"summary_large_image","twitter_misc":{"Tiempo de lectura":"1 minuto"},"schema":{"@context":"https:\/\/schema.org","@graph":[{"@type":"WebPage","@id":"https:\/\/turismevalles.com\/es\/comer\/el-anis-naranja-y-las-flores-del-remedio\/","url":"https:\/\/turismevalles.com\/es\/comer\/el-anis-naranja-y-las-flores-del-remedio\/","name":"El An\u00eds Naranja y las Flores del Remedio - Turisme Vall\u00e8s","isPartOf":{"@id":"https:\/\/turismevalles.com\/en\/#website"},"primaryImageOfPage":{"@id":"https:\/\/turismevalles.com\/es\/comer\/el-anis-naranja-y-las-flores-del-remedio\/#primaryimage"},"image":{"@id":"https:\/\/turismevalles.com\/es\/comer\/el-anis-naranja-y-las-flores-del-remedio\/#primaryimage"},"thumbnailUrl":"https:\/\/turismevalles.com\/wp-content\/uploads\/2020\/11\/anis.jpg","datePublished":"2020-12-03T09:59:16+00:00","breadcrumb":{"@id":"https:\/\/turismevalles.com\/es\/comer\/el-anis-naranja-y-las-flores-del-remedio\/#breadcrumb"},"inLanguage":"es","potentialAction":[{"@type":"ReadAction","target":["https:\/\/turismevalles.com\/es\/comer\/el-anis-naranja-y-las-flores-del-remedio\/"]}]},{"@type":"ImageObject","inLanguage":"es","@id":"https:\/\/turismevalles.com\/es\/comer\/el-anis-naranja-y-las-flores-del-remedio\/#primaryimage","url":"https:\/\/turismevalles.com\/wp-content\/uploads\/2020\/11\/anis.jpg","contentUrl":"https:\/\/turismevalles.com\/wp-content\/uploads\/2020\/11\/anis.jpg","width":904,"height":825},{"@type":"BreadcrumbList","@id":"https:\/\/turismevalles.com\/es\/comer\/el-anis-naranja-y-las-flores-del-remedio\/#breadcrumb","itemListElement":[{"@type":"ListItem","position":1,"name":"Inicio","item":"https:\/\/turismevalles.com\/es\/"},{"@type":"ListItem","position":2,"name":"Menjar","item":"https:\/\/turismevalles.com\/menjar\/"},{"@type":"ListItem","position":3,"name":"El An\u00eds Naranja y las Flores del Remedio"}]},{"@type":"WebSite","@id":"https:\/\/turismevalles.com\/en\/#website","url":"https:\/\/turismevalles.com\/en\/","name":"Turisme Vall\u00e8s","description":"","publisher":{"@id":"https:\/\/turismevalles.com\/en\/#organization"},"potentialAction":[{"@type":"SearchAction","target":{"@type":"EntryPoint","urlTemplate":"https:\/\/turismevalles.com\/en\/?s={search_term_string}"},"query-input":{"@type":"PropertyValueSpecification","valueRequired":true,"valueName":"search_term_string"}}],"inLanguage":"es"},{"@type":"Organization","@id":"https:\/\/turismevalles.com\/en\/#organization","name":"Turisme Vall\u00e8s","url":"https:\/\/turismevalles.com\/en\/","logo":{"@type":"ImageObject","inLanguage":"es","@id":"https:\/\/turismevalles.com\/en\/#\/schema\/logo\/image\/","url":"https:\/\/turismevalles.com\/wp-content\/uploads\/2020\/08\/cropped-logo_ca-2.png","contentUrl":"https:\/\/turismevalles.com\/wp-content\/uploads\/2020\/08\/cropped-logo_ca-2.png","width":314,"height":85,"caption":"Turisme Vall\u00e8s"},"image":{"@id":"https:\/\/turismevalles.com\/en\/#\/schema\/logo\/image\/"}}]}},"uagb_featured_image_src":{"full":["https:\/\/turismevalles.com\/wp-content\/uploads\/2020\/11\/anis.jpg",904,825,false],"thumbnail":["https:\/\/turismevalles.com\/wp-content\/uploads\/2020\/11\/anis-150x150.jpg",150,150,true],"medium":["https:\/\/turismevalles.com\/wp-content\/uploads\/2020\/11\/anis-300x274.jpg",300,274,true],"medium_large":["https:\/\/turismevalles.com\/wp-content\/uploads\/2020\/11\/anis-768x701.jpg",768,701,true],"large":["https:\/\/turismevalles.com\/wp-content\/uploads\/2020\/11\/anis.jpg",904,825,false],"thumblist":["https:\/\/turismevalles.com\/wp-content\/uploads\/2020\/11\/anis-300x300.jpg",300,300,true],"meccarouselthumb":["https:\/\/turismevalles.com\/wp-content\/uploads\/2020\/11\/anis-474x324.jpg",474,324,true],"gridsquare":["https:\/\/turismevalles.com\/wp-content\/uploads\/2020\/11\/anis-391x260.jpg",391,260,true],"tileview":["https:\/\/turismevalles.com\/wp-content\/uploads\/2020\/11\/anis-300x400.jpg",300,400,true],"1536x1536":["https:\/\/turismevalles.com\/wp-content\/uploads\/2020\/11\/anis.jpg",904,825,false],"2048x2048":["https:\/\/turismevalles.com\/wp-content\/uploads\/2020\/11\/anis.jpg",904,825,false]},"uagb_author_info":{"display_name":"Turisme Valles","author_link":"https:\/\/turismevalles.com\/es\/author\/"},"uagb_comment_info":0,"uagb_excerpt":"El \u00a0An\u00eds Naranja y las Flores del Remedio son dos licores tradicionales de la comarca del Vall\u00e8s Oriental, originarios de la ciudad de Caldes de ... Veure m\u00e9s","_links":{"self":[{"href":"https:\/\/turismevalles.com\/es\/wp-json\/wp\/v2\/menjar\/10026","targetHints":{"allow":["GET"]}}],"collection":[{"href":"https:\/\/turismevalles.com\/es\/wp-json\/wp\/v2\/menjar"}],"about":[{"href":"https:\/\/turismevalles.com\/es\/wp-json\/wp\/v2\/types\/menjar"}],"wp:featuredmedia":[{"embeddable":true,"href":"https:\/\/turismevalles.com\/es\/wp-json\/wp\/v2\/media\/21681"}],"wp:attachment":[{"href":"https:\/\/turismevalles.com\/es\/wp-json\/wp\/v2\/media?parent=10026"}],"wp:term":[{"taxonomy":"poblacions","embeddable":true,"href":"https:\/\/turismevalles.com\/es\/wp-json\/wp\/v2\/poblacions?post=10026"},{"taxonomy":"tipus_menjar","embeddable":true,"href":"https:\/\/turismevalles.com\/es\/wp-json\/wp\/v2\/tipus_menjar?post=10026"}],"curies":[{"name":"wp","href":"https:\/\/api.w.org\/{rel}","templated":true}]}}

El Anís Naranja y las Flores del Remedio

<p>El  Anís Naranja y las Flores del Remedio son dos licores tradicionales de la comarca del Vallès Oriental, originarios de la ciudad de Caldes de Montbui, que se elaboran desde el año 1918 y que son muy apreciados como digestivos. Las Flores de Remedio es un licor fruto de la destilación de plantas y hierbas aromáticas, parte de las cuales son hierbas autóctonas. Este licor tiene una graduación alcohólica de 34° que le confiere un gusto intenso que se mantiene a la boca. El  Anís Naranja es un licor obtenido a partir de la destilación de la piel de la naranja con anís estrellado. Se puede degustar solo, con cubitos o combinado con café.</p>

<p>Fuente: Web de La Vallesana:  <a href="http://www.florsdelremei.cat">www.florsdelremei.cat</a></p>

<!-- This site is optimized with the Yoast SEO plugin v26.4 - https://yoast.com/wordpress/plugins/seo/ -->
<title>El Anís Naranja y las Flores del Remedio - Turisme Vallès</title>
<meta name="robots" content="index, follow, max-snippet:-1, max-image-preview:large, max-video-preview:-1" />
<link rel="canonical" href="https://turismevalles.com/es/comer/el-anis-naranja-y-las-flores-del-remedio/" />
<meta property="og:locale" content="es_ES" />
<meta property="og:type" content="article" />
<meta property="og:title" content="El Anís Naranja y las Flores del Remedio - Turisme Vallès" />
<meta property="og:description" content="El  Anís Naranja y las Flores del Remedio son dos licores tradicionales de la comarca del Vallès Oriental, originarios de la ciudad de Caldes de ... Veure més" />
<meta property="og:url" content="https://turismevalles.com/es/comer/el-anis-naranja-y-las-flores-del-remedio/" />
<meta property="og:site_name" content="Turisme Vallès" />
<meta property="og:image" content="https://turismevalles.com/wp-content/uploads/2020/11/anis.jpg" />
	<meta property="og:image:width" content="904" />
	<meta property="og:image:height" content="825" />
	<meta property="og:image:type" content="image/jpeg" />
<meta name="twitter:card" content="summary_large_image" />
<meta name="twitter:label1" content="Tiempo de lectura" />
	<meta name="twitter:data1" content="1 minuto" />
<script type="application/ld+json" class="yoast-schema-graph">{"@context":"https://schema.org","@graph":[{"@type":"WebPage","@id":"https://turismevalles.com/es/comer/el-anis-naranja-y-las-flores-del-remedio/","url":"https://turismevalles.com/es/comer/el-anis-naranja-y-las-flores-del-remedio/","name":"El Anís Naranja y las Flores del Remedio - Turisme Vallès","isPartOf":{"@id":"https://turismevalles.com/en/#website"},"primaryImageOfPage":{"@id":"https://turismevalles.com/es/comer/el-anis-naranja-y-las-flores-del-remedio/#primaryimage"},"image":{"@id":"https://turismevalles.com/es/comer/el-anis-naranja-y-las-flores-del-remedio/#primaryimage"},"thumbnailUrl":"https://turismevalles.com/wp-content/uploads/2020/11/anis.jpg","datePublished":"2020-12-03T09:59:16+00:00","breadcrumb":{"@id":"https://turismevalles.com/es/comer/el-anis-naranja-y-las-flores-del-remedio/#breadcrumb"},"inLanguage":"es","potentialAction":[{"@type":"ReadAction","target":["https://turismevalles.com/es/comer/el-anis-naranja-y-las-flores-del-remedio/"]}]},{"@type":"ImageObject","inLanguage":"es","@id":"https://turismevalles.com/es/comer/el-anis-naranja-y-las-flores-del-remedio/#primaryimage","url":"https://turismevalles.com/wp-content/uploads/2020/11/anis.jpg","contentUrl":"https://turismevalles.com/wp-content/uploads/2020/11/anis.jpg","width":904,"height":825},{"@type":"BreadcrumbList","@id":"https://turismevalles.com/es/comer/el-anis-naranja-y-las-flores-del-remedio/#breadcrumb","itemListElement":[{"@type":"ListItem","position":1,"name":"Inicio","item":"https://turismevalles.com/es/"},{"@type":"ListItem","position":2,"name":"Menjar","item":"https://turismevalles.com/menjar/"},{"@type":"ListItem","position":3,"name":"El Anís Naranja y las Flores del Remedio"}]},{"@type":"WebSite","@id":"https://turismevalles.com/en/#website","url":"https://turismevalles.com/en/","name":"Turisme Vallès","description":"","publisher":{"@id":"https://turismevalles.com/en/#organization"},"potentialAction":[{"@type":"SearchAction","target":{"@type":"EntryPoint","urlTemplate":"https://turismevalles.com/en/?s={search_term_string}"},"query-input":{"@type":"PropertyValueSpecification","valueRequired":true,"valueName":"search_term_string"}}],"inLanguage":"es"},{"@type":"Organization","@id":"https://turismevalles.com/en/#organization","name":"Turisme Vallès","url":"https://turismevalles.com/en/","logo":{"@type":"ImageObject","inLanguage":"es","@id":"https://turismevalles.com/en/#/schema/logo/image/","url":"https://turismevalles.com/wp-content/uploads/2020/08/cropped-logo_ca-2.png","contentUrl":"https://turismevalles.com/wp-content/uploads/2020/08/cropped-logo_ca-2.png","width":314,"height":85,"caption":"Turisme Vallès"},"image":{"@id":"https://turismevalles.com/en/#/schema/logo/image/"}}]}</script>
<!-- / Yoast SEO plugin. -->

El Anís Naranja y las Flores del Remedio - Turisme Vallès

El  Anís Naranja y las Flores del Remedio son dos licores tradicionales de la comarca del Vallès Oriental, originarios de la ciudad de Caldes de ... Veure més

Turisme Vallès
