{"id":9480,"date":"2020-12-01T12:42:17","date_gmt":"2020-12-01T10:42:17","guid":{"rendered":"http:\/\/turismevalles.com.mialias.net\/municipis\/sant-pere-de-vilamajor\/"},"modified":"2022-02-23T12:12:52","modified_gmt":"2022-02-23T11:12:52","slug":"sant-pere-de-vilamajor","status":"publish","type":"municipis","link":"https:\/\/turismevalles.com\/fr\/municipalites\/sant-pere-de-vilamajor\/","title":{"rendered":"Sant Pere de Vilamajor"},"content":{"rendered":"\n<p class=\"has-text-align-left\"> Le village de Sant Pere de Vilamajor se situe \u00e0 mi-chemin entre Barcelone et G\u00e9rone, l\u00e0 o\u00f9 la plaine du Vall\u00e8s Oriental rejoint le massif du Montseny. Une magnifique tour romane se dresse dans son centre historique. Elle faisait partie du ch\u00e2teau de Vilamajor, palais de vill\u00e9giature des comtes de Barcelone, \u00e0 c\u00f4t\u00e9 duquel se trouve le Point d\u2019information. Tous les ans au mois de novembre, la f\u00eate m\u00e9di\u00e9vale de Vilamagore rappelle les s\u00e9jours de la famille royale dans le village. Elle accueille des spectacles de th\u00e9\u00e2tre, des joutes \u00e9questres, un march\u00e9 th\u00e9matique et bien d\u2019autres \u00e9v\u00e9nements.<\/p>\n\n<p class=\"has-text-align-left\"> L\u2019\u00e9glise paroissiale de style gothique-Renaissance a \u00e9t\u00e9 r\u00e9cemment restaur\u00e9e par le Centre d\u2019Art contemporain La Rectoria. La visite de la nef orn\u00e9e de formes organiques issues de nombreuses disciplines comme le fer, le verre, la peinture ou la c\u00e9ramique, est incontournable.<\/p>\n\n<p class=\"has-text-align-left\">La plaine de Vilamajor regorge de mas, de sources et d\u2019arbres centenaires qui bordent les chemins. L\u2019ensemble compose un lieu id\u00e9al pour la randonn\u00e9e. Les plus audacieux peuvent aussi partir \u00e0 la d\u00e9couverte de ce grand territoire qui s\u2019\u00e9tend jusqu\u2019au parc naturel du Montseny sur les derniers contreforts du plateau de la Calma. Le parc est class\u00e9 r\u00e9serve de biosph\u00e8re de l\u2019UNESCO. Le territoire communal est travers\u00e9 par le sentier du mont Pi Novell, le PR-C 139, qui rejoint le sentier de grande randonn\u00e9e du Vall\u00e8s (GR-97) et celui du Montseny (GR-5). Au c\u0153ur de ses montagnes, vous d\u00e9couvrirez des sources cach\u00e9es, des chapelles centenaires, des sentiers et des pistes foresti\u00e8res qui sont une v\u00e9ritable invitation \u00e0 l\u2019aventure.<\/p>\n\n<hr class=\"wp-block-separator\"\/>\n<h2 class=\"gb-headline gb-headline-e0674221 gb-headline-text\">Apropa&rsquo;t i viu Sant Pere de Vilamajor<\/h2><figure class=\"wp-block-embed is-type-video is-provider-youtube wp-block-embed-youtube wp-embed-aspect-16-9 wp-has-aspect-ratio\">\r\n<div class=\"wp-block-embed__wrapper\">https:\/\/www.youtube.com\/watch?v=M2-32a0pxuY&amp;t=1s<\/div><\/figure>","protected":false},"featured_media":7643,"template":"","poblacions":[846],"class_list":["post-9480","municipis","type-municipis","status-publish","has-post-thumbnail","hentry","poblacions-sant-pere-de-vilamajor-fr","generate-columns","tablet-grid-50","mobile-grid-100","grid-parent","grid-33"],"acf":{"photo_gallery":{"imatges":[[]]}},"yoast_head":"<!-- This site is optimized with the Yoast SEO plugin v26.4 - https:\/\/yoast.com\/wordpress\/plugins\/seo\/ -->\n<title>Sant Pere de Vilamajor - Turisme Vall\u00e8s<\/title>\n<meta name=\"robots\" content=\"index, follow, max-snippet:-1, max-image-preview:large, max-video-preview:-1\" \/>\n<link rel=\"canonical\" href=\"https:\/\/turismevalles.com\/municipalites\/sant-pere-de-vilamajor\/\" \/>\n<meta property=\"og:locale\" content=\"fr_FR\" \/>\n<meta property=\"og:type\" content=\"article\" \/>\n<meta property=\"og:title\" content=\"Sant Pere de Vilamajor - Turisme Vall\u00e8s\" \/>\n<meta property=\"og:description\" content=\"Le village de Sant Pere de Vilamajor se situe \u00e0 mi-chemin entre Barcelone et G\u00e9rone, l\u00e0 o\u00f9 la plaine du Vall\u00e8s Oriental rejoint le massif ... Veure m\u00e9s\" \/>\n<meta property=\"og:url\" content=\"https:\/\/turismevalles.com\/municipalites\/sant-pere-de-vilamajor\/\" \/>\n<meta property=\"og:site_name\" content=\"Turisme Vall\u00e8s\" \/>\n<meta property=\"article:modified_time\" content=\"2022-02-23T11:12:52+00:00\" \/>\n<meta property=\"og:image\" content=\"https:\/\/turismevalles.com\/wp-content\/uploads\/2020\/11\/turismevalles818.jpg\" \/>\n\t<meta property=\"og:image:width\" content=\"640\" \/>\n\t<meta property=\"og:image:height\" content=\"480\" \/>\n\t<meta property=\"og:image:type\" content=\"image\/jpeg\" \/>\n<meta name=\"twitter:card\" content=\"summary_large_image\" \/>\n<meta name=\"twitter:label1\" content=\"Dur\u00e9e de lecture estim\u00e9e\" \/>\n\t<meta name=\"twitter:data1\" content=\"2 minutes\" \/>\n<script type=\"application\/ld+json\" class=\"yoast-schema-graph\">{\"@context\":\"https:\/\/schema.org\",\"@graph\":[{\"@type\":\"WebPage\",\"@id\":\"https:\/\/turismevalles.com\/municipalites\/sant-pere-de-vilamajor\/\",\"url\":\"https:\/\/turismevalles.com\/municipalites\/sant-pere-de-vilamajor\/\",\"name\":\"Sant Pere de Vilamajor - Turisme Vall\u00e8s\",\"isPartOf\":{\"@id\":\"https:\/\/turismevalles.com\/en\/#website\"},\"primaryImageOfPage\":{\"@id\":\"https:\/\/turismevalles.com\/municipalites\/sant-pere-de-vilamajor\/#primaryimage\"},\"image\":{\"@id\":\"https:\/\/turismevalles.com\/municipalites\/sant-pere-de-vilamajor\/#primaryimage\"},\"thumbnailUrl\":\"https:\/\/turismevalles.com\/wp-content\/uploads\/2020\/11\/turismevalles818.jpg\",\"datePublished\":\"2020-12-01T10:42:17+00:00\",\"dateModified\":\"2022-02-23T11:12:52+00:00\",\"breadcrumb\":{\"@id\":\"https:\/\/turismevalles.com\/municipalites\/sant-pere-de-vilamajor\/#breadcrumb\"},\"inLanguage\":\"fr-FR\",\"potentialAction\":[{\"@type\":\"ReadAction\",\"target\":[\"https:\/\/turismevalles.com\/municipalites\/sant-pere-de-vilamajor\/\"]}]},{\"@type\":\"ImageObject\",\"inLanguage\":\"fr-FR\",\"@id\":\"https:\/\/turismevalles.com\/municipalites\/sant-pere-de-vilamajor\/#primaryimage\",\"url\":\"https:\/\/turismevalles.com\/wp-content\/uploads\/2020\/11\/turismevalles818.jpg\",\"contentUrl\":\"https:\/\/turismevalles.com\/wp-content\/uploads\/2020\/11\/turismevalles818.jpg\",\"width\":640,\"height\":480},{\"@type\":\"BreadcrumbList\",\"@id\":\"https:\/\/turismevalles.com\/municipalites\/sant-pere-de-vilamajor\/#breadcrumb\",\"itemListElement\":[{\"@type\":\"ListItem\",\"position\":1,\"name\":\"Inici\",\"item\":\"https:\/\/turismevalles.com\/fr\/\"},{\"@type\":\"ListItem\",\"position\":2,\"name\":\"Municipis\",\"item\":\"https:\/\/turismevalles.com\/municipis\/\"},{\"@type\":\"ListItem\",\"position\":3,\"name\":\"Sant Pere de Vilamajor\"}]},{\"@type\":\"WebSite\",\"@id\":\"https:\/\/turismevalles.com\/en\/#website\",\"url\":\"https:\/\/turismevalles.com\/en\/\",\"name\":\"Turisme Vall\u00e8s\",\"description\":\"\",\"publisher\":{\"@id\":\"https:\/\/turismevalles.com\/en\/#organization\"},\"potentialAction\":[{\"@type\":\"SearchAction\",\"target\":{\"@type\":\"EntryPoint\",\"urlTemplate\":\"https:\/\/turismevalles.com\/en\/?s={search_term_string}\"},\"query-input\":{\"@type\":\"PropertyValueSpecification\",\"valueRequired\":true,\"valueName\":\"search_term_string\"}}],\"inLanguage\":\"fr-FR\"},{\"@type\":\"Organization\",\"@id\":\"https:\/\/turismevalles.com\/en\/#organization\",\"name\":\"Turisme Vall\u00e8s\",\"url\":\"https:\/\/turismevalles.com\/en\/\",\"logo\":{\"@type\":\"ImageObject\",\"inLanguage\":\"fr-FR\",\"@id\":\"https:\/\/turismevalles.com\/en\/#\/schema\/logo\/image\/\",\"url\":\"https:\/\/turismevalles.com\/wp-content\/uploads\/2020\/08\/cropped-logo_ca-2.png\",\"contentUrl\":\"https:\/\/turismevalles.com\/wp-content\/uploads\/2020\/08\/cropped-logo_ca-2.png\",\"width\":314,\"height\":85,\"caption\":\"Turisme Vall\u00e8s\"},\"image\":{\"@id\":\"https:\/\/turismevalles.com\/en\/#\/schema\/logo\/image\/\"}}]}<\/script>\n<!-- \/ Yoast SEO plugin. -->","yoast_head_json":{"title":"Sant Pere de Vilamajor - Turisme Vall\u00e8s","robots":{"index":"index","follow":"follow","max-snippet":"max-snippet:-1","max-image-preview":"max-image-preview:large","max-video-preview":"max-video-preview:-1"},"canonical":"https:\/\/turismevalles.com\/municipalites\/sant-pere-de-vilamajor\/","og_locale":"fr_FR","og_type":"article","og_title":"Sant Pere de Vilamajor - Turisme Vall\u00e8s","og_description":"Le village de Sant Pere de Vilamajor se situe \u00e0 mi-chemin entre Barcelone et G\u00e9rone, l\u00e0 o\u00f9 la plaine du Vall\u00e8s Oriental rejoint le massif ... Veure m\u00e9s","og_url":"https:\/\/turismevalles.com\/municipalites\/sant-pere-de-vilamajor\/","og_site_name":"Turisme Vall\u00e8s","article_modified_time":"2022-02-23T11:12:52+00:00","og_image":[{"width":640,"height":480,"url":"https:\/\/turismevalles.com\/wp-content\/uploads\/2020\/11\/turismevalles818.jpg","type":"image\/jpeg"}],"twitter_card":"summary_large_image","twitter_misc":{"Dur\u00e9e de lecture estim\u00e9e":"2 minutes"},"schema":{"@context":"https:\/\/schema.org","@graph":[{"@type":"WebPage","@id":"https:\/\/turismevalles.com\/municipalites\/sant-pere-de-vilamajor\/","url":"https:\/\/turismevalles.com\/municipalites\/sant-pere-de-vilamajor\/","name":"Sant Pere de Vilamajor - Turisme Vall\u00e8s","isPartOf":{"@id":"https:\/\/turismevalles.com\/en\/#website"},"primaryImageOfPage":{"@id":"https:\/\/turismevalles.com\/municipalites\/sant-pere-de-vilamajor\/#primaryimage"},"image":{"@id":"https:\/\/turismevalles.com\/municipalites\/sant-pere-de-vilamajor\/#primaryimage"},"thumbnailUrl":"https:\/\/turismevalles.com\/wp-content\/uploads\/2020\/11\/turismevalles818.jpg","datePublished":"2020-12-01T10:42:17+00:00","dateModified":"2022-02-23T11:12:52+00:00","breadcrumb":{"@id":"https:\/\/turismevalles.com\/municipalites\/sant-pere-de-vilamajor\/#breadcrumb"},"inLanguage":"fr-FR","potentialAction":[{"@type":"ReadAction","target":["https:\/\/turismevalles.com\/municipalites\/sant-pere-de-vilamajor\/"]}]},{"@type":"ImageObject","inLanguage":"fr-FR","@id":"https:\/\/turismevalles.com\/municipalites\/sant-pere-de-vilamajor\/#primaryimage","url":"https:\/\/turismevalles.com\/wp-content\/uploads\/2020\/11\/turismevalles818.jpg","contentUrl":"https:\/\/turismevalles.com\/wp-content\/uploads\/2020\/11\/turismevalles818.jpg","width":640,"height":480},{"@type":"BreadcrumbList","@id":"https:\/\/turismevalles.com\/municipalites\/sant-pere-de-vilamajor\/#breadcrumb","itemListElement":[{"@type":"ListItem","position":1,"name":"Inici","item":"https:\/\/turismevalles.com\/fr\/"},{"@type":"ListItem","position":2,"name":"Municipis","item":"https:\/\/turismevalles.com\/municipis\/"},{"@type":"ListItem","position":3,"name":"Sant Pere de Vilamajor"}]},{"@type":"WebSite","@id":"https:\/\/turismevalles.com\/en\/#website","url":"https:\/\/turismevalles.com\/en\/","name":"Turisme Vall\u00e8s","description":"","publisher":{"@id":"https:\/\/turismevalles.com\/en\/#organization"},"potentialAction":[{"@type":"SearchAction","target":{"@type":"EntryPoint","urlTemplate":"https:\/\/turismevalles.com\/en\/?s={search_term_string}"},"query-input":{"@type":"PropertyValueSpecification","valueRequired":true,"valueName":"search_term_string"}}],"inLanguage":"fr-FR"},{"@type":"Organization","@id":"https:\/\/turismevalles.com\/en\/#organization","name":"Turisme Vall\u00e8s","url":"https:\/\/turismevalles.com\/en\/","logo":{"@type":"ImageObject","inLanguage":"fr-FR","@id":"https:\/\/turismevalles.com\/en\/#\/schema\/logo\/image\/","url":"https:\/\/turismevalles.com\/wp-content\/uploads\/2020\/08\/cropped-logo_ca-2.png","contentUrl":"https:\/\/turismevalles.com\/wp-content\/uploads\/2020\/08\/cropped-logo_ca-2.png","width":314,"height":85,"caption":"Turisme Vall\u00e8s"},"image":{"@id":"https:\/\/turismevalles.com\/en\/#\/schema\/logo\/image\/"}}]}},"uagb_featured_image_src":{"full":["https:\/\/turismevalles.com\/wp-content\/uploads\/2020\/11\/turismevalles818.jpg",640,480,false],"thumbnail":["https:\/\/turismevalles.com\/wp-content\/uploads\/2020\/11\/turismevalles818-150x150.jpg",150,150,true],"medium":["https:\/\/turismevalles.com\/wp-content\/uploads\/2020\/11\/turismevalles818-300x225.jpg",300,225,true],"medium_large":["https:\/\/turismevalles.com\/wp-content\/uploads\/2020\/11\/turismevalles818.jpg",640,480,false],"large":["https:\/\/turismevalles.com\/wp-content\/uploads\/2020\/11\/turismevalles818.jpg",640,480,false],"thumblist":["https:\/\/turismevalles.com\/wp-content\/uploads\/2020\/11\/turismevalles818.jpg",300,225,false],"meccarouselthumb":["https:\/\/turismevalles.com\/wp-content\/uploads\/2020\/11\/turismevalles818.jpg",432,324,false],"gridsquare":["https:\/\/turismevalles.com\/wp-content\/uploads\/2020\/11\/turismevalles818.jpg",347,260,false],"tileview":["https:\/\/turismevalles.com\/wp-content\/uploads\/2020\/11\/turismevalles818.jpg",300,225,false],"1536x1536":["https:\/\/turismevalles.com\/wp-content\/uploads\/2020\/11\/turismevalles818.jpg",640,480,false],"2048x2048":["https:\/\/turismevalles.com\/wp-content\/uploads\/2020\/11\/turismevalles818.jpg",640,480,false]},"uagb_author_info":{"display_name":"Turisme Valles","author_link":"https:\/\/turismevalles.com\/fr\/author\/"},"uagb_comment_info":0,"uagb_excerpt":"Le village de Sant Pere de Vilamajor se situe \u00e0 mi-chemin entre Barcelone et G\u00e9rone, l\u00e0 o\u00f9 la plaine du Vall\u00e8s Oriental rejoint le massif ... Veure m\u00e9s","_links":{"self":[{"href":"https:\/\/turismevalles.com\/fr\/wp-json\/wp\/v2\/municipis\/9480","targetHints":{"allow":["GET"]}}],"collection":[{"href":"https:\/\/turismevalles.com\/fr\/wp-json\/wp\/v2\/municipis"}],"about":[{"href":"https:\/\/turismevalles.com\/fr\/wp-json\/wp\/v2\/types\/municipis"}],"wp:featuredmedia":[{"embeddable":true,"href":"https:\/\/turismevalles.com\/fr\/wp-json\/wp\/v2\/media\/7643"}],"wp:attachment":[{"href":"https:\/\/turismevalles.com\/fr\/wp-json\/wp\/v2\/media?parent=9480"}],"wp:term":[{"taxonomy":"poblacions","embeddable":true,"href":"https:\/\/turismevalles.com\/fr\/wp-json\/wp\/v2\/poblacions?post=9480"}],"curies":[{"name":"wp","href":"https:\/\/api.w.org\/{rel}","templated":true}]}}

<p class="has-text-align-left"> Le village de Sant Pere de Vilamajor se situe à mi-chemin entre Barcelone et Gérone, là où la plaine du Vallès Oriental rejoint le massif du Montseny. Une magnifique tour romane se dresse dans son centre historique. Elle faisait partie du château de Vilamajor, palais de villégiature des comtes de Barcelone, à côté duquel se trouve le Point d’information. Tous les ans au mois de novembre, la fête médiévale de Vilamagore rappelle les séjours de la famille royale dans le village. Elle accueille des spectacles de théâtre, des joutes équestres, un marché thématique et bien d’autres événements.</p>

<p class="has-text-align-left"> L’église paroissiale de style gothique-Renaissance a été récemment restaurée par le Centre d’Art contemporain La Rectoria. La visite de la nef ornée de formes organiques issues de nombreuses disciplines comme le fer, le verre, la peinture ou la céramique, est incontournable.</p>

<p class="has-text-align-left">La plaine de Vilamajor regorge de mas, de sources et d’arbres centenaires qui bordent les chemins. L’ensemble compose un lieu idéal pour la randonnée. Les plus audacieux peuvent aussi partir à la découverte de ce grand territoire qui s’étend jusqu’au parc naturel du Montseny sur les derniers contreforts du plateau de la Calma. Le parc est classé réserve de biosphère de l’UNESCO. Le territoire communal est traversé par le sentier du mont Pi Novell, le PR-C 139, qui rejoint le sentier de grande randonnée du Vallès (GR-97) et celui du Montseny (GR-5). Au cœur de ses montagnes, vous découvrirez des sources cachées, des chapelles centenaires, des sentiers et des pistes forestières qui sont une véritable invitation à l’aventure.</p>

<hr class="wp-block-separator"/>
<h2 class="gb-headline gb-headline-e0674221 gb-headline-text">Apropa&rsquo;t i viu Sant Pere de Vilamajor</h2><figure class="wp-block-embed is-type-video is-provider-youtube wp-block-embed-youtube wp-embed-aspect-16-9 wp-has-aspect-ratio">
<div class="wp-block-embed__wrapper">https://www.youtube.com/watch?v=M2-32a0pxuY&amp;t=1s</div></figure>

<!-- This site is optimized with the Yoast SEO plugin v26.4 - https://yoast.com/wordpress/plugins/seo/ -->
<title>Sant Pere de Vilamajor - Turisme Vallès</title>
<meta name="robots" content="index, follow, max-snippet:-1, max-image-preview:large, max-video-preview:-1" />
<link rel="canonical" href="https://turismevalles.com/municipalites/sant-pere-de-vilamajor/" />
<meta property="og:locale" content="fr_FR" />
<meta property="og:type" content="article" />
<meta property="og:title" content="Sant Pere de Vilamajor - Turisme Vallès" />
<meta property="og:description" content="Le village de Sant Pere de Vilamajor se situe à mi-chemin entre Barcelone et Gérone, là où la plaine du Vallès Oriental rejoint le massif ... Veure més" />
<meta property="og:url" content="https://turismevalles.com/municipalites/sant-pere-de-vilamajor/" />
<meta property="og:site_name" content="Turisme Vallès" />
<meta property="article:modified_time" content="2022-02-23T11:12:52+00:00" />
<meta property="og:image" content="https://turismevalles.com/wp-content/uploads/2020/11/turismevalles818.jpg" />
	<meta property="og:image:width" content="640" />
	<meta property="og:image:height" content="480" />
	<meta property="og:image:type" content="image/jpeg" />
<meta name="twitter:card" content="summary_large_image" />
<meta name="twitter:label1" content="Durée de lecture estimée" />
	<meta name="twitter:data1" content="2 minutes" />
<script type="application/ld+json" class="yoast-schema-graph">{"@context":"https://schema.org","@graph":[{"@type":"WebPage","@id":"https://turismevalles.com/municipalites/sant-pere-de-vilamajor/","url":"https://turismevalles.com/municipalites/sant-pere-de-vilamajor/","name":"Sant Pere de Vilamajor - Turisme Vallès","isPartOf":{"@id":"https://turismevalles.com/en/#website"},"primaryImageOfPage":{"@id":"https://turismevalles.com/municipalites/sant-pere-de-vilamajor/#primaryimage"},"image":{"@id":"https://turismevalles.com/municipalites/sant-pere-de-vilamajor/#primaryimage"},"thumbnailUrl":"https://turismevalles.com/wp-content/uploads/2020/11/turismevalles818.jpg","datePublished":"2020-12-01T10:42:17+00:00","dateModified":"2022-02-23T11:12:52+00:00","breadcrumb":{"@id":"https://turismevalles.com/municipalites/sant-pere-de-vilamajor/#breadcrumb"},"inLanguage":"fr-FR","potentialAction":[{"@type":"ReadAction","target":["https://turismevalles.com/municipalites/sant-pere-de-vilamajor/"]}]},{"@type":"ImageObject","inLanguage":"fr-FR","@id":"https://turismevalles.com/municipalites/sant-pere-de-vilamajor/#primaryimage","url":"https://turismevalles.com/wp-content/uploads/2020/11/turismevalles818.jpg","contentUrl":"https://turismevalles.com/wp-content/uploads/2020/11/turismevalles818.jpg","width":640,"height":480},{"@type":"BreadcrumbList","@id":"https://turismevalles.com/municipalites/sant-pere-de-vilamajor/#breadcrumb","itemListElement":[{"@type":"ListItem","position":1,"name":"Inici","item":"https://turismevalles.com/fr/"},{"@type":"ListItem","position":2,"name":"Municipis","item":"https://turismevalles.com/municipis/"},{"@type":"ListItem","position":3,"name":"Sant Pere de Vilamajor"}]},{"@type":"WebSite","@id":"https://turismevalles.com/en/#website","url":"https://turismevalles.com/en/","name":"Turisme Vallès","description":"","publisher":{"@id":"https://turismevalles.com/en/#organization"},"potentialAction":[{"@type":"SearchAction","target":{"@type":"EntryPoint","urlTemplate":"https://turismevalles.com/en/?s={search_term_string}"},"query-input":{"@type":"PropertyValueSpecification","valueRequired":true,"valueName":"search_term_string"}}],"inLanguage":"fr-FR"},{"@type":"Organization","@id":"https://turismevalles.com/en/#organization","name":"Turisme Vallès","url":"https://turismevalles.com/en/","logo":{"@type":"ImageObject","inLanguage":"fr-FR","@id":"https://turismevalles.com/en/#/schema/logo/image/","url":"https://turismevalles.com/wp-content/uploads/2020/08/cropped-logo_ca-2.png","contentUrl":"https://turismevalles.com/wp-content/uploads/2020/08/cropped-logo_ca-2.png","width":314,"height":85,"caption":"Turisme Vallès"},"image":{"@id":"https://turismevalles.com/en/#/schema/logo/image/"}}]}</script>
<!-- / Yoast SEO plugin. -->

Sant Pere de Vilamajor - Turisme Vallès

Le village de Sant Pere de Vilamajor se situe à mi-chemin entre Barcelone et Gérone, là où la plaine du Vallès Oriental rejoint le massif ... Veure més

Turisme Vallès
