{"id":9766,"date":"2020-12-02T10:09:02","date_gmt":"2020-12-02T08:09:02","guid":{"rendered":"http:\/\/turismevalles.com.mialias.net\/valles_oriental\/sant-sebastia-de-montmajor\/"},"modified":"2020-12-03T11:22:52","modified_gmt":"2020-12-03T09:22:52","slug":"sant-sebastia-de-montmajor","status":"publish","type":"valles_oriental","link":"https:\/\/turismevalles.com\/fr\/valles_oriental\/sant-sebastia-de-montmajor\/","title":{"rendered":"Sant Sebasti\u00e0 de Montmajor"},"content":{"rendered":"\n<p>C&rsquo;est une petite ville situ\u00e9e \u00e0 12 km de Caldes de Montbui, sur le versant nord d&rsquo;El Farell, entour\u00e9 de montagnes. La vall\u00e9e de Sant Sebasti\u00e0 conserve tout le charme de la nature. En cela, nous trouvons l&rsquo;\u00e9glise romane du XIe si\u00e8cle. A l&rsquo;int\u00e9rieur, on peut admirer des fresques d&rsquo;Antoni Vila Arrufat r\u00e9alis\u00e9es entre 1945 et 1950 et un bois de Sant Sebasti\u00e0 par l&rsquo;artiste Sebasti\u00e0 Badia.&#13;\nL&rsquo;\u00e9glise a une seule nef avec un transept qui donne \u00e0 la plante une forme de croix latine. La plante a, \u00e0 l&rsquo;est, une t\u00eate triabsidiale, dans laquelle l&rsquo;abside du centre est carr\u00e9e et les deux c\u00f4t\u00e9s v\u00e9g\u00e9taux semi-circulaires. \u00c0 l&rsquo;extr\u00e9mit\u00e9 midi du transept, il y a une autre abside, \u00e9galement avec un plan semi-circulaire. L&rsquo;abside centrale pr\u00e9sente comme particularit\u00e9s les trois fa\u00e7ades d\u00e9cor\u00e9es. Nous soulignons la pr\u00e9sence d&rsquo;une petite tour de tour prismatique de plante quadrangulaire, avec deux \u00e9tages de fen\u00eatres de chaque c\u00f4t\u00e9.<\/p>\n\n<p><a href=\"http:\/\/turismevalles.com\/ca\/valles-oriental\/cultura\/patrimoni-valles-oriental-cat\/sant-sebastia-montmajor\/sant-sebastia-montmajor-caldes-de-montbui-patrimoni-cat\">Plus information<\/a><\/p>\n","protected":false},"featured_media":7754,"template":"","poblacions":[],"valles_oriental_contingut":[317],"tipologia_estada":[],"class_list":["post-9766","valles_oriental","type-valles_oriental","status-publish","has-post-thumbnail","hentry","valles_oriental_contingut-patrimoine-architectural-et-archeologique","generate-columns","tablet-grid-50","mobile-grid-100","grid-parent","grid-33"],"acf":[],"yoast_head":"<!-- This site is optimized with the Yoast SEO plugin v26.4 - https:\/\/yoast.com\/wordpress\/plugins\/seo\/ -->\n<title>Sant Sebasti\u00e0 de Montmajor - Turisme Vall\u00e8s<\/title>\n<meta name=\"robots\" content=\"index, follow, max-snippet:-1, max-image-preview:large, max-video-preview:-1\" \/>\n<link rel=\"canonical\" href=\"https:\/\/turismevalles.com\/valles_oriental\/sant-sebastia-de-montmajor\/\" \/>\n<meta property=\"og:locale\" content=\"fr_FR\" \/>\n<meta property=\"og:type\" content=\"article\" \/>\n<meta property=\"og:title\" content=\"Sant Sebasti\u00e0 de Montmajor - Turisme Vall\u00e8s\" \/>\n<meta property=\"og:description\" content=\"C&rsquo;est une petite ville situ\u00e9e \u00e0 12 km de Caldes de Montbui, sur le versant nord d&rsquo;El Farell, entour\u00e9 de montagnes. La vall\u00e9e de Sant ... Veure m\u00e9s\" \/>\n<meta property=\"og:url\" content=\"https:\/\/turismevalles.com\/valles_oriental\/sant-sebastia-de-montmajor\/\" \/>\n<meta property=\"og:site_name\" content=\"Turisme Vall\u00e8s\" \/>\n<meta property=\"article:modified_time\" content=\"2020-12-03T09:22:52+00:00\" \/>\n<meta property=\"og:image\" content=\"https:\/\/turismevalles.com\/wp-content\/uploads\/2020\/11\/turismevalles4074.jpg\" \/>\n\t<meta property=\"og:image:width\" content=\"581\" \/>\n\t<meta property=\"og:image:height\" content=\"831\" \/>\n\t<meta property=\"og:image:type\" content=\"image\/jpeg\" \/>\n<meta name=\"twitter:card\" content=\"summary_large_image\" \/>\n<meta name=\"twitter:label1\" content=\"Dur\u00e9e de lecture estim\u00e9e\" \/>\n\t<meta name=\"twitter:data1\" content=\"1 minute\" \/>\n<script type=\"application\/ld+json\" class=\"yoast-schema-graph\">{\"@context\":\"https:\/\/schema.org\",\"@graph\":[{\"@type\":\"WebPage\",\"@id\":\"https:\/\/turismevalles.com\/valles_oriental\/sant-sebastia-de-montmajor\/\",\"url\":\"https:\/\/turismevalles.com\/valles_oriental\/sant-sebastia-de-montmajor\/\",\"name\":\"Sant Sebasti\u00e0 de Montmajor - Turisme Vall\u00e8s\",\"isPartOf\":{\"@id\":\"https:\/\/turismevalles.com\/en\/#website\"},\"primaryImageOfPage\":{\"@id\":\"https:\/\/turismevalles.com\/valles_oriental\/sant-sebastia-de-montmajor\/#primaryimage\"},\"image\":{\"@id\":\"https:\/\/turismevalles.com\/valles_oriental\/sant-sebastia-de-montmajor\/#primaryimage\"},\"thumbnailUrl\":\"https:\/\/turismevalles.com\/wp-content\/uploads\/2020\/11\/turismevalles4074.jpg\",\"datePublished\":\"2020-12-02T08:09:02+00:00\",\"dateModified\":\"2020-12-03T09:22:52+00:00\",\"breadcrumb\":{\"@id\":\"https:\/\/turismevalles.com\/valles_oriental\/sant-sebastia-de-montmajor\/#breadcrumb\"},\"inLanguage\":\"fr-FR\",\"potentialAction\":[{\"@type\":\"ReadAction\",\"target\":[\"https:\/\/turismevalles.com\/valles_oriental\/sant-sebastia-de-montmajor\/\"]}]},{\"@type\":\"ImageObject\",\"inLanguage\":\"fr-FR\",\"@id\":\"https:\/\/turismevalles.com\/valles_oriental\/sant-sebastia-de-montmajor\/#primaryimage\",\"url\":\"https:\/\/turismevalles.com\/wp-content\/uploads\/2020\/11\/turismevalles4074.jpg\",\"contentUrl\":\"https:\/\/turismevalles.com\/wp-content\/uploads\/2020\/11\/turismevalles4074.jpg\",\"width\":581,\"height\":831,\"caption\":\"Sant Sebasti\u00e0 de Montmajor\"},{\"@type\":\"BreadcrumbList\",\"@id\":\"https:\/\/turismevalles.com\/valles_oriental\/sant-sebastia-de-montmajor\/#breadcrumb\",\"itemListElement\":[{\"@type\":\"ListItem\",\"position\":1,\"name\":\"Inici\",\"item\":\"https:\/\/turismevalles.com\/fr\/\"},{\"@type\":\"ListItem\",\"position\":2,\"name\":\"Vall\u00e8s Oriental\",\"item\":\"https:\/\/turismevalles.com\/valles_oriental\/\"},{\"@type\":\"ListItem\",\"position\":3,\"name\":\"Sant Sebasti\u00e0 de Montmajor\"}]},{\"@type\":\"WebSite\",\"@id\":\"https:\/\/turismevalles.com\/en\/#website\",\"url\":\"https:\/\/turismevalles.com\/en\/\",\"name\":\"Turisme Vall\u00e8s\",\"description\":\"\",\"publisher\":{\"@id\":\"https:\/\/turismevalles.com\/en\/#organization\"},\"potentialAction\":[{\"@type\":\"SearchAction\",\"target\":{\"@type\":\"EntryPoint\",\"urlTemplate\":\"https:\/\/turismevalles.com\/en\/?s={search_term_string}\"},\"query-input\":{\"@type\":\"PropertyValueSpecification\",\"valueRequired\":true,\"valueName\":\"search_term_string\"}}],\"inLanguage\":\"fr-FR\"},{\"@type\":\"Organization\",\"@id\":\"https:\/\/turismevalles.com\/en\/#organization\",\"name\":\"Turisme Vall\u00e8s\",\"url\":\"https:\/\/turismevalles.com\/en\/\",\"logo\":{\"@type\":\"ImageObject\",\"inLanguage\":\"fr-FR\",\"@id\":\"https:\/\/turismevalles.com\/en\/#\/schema\/logo\/image\/\",\"url\":\"https:\/\/turismevalles.com\/wp-content\/uploads\/2020\/08\/cropped-logo_ca-2.png\",\"contentUrl\":\"https:\/\/turismevalles.com\/wp-content\/uploads\/2020\/08\/cropped-logo_ca-2.png\",\"width\":314,\"height\":85,\"caption\":\"Turisme Vall\u00e8s\"},\"image\":{\"@id\":\"https:\/\/turismevalles.com\/en\/#\/schema\/logo\/image\/\"}}]}<\/script>\n<!-- \/ Yoast SEO plugin. -->","yoast_head_json":{"title":"Sant Sebasti\u00e0 de Montmajor - Turisme Vall\u00e8s","robots":{"index":"index","follow":"follow","max-snippet":"max-snippet:-1","max-image-preview":"max-image-preview:large","max-video-preview":"max-video-preview:-1"},"canonical":"https:\/\/turismevalles.com\/valles_oriental\/sant-sebastia-de-montmajor\/","og_locale":"fr_FR","og_type":"article","og_title":"Sant Sebasti\u00e0 de Montmajor - Turisme Vall\u00e8s","og_description":"C&rsquo;est une petite ville situ\u00e9e \u00e0 12 km de Caldes de Montbui, sur le versant nord d&rsquo;El Farell, entour\u00e9 de montagnes. La vall\u00e9e de Sant ... Veure m\u00e9s","og_url":"https:\/\/turismevalles.com\/valles_oriental\/sant-sebastia-de-montmajor\/","og_site_name":"Turisme Vall\u00e8s","article_modified_time":"2020-12-03T09:22:52+00:00","og_image":[{"width":581,"height":831,"url":"https:\/\/turismevalles.com\/wp-content\/uploads\/2020\/11\/turismevalles4074.jpg","type":"image\/jpeg"}],"twitter_card":"summary_large_image","twitter_misc":{"Dur\u00e9e de lecture estim\u00e9e":"1 minute"},"schema":{"@context":"https:\/\/schema.org","@graph":[{"@type":"WebPage","@id":"https:\/\/turismevalles.com\/valles_oriental\/sant-sebastia-de-montmajor\/","url":"https:\/\/turismevalles.com\/valles_oriental\/sant-sebastia-de-montmajor\/","name":"Sant Sebasti\u00e0 de Montmajor - Turisme Vall\u00e8s","isPartOf":{"@id":"https:\/\/turismevalles.com\/en\/#website"},"primaryImageOfPage":{"@id":"https:\/\/turismevalles.com\/valles_oriental\/sant-sebastia-de-montmajor\/#primaryimage"},"image":{"@id":"https:\/\/turismevalles.com\/valles_oriental\/sant-sebastia-de-montmajor\/#primaryimage"},"thumbnailUrl":"https:\/\/turismevalles.com\/wp-content\/uploads\/2020\/11\/turismevalles4074.jpg","datePublished":"2020-12-02T08:09:02+00:00","dateModified":"2020-12-03T09:22:52+00:00","breadcrumb":{"@id":"https:\/\/turismevalles.com\/valles_oriental\/sant-sebastia-de-montmajor\/#breadcrumb"},"inLanguage":"fr-FR","potentialAction":[{"@type":"ReadAction","target":["https:\/\/turismevalles.com\/valles_oriental\/sant-sebastia-de-montmajor\/"]}]},{"@type":"ImageObject","inLanguage":"fr-FR","@id":"https:\/\/turismevalles.com\/valles_oriental\/sant-sebastia-de-montmajor\/#primaryimage","url":"https:\/\/turismevalles.com\/wp-content\/uploads\/2020\/11\/turismevalles4074.jpg","contentUrl":"https:\/\/turismevalles.com\/wp-content\/uploads\/2020\/11\/turismevalles4074.jpg","width":581,"height":831,"caption":"Sant Sebasti\u00e0 de Montmajor"},{"@type":"BreadcrumbList","@id":"https:\/\/turismevalles.com\/valles_oriental\/sant-sebastia-de-montmajor\/#breadcrumb","itemListElement":[{"@type":"ListItem","position":1,"name":"Inici","item":"https:\/\/turismevalles.com\/fr\/"},{"@type":"ListItem","position":2,"name":"Vall\u00e8s Oriental","item":"https:\/\/turismevalles.com\/valles_oriental\/"},{"@type":"ListItem","position":3,"name":"Sant Sebasti\u00e0 de Montmajor"}]},{"@type":"WebSite","@id":"https:\/\/turismevalles.com\/en\/#website","url":"https:\/\/turismevalles.com\/en\/","name":"Turisme Vall\u00e8s","description":"","publisher":{"@id":"https:\/\/turismevalles.com\/en\/#organization"},"potentialAction":[{"@type":"SearchAction","target":{"@type":"EntryPoint","urlTemplate":"https:\/\/turismevalles.com\/en\/?s={search_term_string}"},"query-input":{"@type":"PropertyValueSpecification","valueRequired":true,"valueName":"search_term_string"}}],"inLanguage":"fr-FR"},{"@type":"Organization","@id":"https:\/\/turismevalles.com\/en\/#organization","name":"Turisme Vall\u00e8s","url":"https:\/\/turismevalles.com\/en\/","logo":{"@type":"ImageObject","inLanguage":"fr-FR","@id":"https:\/\/turismevalles.com\/en\/#\/schema\/logo\/image\/","url":"https:\/\/turismevalles.com\/wp-content\/uploads\/2020\/08\/cropped-logo_ca-2.png","contentUrl":"https:\/\/turismevalles.com\/wp-content\/uploads\/2020\/08\/cropped-logo_ca-2.png","width":314,"height":85,"caption":"Turisme Vall\u00e8s"},"image":{"@id":"https:\/\/turismevalles.com\/en\/#\/schema\/logo\/image\/"}}]}},"uagb_featured_image_src":{"full":["https:\/\/turismevalles.com\/wp-content\/uploads\/2020\/11\/turismevalles4074.jpg",581,831,false],"thumbnail":["https:\/\/turismevalles.com\/wp-content\/uploads\/2020\/11\/turismevalles4074-150x150.jpg",150,150,true],"medium":["https:\/\/turismevalles.com\/wp-content\/uploads\/2020\/11\/turismevalles4074-210x300.jpg",210,300,true],"medium_large":["https:\/\/turismevalles.com\/wp-content\/uploads\/2020\/11\/turismevalles4074.jpg",581,831,false],"large":["https:\/\/turismevalles.com\/wp-content\/uploads\/2020\/11\/turismevalles4074.jpg",581,831,false],"thumblist":["https:\/\/turismevalles.com\/wp-content\/uploads\/2020\/11\/turismevalles4074.jpg",210,300,false],"meccarouselthumb":["https:\/\/turismevalles.com\/wp-content\/uploads\/2020\/11\/turismevalles4074.jpg",227,324,false],"gridsquare":["https:\/\/turismevalles.com\/wp-content\/uploads\/2020\/11\/turismevalles4074.jpg",182,260,false],"tileview":["https:\/\/turismevalles.com\/wp-content\/uploads\/2020\/11\/turismevalles4074.jpg",280,400,false],"1536x1536":["https:\/\/turismevalles.com\/wp-content\/uploads\/2020\/11\/turismevalles4074.jpg",581,831,false],"2048x2048":["https:\/\/turismevalles.com\/wp-content\/uploads\/2020\/11\/turismevalles4074.jpg",581,831,false]},"uagb_author_info":{"display_name":"Turisme Valles","author_link":"https:\/\/turismevalles.com\/fr\/author\/"},"uagb_comment_info":0,"uagb_excerpt":"C&rsquo;est une petite ville situ\u00e9e \u00e0 12 km de Caldes de Montbui, sur le versant nord d&rsquo;El Farell, entour\u00e9 de montagnes. La vall\u00e9e de Sant ... Veure m\u00e9s","_links":{"self":[{"href":"https:\/\/turismevalles.com\/fr\/wp-json\/wp\/v2\/valles_oriental\/9766","targetHints":{"allow":["GET"]}}],"collection":[{"href":"https:\/\/turismevalles.com\/fr\/wp-json\/wp\/v2\/valles_oriental"}],"about":[{"href":"https:\/\/turismevalles.com\/fr\/wp-json\/wp\/v2\/types\/valles_oriental"}],"wp:featuredmedia":[{"embeddable":true,"href":"https:\/\/turismevalles.com\/fr\/wp-json\/wp\/v2\/media\/7754"}],"wp:attachment":[{"href":"https:\/\/turismevalles.com\/fr\/wp-json\/wp\/v2\/media?parent=9766"}],"wp:term":[{"taxonomy":"poblacions","embeddable":true,"href":"https:\/\/turismevalles.com\/fr\/wp-json\/wp\/v2\/poblacions?post=9766"},{"taxonomy":"valles_oriental_contingut","embeddable":true,"href":"https:\/\/turismevalles.com\/fr\/wp-json\/wp\/v2\/valles_oriental_contingut?post=9766"},{"taxonomy":"tipologia_estada","embeddable":true,"href":"https:\/\/turismevalles.com\/fr\/wp-json\/wp\/v2\/tipologia_estada?post=9766"}],"curies":[{"name":"wp","href":"https:\/\/api.w.org\/{rel}","templated":true}]}}

Sant Sebastià de Montmajor

<p>C&rsquo;est une petite ville située à 12 km de Caldes de Montbui, sur le versant nord d&rsquo;El Farell, entouré de montagnes. La vallée de Sant Sebastià conserve tout le charme de la nature. En cela, nous trouvons l&rsquo;église romane du XIe siècle. A l&rsquo;intérieur, on peut admirer des fresques d&rsquo;Antoni Vila Arrufat réalisées entre 1945 et 1950 et un bois de Sant Sebastià par l&rsquo;artiste Sebastià Badia.&#13;
L&rsquo;église a une seule nef avec un transept qui donne à la plante une forme de croix latine. La plante a, à l&rsquo;est, une tête triabsidiale, dans laquelle l&rsquo;abside du centre est carrée et les deux côtés végétaux semi-circulaires. À l&rsquo;extrémité midi du transept, il y a une autre abside, également avec un plan semi-circulaire. L&rsquo;abside centrale présente comme particularités les trois façades décorées. Nous soulignons la présence d&rsquo;une petite tour de tour prismatique de plante quadrangulaire, avec deux étages de fenêtres de chaque côté.</p>

<p><a href="http://turismevalles.com/ca/valles-oriental/cultura/patrimoni-valles-oriental-cat/sant-sebastia-montmajor/sant-sebastia-montmajor-caldes-de-montbui-patrimoni-cat">Plus information</a></p>

<!-- This site is optimized with the Yoast SEO plugin v26.4 - https://yoast.com/wordpress/plugins/seo/ -->
<title>Sant Sebastià de Montmajor - Turisme Vallès</title>
<meta name="robots" content="index, follow, max-snippet:-1, max-image-preview:large, max-video-preview:-1" />
<link rel="canonical" href="https://turismevalles.com/valles_oriental/sant-sebastia-de-montmajor/" />
<meta property="og:locale" content="fr_FR" />
<meta property="og:type" content="article" />
<meta property="og:title" content="Sant Sebastià de Montmajor - Turisme Vallès" />
<meta property="og:description" content="C&rsquo;est une petite ville située à 12 km de Caldes de Montbui, sur le versant nord d&rsquo;El Farell, entouré de montagnes. La vallée de Sant ... Veure més" />
<meta property="og:url" content="https://turismevalles.com/valles_oriental/sant-sebastia-de-montmajor/" />
<meta property="og:site_name" content="Turisme Vallès" />
<meta property="article:modified_time" content="2020-12-03T09:22:52+00:00" />
<meta property="og:image" content="https://turismevalles.com/wp-content/uploads/2020/11/turismevalles4074.jpg" />
	<meta property="og:image:width" content="581" />
	<meta property="og:image:height" content="831" />
	<meta property="og:image:type" content="image/jpeg" />
<meta name="twitter:card" content="summary_large_image" />
<meta name="twitter:label1" content="Durée de lecture estimée" />
	<meta name="twitter:data1" content="1 minute" />
<script type="application/ld+json" class="yoast-schema-graph">{"@context":"https://schema.org","@graph":[{"@type":"WebPage","@id":"https://turismevalles.com/valles_oriental/sant-sebastia-de-montmajor/","url":"https://turismevalles.com/valles_oriental/sant-sebastia-de-montmajor/","name":"Sant Sebastià de Montmajor - Turisme Vallès","isPartOf":{"@id":"https://turismevalles.com/en/#website"},"primaryImageOfPage":{"@id":"https://turismevalles.com/valles_oriental/sant-sebastia-de-montmajor/#primaryimage"},"image":{"@id":"https://turismevalles.com/valles_oriental/sant-sebastia-de-montmajor/#primaryimage"},"thumbnailUrl":"https://turismevalles.com/wp-content/uploads/2020/11/turismevalles4074.jpg","datePublished":"2020-12-02T08:09:02+00:00","dateModified":"2020-12-03T09:22:52+00:00","breadcrumb":{"@id":"https://turismevalles.com/valles_oriental/sant-sebastia-de-montmajor/#breadcrumb"},"inLanguage":"fr-FR","potentialAction":[{"@type":"ReadAction","target":["https://turismevalles.com/valles_oriental/sant-sebastia-de-montmajor/"]}]},{"@type":"ImageObject","inLanguage":"fr-FR","@id":"https://turismevalles.com/valles_oriental/sant-sebastia-de-montmajor/#primaryimage","url":"https://turismevalles.com/wp-content/uploads/2020/11/turismevalles4074.jpg","contentUrl":"https://turismevalles.com/wp-content/uploads/2020/11/turismevalles4074.jpg","width":581,"height":831,"caption":"Sant Sebastià de Montmajor"},{"@type":"BreadcrumbList","@id":"https://turismevalles.com/valles_oriental/sant-sebastia-de-montmajor/#breadcrumb","itemListElement":[{"@type":"ListItem","position":1,"name":"Inici","item":"https://turismevalles.com/fr/"},{"@type":"ListItem","position":2,"name":"Vallès Oriental","item":"https://turismevalles.com/valles_oriental/"},{"@type":"ListItem","position":3,"name":"Sant Sebastià de Montmajor"}]},{"@type":"WebSite","@id":"https://turismevalles.com/en/#website","url":"https://turismevalles.com/en/","name":"Turisme Vallès","description":"","publisher":{"@id":"https://turismevalles.com/en/#organization"},"potentialAction":[{"@type":"SearchAction","target":{"@type":"EntryPoint","urlTemplate":"https://turismevalles.com/en/?s={search_term_string}"},"query-input":{"@type":"PropertyValueSpecification","valueRequired":true,"valueName":"search_term_string"}}],"inLanguage":"fr-FR"},{"@type":"Organization","@id":"https://turismevalles.com/en/#organization","name":"Turisme Vallès","url":"https://turismevalles.com/en/","logo":{"@type":"ImageObject","inLanguage":"fr-FR","@id":"https://turismevalles.com/en/#/schema/logo/image/","url":"https://turismevalles.com/wp-content/uploads/2020/08/cropped-logo_ca-2.png","contentUrl":"https://turismevalles.com/wp-content/uploads/2020/08/cropped-logo_ca-2.png","width":314,"height":85,"caption":"Turisme Vallès"},"image":{"@id":"https://turismevalles.com/en/#/schema/logo/image/"}}]}</script>
<!-- / Yoast SEO plugin. -->

Sant Sebastià de Montmajor - Turisme Vallès

C&rsquo;est une petite ville située à 12 km de Caldes de Montbui, sur le versant nord d&rsquo;El Farell, entouré de montagnes. La vallée de Sant ... Veure més

Turisme Vallès

Vallès Oriental
