{"id":9841,"date":"2020-12-02T12:01:39","date_gmt":"2020-12-02T10:01:39","guid":{"rendered":"http:\/\/turismevalles.com.mialias.net\/valles_oriental\/faire-du-tourisme-responsable\/"},"modified":"2020-12-02T12:01:39","modified_gmt":"2020-12-02T10:01:39","slug":"faire-du-tourisme-responsable","status":"publish","type":"valles_oriental","link":"https:\/\/turismevalles.com\/fr\/valles_oriental\/faire-du-tourisme-responsable\/","title":{"rendered":"Faire du tourisme responsable"},"content":{"rendered":"\n<p>Vall\u00e8s Oriental est une destination responsable avec l&rsquo;environnement et ses habitants.&#13;\nSoyez \u00e9galement responsable lorsque vous nous rendez visite.&#13;\n<\/p>\n\n<p>T\u00e9l\u00e9charger le\u00a0<a href=\"http:\/\/www.manifiestoviajeroresponsable.com\/assets\/pdf\/manifiesto.pdf\" target=\"_blank\" rel=\"noopener noreferrer\">Manifeste du Voyageur Responsable.<\/a><\/p>\n","protected":false},"featured_media":13184,"template":"","poblacions":[],"valles_oriental_contingut":[329],"tipologia_estada":[],"class_list":["post-9841","valles_oriental","type-valles_oriental","status-publish","has-post-thumbnail","hentry","valles_oriental_contingut-durabilite","generate-columns","tablet-grid-50","mobile-grid-100","grid-parent","grid-33"],"acf":[],"yoast_head":"<!-- This site is optimized with the Yoast SEO plugin v26.4 - https:\/\/yoast.com\/wordpress\/plugins\/seo\/ -->\n<title>Faire du tourisme responsable - Turisme Vall\u00e8s<\/title>\n<meta name=\"robots\" content=\"index, follow, max-snippet:-1, max-image-preview:large, max-video-preview:-1\" \/>\n<link rel=\"canonical\" href=\"https:\/\/turismevalles.com\/fr\/valles_oriental\/faire-du-tourisme-responsable\/\" \/>\n<meta property=\"og:locale\" content=\"fr_FR\" \/>\n<meta property=\"og:type\" content=\"article\" \/>\n<meta property=\"og:title\" content=\"Faire du tourisme responsable - Turisme Vall\u00e8s\" \/>\n<meta property=\"og:description\" content=\"Vall\u00e8s Oriental est une destination responsable avec l&rsquo;environnement et ses habitants.&#013; Soyez \u00e9galement responsable lorsque vous nous rendez visite.&#013; T\u00e9l\u00e9charger le\u00a0Manifeste du Voyageur Responsable.\" \/>\n<meta property=\"og:url\" content=\"https:\/\/turismevalles.com\/fr\/valles_oriental\/faire-du-tourisme-responsable\/\" \/>\n<meta property=\"og:site_name\" content=\"Turisme Vall\u00e8s\" \/>\n<meta property=\"og:image\" content=\"https:\/\/turismevalles.com\/wp-content\/uploads\/2020\/11\/Pag-35-Parc-Natural-del-Montseny-Turisme-actiu-Fotograf-Manel-Cuesta-scaled.jpg\" \/>\n\t<meta property=\"og:image:width\" content=\"2560\" \/>\n\t<meta property=\"og:image:height\" content=\"1707\" \/>\n\t<meta property=\"og:image:type\" content=\"image\/jpeg\" \/>\n<meta name=\"twitter:card\" content=\"summary_large_image\" \/>\n<script type=\"application\/ld+json\" class=\"yoast-schema-graph\">{\"@context\":\"https:\/\/schema.org\",\"@graph\":[{\"@type\":\"WebPage\",\"@id\":\"https:\/\/turismevalles.com\/fr\/valles_oriental\/faire-du-tourisme-responsable\/\",\"url\":\"https:\/\/turismevalles.com\/fr\/valles_oriental\/faire-du-tourisme-responsable\/\",\"name\":\"Faire du tourisme responsable - Turisme Vall\u00e8s\",\"isPartOf\":{\"@id\":\"https:\/\/turismevalles.com\/en\/#website\"},\"primaryImageOfPage\":{\"@id\":\"https:\/\/turismevalles.com\/fr\/valles_oriental\/faire-du-tourisme-responsable\/#primaryimage\"},\"image\":{\"@id\":\"https:\/\/turismevalles.com\/fr\/valles_oriental\/faire-du-tourisme-responsable\/#primaryimage\"},\"thumbnailUrl\":\"https:\/\/turismevalles.com\/wp-content\/uploads\/2020\/11\/Pag-35-Parc-Natural-del-Montseny-Turisme-actiu-Fotograf-Manel-Cuesta-scaled.jpg\",\"datePublished\":\"2020-12-02T10:01:39+00:00\",\"breadcrumb\":{\"@id\":\"https:\/\/turismevalles.com\/fr\/valles_oriental\/faire-du-tourisme-responsable\/#breadcrumb\"},\"inLanguage\":\"fr-FR\",\"potentialAction\":[{\"@type\":\"ReadAction\",\"target\":[\"https:\/\/turismevalles.com\/fr\/valles_oriental\/faire-du-tourisme-responsable\/\"]}]},{\"@type\":\"ImageObject\",\"inLanguage\":\"fr-FR\",\"@id\":\"https:\/\/turismevalles.com\/fr\/valles_oriental\/faire-du-tourisme-responsable\/#primaryimage\",\"url\":\"https:\/\/turismevalles.com\/wp-content\/uploads\/2020\/11\/Pag-35-Parc-Natural-del-Montseny-Turisme-actiu-Fotograf-Manel-Cuesta-scaled.jpg\",\"contentUrl\":\"https:\/\/turismevalles.com\/wp-content\/uploads\/2020\/11\/Pag-35-Parc-Natural-del-Montseny-Turisme-actiu-Fotograf-Manel-Cuesta-scaled.jpg\",\"width\":2560,\"height\":1707},{\"@type\":\"BreadcrumbList\",\"@id\":\"https:\/\/turismevalles.com\/fr\/valles_oriental\/faire-du-tourisme-responsable\/#breadcrumb\",\"itemListElement\":[{\"@type\":\"ListItem\",\"position\":1,\"name\":\"Inici\",\"item\":\"https:\/\/turismevalles.com\/fr\/\"},{\"@type\":\"ListItem\",\"position\":2,\"name\":\"Vall\u00e8s Oriental\",\"item\":\"https:\/\/turismevalles.com\/valles_oriental\/\"},{\"@type\":\"ListItem\",\"position\":3,\"name\":\"Faire du tourisme responsable\"}]},{\"@type\":\"WebSite\",\"@id\":\"https:\/\/turismevalles.com\/en\/#website\",\"url\":\"https:\/\/turismevalles.com\/en\/\",\"name\":\"Turisme Vall\u00e8s\",\"description\":\"\",\"publisher\":{\"@id\":\"https:\/\/turismevalles.com\/en\/#organization\"},\"potentialAction\":[{\"@type\":\"SearchAction\",\"target\":{\"@type\":\"EntryPoint\",\"urlTemplate\":\"https:\/\/turismevalles.com\/en\/?s={search_term_string}\"},\"query-input\":{\"@type\":\"PropertyValueSpecification\",\"valueRequired\":true,\"valueName\":\"search_term_string\"}}],\"inLanguage\":\"fr-FR\"},{\"@type\":\"Organization\",\"@id\":\"https:\/\/turismevalles.com\/en\/#organization\",\"name\":\"Turisme Vall\u00e8s\",\"url\":\"https:\/\/turismevalles.com\/en\/\",\"logo\":{\"@type\":\"ImageObject\",\"inLanguage\":\"fr-FR\",\"@id\":\"https:\/\/turismevalles.com\/en\/#\/schema\/logo\/image\/\",\"url\":\"https:\/\/turismevalles.com\/wp-content\/uploads\/2020\/08\/cropped-logo_ca-2.png\",\"contentUrl\":\"https:\/\/turismevalles.com\/wp-content\/uploads\/2020\/08\/cropped-logo_ca-2.png\",\"width\":314,\"height\":85,\"caption\":\"Turisme Vall\u00e8s\"},\"image\":{\"@id\":\"https:\/\/turismevalles.com\/en\/#\/schema\/logo\/image\/\"}}]}<\/script>\n<!-- \/ Yoast SEO plugin. -->","yoast_head_json":{"title":"Faire du tourisme responsable - Turisme Vall\u00e8s","robots":{"index":"index","follow":"follow","max-snippet":"max-snippet:-1","max-image-preview":"max-image-preview:large","max-video-preview":"max-video-preview:-1"},"canonical":"https:\/\/turismevalles.com\/fr\/valles_oriental\/faire-du-tourisme-responsable\/","og_locale":"fr_FR","og_type":"article","og_title":"Faire du tourisme responsable - Turisme Vall\u00e8s","og_description":"Vall\u00e8s Oriental est une destination responsable avec l&rsquo;environnement et ses habitants.&#13; Soyez \u00e9galement responsable lorsque vous nous rendez visite.&#13; T\u00e9l\u00e9charger le\u00a0Manifeste du Voyageur Responsable.","og_url":"https:\/\/turismevalles.com\/fr\/valles_oriental\/faire-du-tourisme-responsable\/","og_site_name":"Turisme Vall\u00e8s","og_image":[{"width":2560,"height":1707,"url":"https:\/\/turismevalles.com\/wp-content\/uploads\/2020\/11\/Pag-35-Parc-Natural-del-Montseny-Turisme-actiu-Fotograf-Manel-Cuesta-scaled.jpg","type":"image\/jpeg"}],"twitter_card":"summary_large_image","schema":{"@context":"https:\/\/schema.org","@graph":[{"@type":"WebPage","@id":"https:\/\/turismevalles.com\/fr\/valles_oriental\/faire-du-tourisme-responsable\/","url":"https:\/\/turismevalles.com\/fr\/valles_oriental\/faire-du-tourisme-responsable\/","name":"Faire du tourisme responsable - Turisme Vall\u00e8s","isPartOf":{"@id":"https:\/\/turismevalles.com\/en\/#website"},"primaryImageOfPage":{"@id":"https:\/\/turismevalles.com\/fr\/valles_oriental\/faire-du-tourisme-responsable\/#primaryimage"},"image":{"@id":"https:\/\/turismevalles.com\/fr\/valles_oriental\/faire-du-tourisme-responsable\/#primaryimage"},"thumbnailUrl":"https:\/\/turismevalles.com\/wp-content\/uploads\/2020\/11\/Pag-35-Parc-Natural-del-Montseny-Turisme-actiu-Fotograf-Manel-Cuesta-scaled.jpg","datePublished":"2020-12-02T10:01:39+00:00","breadcrumb":{"@id":"https:\/\/turismevalles.com\/fr\/valles_oriental\/faire-du-tourisme-responsable\/#breadcrumb"},"inLanguage":"fr-FR","potentialAction":[{"@type":"ReadAction","target":["https:\/\/turismevalles.com\/fr\/valles_oriental\/faire-du-tourisme-responsable\/"]}]},{"@type":"ImageObject","inLanguage":"fr-FR","@id":"https:\/\/turismevalles.com\/fr\/valles_oriental\/faire-du-tourisme-responsable\/#primaryimage","url":"https:\/\/turismevalles.com\/wp-content\/uploads\/2020\/11\/Pag-35-Parc-Natural-del-Montseny-Turisme-actiu-Fotograf-Manel-Cuesta-scaled.jpg","contentUrl":"https:\/\/turismevalles.com\/wp-content\/uploads\/2020\/11\/Pag-35-Parc-Natural-del-Montseny-Turisme-actiu-Fotograf-Manel-Cuesta-scaled.jpg","width":2560,"height":1707},{"@type":"BreadcrumbList","@id":"https:\/\/turismevalles.com\/fr\/valles_oriental\/faire-du-tourisme-responsable\/#breadcrumb","itemListElement":[{"@type":"ListItem","position":1,"name":"Inici","item":"https:\/\/turismevalles.com\/fr\/"},{"@type":"ListItem","position":2,"name":"Vall\u00e8s Oriental","item":"https:\/\/turismevalles.com\/valles_oriental\/"},{"@type":"ListItem","position":3,"name":"Faire du tourisme responsable"}]},{"@type":"WebSite","@id":"https:\/\/turismevalles.com\/en\/#website","url":"https:\/\/turismevalles.com\/en\/","name":"Turisme Vall\u00e8s","description":"","publisher":{"@id":"https:\/\/turismevalles.com\/en\/#organization"},"potentialAction":[{"@type":"SearchAction","target":{"@type":"EntryPoint","urlTemplate":"https:\/\/turismevalles.com\/en\/?s={search_term_string}"},"query-input":{"@type":"PropertyValueSpecification","valueRequired":true,"valueName":"search_term_string"}}],"inLanguage":"fr-FR"},{"@type":"Organization","@id":"https:\/\/turismevalles.com\/en\/#organization","name":"Turisme Vall\u00e8s","url":"https:\/\/turismevalles.com\/en\/","logo":{"@type":"ImageObject","inLanguage":"fr-FR","@id":"https:\/\/turismevalles.com\/en\/#\/schema\/logo\/image\/","url":"https:\/\/turismevalles.com\/wp-content\/uploads\/2020\/08\/cropped-logo_ca-2.png","contentUrl":"https:\/\/turismevalles.com\/wp-content\/uploads\/2020\/08\/cropped-logo_ca-2.png","width":314,"height":85,"caption":"Turisme Vall\u00e8s"},"image":{"@id":"https:\/\/turismevalles.com\/en\/#\/schema\/logo\/image\/"}}]}},"uagb_featured_image_src":{"full":["https:\/\/turismevalles.com\/wp-content\/uploads\/2020\/11\/Pag-35-Parc-Natural-del-Montseny-Turisme-actiu-Fotograf-Manel-Cuesta-scaled.jpg",2560,1707,false],"thumbnail":["https:\/\/turismevalles.com\/wp-content\/uploads\/2020\/11\/Pag-35-Parc-Natural-del-Montseny-Turisme-actiu-Fotograf-Manel-Cuesta-150x150.jpg",150,150,true],"medium":["https:\/\/turismevalles.com\/wp-content\/uploads\/2020\/11\/Pag-35-Parc-Natural-del-Montseny-Turisme-actiu-Fotograf-Manel-Cuesta-300x200.jpg",300,200,true],"medium_large":["https:\/\/turismevalles.com\/wp-content\/uploads\/2020\/11\/Pag-35-Parc-Natural-del-Montseny-Turisme-actiu-Fotograf-Manel-Cuesta-768x512.jpg",768,512,true],"large":["https:\/\/turismevalles.com\/wp-content\/uploads\/2020\/11\/Pag-35-Parc-Natural-del-Montseny-Turisme-actiu-Fotograf-Manel-Cuesta-1024x683.jpg",1024,683,true],"thumblist":["https:\/\/turismevalles.com\/wp-content\/uploads\/2020\/11\/Pag-35-Parc-Natural-del-Montseny-Turisme-actiu-Fotograf-Manel-Cuesta-300x300.jpg",300,300,true],"meccarouselthumb":["https:\/\/turismevalles.com\/wp-content\/uploads\/2020\/11\/Pag-35-Parc-Natural-del-Montseny-Turisme-actiu-Fotograf-Manel-Cuesta-474x324.jpg",474,324,true],"gridsquare":["https:\/\/turismevalles.com\/wp-content\/uploads\/2020\/11\/Pag-35-Parc-Natural-del-Montseny-Turisme-actiu-Fotograf-Manel-Cuesta-391x260.jpg",391,260,true],"tileview":["https:\/\/turismevalles.com\/wp-content\/uploads\/2020\/11\/Pag-35-Parc-Natural-del-Montseny-Turisme-actiu-Fotograf-Manel-Cuesta-300x400.jpg",300,400,true],"1536x1536":["https:\/\/turismevalles.com\/wp-content\/uploads\/2020\/11\/Pag-35-Parc-Natural-del-Montseny-Turisme-actiu-Fotograf-Manel-Cuesta-1536x1024.jpg",1536,1024,true],"2048x2048":["https:\/\/turismevalles.com\/wp-content\/uploads\/2020\/11\/Pag-35-Parc-Natural-del-Montseny-Turisme-actiu-Fotograf-Manel-Cuesta-2048x1365.jpg",2048,1365,true]},"uagb_author_info":{"display_name":"Turisme Valles","author_link":"https:\/\/turismevalles.com\/fr\/author\/"},"uagb_comment_info":0,"uagb_excerpt":"Vall\u00e8s Oriental est une destination responsable avec l&rsquo;environnement et ses habitants.&#13; Soyez \u00e9galement responsable lorsque vous nous rendez visite.&#13; T\u00e9l\u00e9charger le\u00a0Manifeste du Voyageur Responsable.","_links":{"self":[{"href":"https:\/\/turismevalles.com\/fr\/wp-json\/wp\/v2\/valles_oriental\/9841","targetHints":{"allow":["GET"]}}],"collection":[{"href":"https:\/\/turismevalles.com\/fr\/wp-json\/wp\/v2\/valles_oriental"}],"about":[{"href":"https:\/\/turismevalles.com\/fr\/wp-json\/wp\/v2\/types\/valles_oriental"}],"wp:featuredmedia":[{"embeddable":true,"href":"https:\/\/turismevalles.com\/fr\/wp-json\/wp\/v2\/media\/13184"}],"wp:attachment":[{"href":"https:\/\/turismevalles.com\/fr\/wp-json\/wp\/v2\/media?parent=9841"}],"wp:term":[{"taxonomy":"poblacions","embeddable":true,"href":"https:\/\/turismevalles.com\/fr\/wp-json\/wp\/v2\/poblacions?post=9841"},{"taxonomy":"valles_oriental_contingut","embeddable":true,"href":"https:\/\/turismevalles.com\/fr\/wp-json\/wp\/v2\/valles_oriental_contingut?post=9841"},{"taxonomy":"tipologia_estada","embeddable":true,"href":"https:\/\/turismevalles.com\/fr\/wp-json\/wp\/v2\/tipologia_estada?post=9841"}],"curies":[{"name":"wp","href":"https:\/\/api.w.org\/{rel}","templated":true}]}}

<p>Vallès Oriental est une destination responsable avec l&rsquo;environnement et ses habitants.&#13;
Soyez également responsable lorsque vous nous rendez visite.&#13;
</p>

<p>Télécharger le <a href="http://www.manifiestoviajeroresponsable.com/assets/pdf/manifiesto.pdf" target="_blank" rel="noopener noreferrer">Manifeste du Voyageur Responsable.</a></p>

<!-- This site is optimized with the Yoast SEO plugin v26.4 - https://yoast.com/wordpress/plugins/seo/ -->
<title>Faire du tourisme responsable - Turisme Vallès</title>
<meta name="robots" content="index, follow, max-snippet:-1, max-image-preview:large, max-video-preview:-1" />
<link rel="canonical" href="https://turismevalles.com/fr/valles_oriental/faire-du-tourisme-responsable/" />
<meta property="og:locale" content="fr_FR" />
<meta property="og:type" content="article" />
<meta property="og:title" content="Faire du tourisme responsable - Turisme Vallès" />
<meta property="og:description" content="Vallès Oriental est une destination responsable avec l&rsquo;environnement et ses habitants.&#013; Soyez également responsable lorsque vous nous rendez visite.&#013; Télécharger le Manifeste du Voyageur Responsable." />
<meta property="og:url" content="https://turismevalles.com/fr/valles_oriental/faire-du-tourisme-responsable/" />
<meta property="og:site_name" content="Turisme Vallès" />
<meta property="og:image" content="https://turismevalles.com/wp-content/uploads/2020/11/Pag-35-Parc-Natural-del-Montseny-Turisme-actiu-Fotograf-Manel-Cuesta-scaled.jpg" />
	<meta property="og:image:width" content="2560" />
	<meta property="og:image:height" content="1707" />
	<meta property="og:image:type" content="image/jpeg" />
<meta name="twitter:card" content="summary_large_image" />
<script type="application/ld+json" class="yoast-schema-graph">{"@context":"https://schema.org","@graph":[{"@type":"WebPage","@id":"https://turismevalles.com/fr/valles_oriental/faire-du-tourisme-responsable/","url":"https://turismevalles.com/fr/valles_oriental/faire-du-tourisme-responsable/","name":"Faire du tourisme responsable - Turisme Vallès","isPartOf":{"@id":"https://turismevalles.com/en/#website"},"primaryImageOfPage":{"@id":"https://turismevalles.com/fr/valles_oriental/faire-du-tourisme-responsable/#primaryimage"},"image":{"@id":"https://turismevalles.com/fr/valles_oriental/faire-du-tourisme-responsable/#primaryimage"},"thumbnailUrl":"https://turismevalles.com/wp-content/uploads/2020/11/Pag-35-Parc-Natural-del-Montseny-Turisme-actiu-Fotograf-Manel-Cuesta-scaled.jpg","datePublished":"2020-12-02T10:01:39+00:00","breadcrumb":{"@id":"https://turismevalles.com/fr/valles_oriental/faire-du-tourisme-responsable/#breadcrumb"},"inLanguage":"fr-FR","potentialAction":[{"@type":"ReadAction","target":["https://turismevalles.com/fr/valles_oriental/faire-du-tourisme-responsable/"]}]},{"@type":"ImageObject","inLanguage":"fr-FR","@id":"https://turismevalles.com/fr/valles_oriental/faire-du-tourisme-responsable/#primaryimage","url":"https://turismevalles.com/wp-content/uploads/2020/11/Pag-35-Parc-Natural-del-Montseny-Turisme-actiu-Fotograf-Manel-Cuesta-scaled.jpg","contentUrl":"https://turismevalles.com/wp-content/uploads/2020/11/Pag-35-Parc-Natural-del-Montseny-Turisme-actiu-Fotograf-Manel-Cuesta-scaled.jpg","width":2560,"height":1707},{"@type":"BreadcrumbList","@id":"https://turismevalles.com/fr/valles_oriental/faire-du-tourisme-responsable/#breadcrumb","itemListElement":[{"@type":"ListItem","position":1,"name":"Inici","item":"https://turismevalles.com/fr/"},{"@type":"ListItem","position":2,"name":"Vallès Oriental","item":"https://turismevalles.com/valles_oriental/"},{"@type":"ListItem","position":3,"name":"Faire du tourisme responsable"}]},{"@type":"WebSite","@id":"https://turismevalles.com/en/#website","url":"https://turismevalles.com/en/","name":"Turisme Vallès","description":"","publisher":{"@id":"https://turismevalles.com/en/#organization"},"potentialAction":[{"@type":"SearchAction","target":{"@type":"EntryPoint","urlTemplate":"https://turismevalles.com/en/?s={search_term_string}"},"query-input":{"@type":"PropertyValueSpecification","valueRequired":true,"valueName":"search_term_string"}}],"inLanguage":"fr-FR"},{"@type":"Organization","@id":"https://turismevalles.com/en/#organization","name":"Turisme Vallès","url":"https://turismevalles.com/en/","logo":{"@type":"ImageObject","inLanguage":"fr-FR","@id":"https://turismevalles.com/en/#/schema/logo/image/","url":"https://turismevalles.com/wp-content/uploads/2020/08/cropped-logo_ca-2.png","contentUrl":"https://turismevalles.com/wp-content/uploads/2020/08/cropped-logo_ca-2.png","width":314,"height":85,"caption":"Turisme Vallès"},"image":{"@id":"https://turismevalles.com/en/#/schema/logo/image/"}}]}</script>
<!-- / Yoast SEO plugin. -->

Faire du tourisme responsable - Turisme Vallès

Vallès Oriental est une destination responsable avec l&rsquo;environnement et ses habitants.&#13; Soyez également responsable lorsque vous nous rendez visite.&#13; Télécharger le Manifeste du Voyageur Responsable.

Turisme Vallès

Vallès Oriental
